Pod-Weaver-Section-SQL v0.03 Perl 5 v5.34.1 amd64-freebsd-ld
- Status
- Fail
- From
- Slaven Rezić
- Dist
-
Pod-Weaver-Section-SQL v0.03
- Platform
- Perl 5 v5.34.1 amd64-freebsd-ld
- Date
- 2022-10-17 06:55:46
- ID
- b9c3e7f2-4de8-11ed-8b2a-b6ea6d8775ea
This distribution has been tested as part of the CPAN Testers
project, supporting the Perl programming language. See
http://wiki.cpantesters.org/ for more information or email
questions to cpan-testers-discuss@perl.org
--
Dear Armand Leclercq,
This is a computer-generated report for Pod-Weaver-Section-SQL-0.03
on perl 5.34.1, created by CPAN-Reporter-1.2018.
Thank you for uploading your work to CPAN. However, there was a problem
testing your distribution.
If you think this report is invalid, please consult the CPAN Testers Wiki
for suggestions on how to avoid getting FAIL reports for missing library
or binary dependencies, unsupported operating systems, and so on:
http://wiki.cpantesters.org/wiki/CPANAuthorNotes
Sections of this report:
* Tester comments
* Program output
* Prerequisites
* Environment and other context
------------------------------
TESTER COMMENTS
------------------------------
Additional comments from tester:
none provided
------------------------------
PROGRAM OUTPUT
------------------------------
Output from '/usr/bin/make test':
PERL_DL_NONLAZY=1 "/usr/perl5.34.1Dp/bin/perl" "-MExtUtils::Command::MM" "-MTest::Harness" "-e" "undef *Test::Harness::Switches; test_harness(0, 'blib/lib', 'blib/arch')" t/*.t
t/01_files.t ........... ok
t/02_configurations.t .. ok
# Failed test 'We got exactly the expected pod for t/files/sql/abstract/insert.in.pod'
# at t/03_sql_abstract.t line 61.
# +---+----------------------------------------------------------+-------------------------------------------------------------+
# | Ln|Got |Expected |
# +---+----------------------------------------------------------+-------------------------------------------------------------+
# | 24| | |
# | 25|=head1 SQL |=head1 SQL |
# | 26| | |
# * 27|B<INSERT> B<INTO> toto_table (id, name) B<VALUES> (?, ?) |B<INSERT> B<INTO> toto_table ( id, name) B<VALUES> ( ?, ? ) *
# | 28| | |
# | 29|=cut |=cut |
# | 30|' |' |
# +---+----------------------------------------------------------+-------------------------------------------------------------+
# Failed test 'We got exactly the expected pod for t/files/sql/abstract/delete.in.pod'
# at t/03_sql_abstract.t line 61.
# +---+-------------------------------------------------+-----------------------------------------------------+
# | Ln|Got |Expected |
# +---+-------------------------------------------------+-----------------------------------------------------+
# | 24| | |
# | 25|=head1 SQL |=head1 SQL |
# | 26| | |
# * 27|B<DELETE> B<FROM> toto_table B<WHERE> id B<=> ? |B<DELETE> B<FROM> toto_table B<WHERE> ( id B<=> ? ) *
# | 28| | |
# | 29|=cut |=cut |
# | 30|' |' |
# +---+-------------------------------------------------+-----------------------------------------------------+
# Looks like you failed 2 tests of 4.
t/03_sql_abstract.t ....
Dubious, test returned 2 (wstat 512, 0x200)
Failed 2/4 subtests
Test Summary Report
-------------------
t/03_sql_abstract.t (Wstat: 512 (exited 2) Tests: 4 Failed: 2)
Failed tests: 2, 4
Non-zero exit status: 2
Files=3, Tests=20, 3 wallclock secs ( 0.02 usr 0.01 sys + 2.12 cusr 0.19 csys = 2.33 CPU)
Result: FAIL
Failed 1/3 test programs. 2/20 subtests failed.
*** Error code 2
Stop.
make: stopped in /usr/home/cpansand/.cpan/build/2022101705/Pod-Weaver-Section-SQL-0.03-2
------------------------------
PREREQUISITES
------------------------------
Prerequisite modules loaded:
requires:
Module Need Have
------------------------------------- ----- --------
Carp 0 1.52
List::Util 1.33 1.63
Moose 0 2.2201
Pod::Elemental::Selectors 0 0.103005
Pod::Elemental::Transformer::Gatherer 0 0.103005
Pod::Elemental::Transformer::Nester 0 0.103005
Pod::Weaver 4.002 4.018
Pod::Weaver::Role::Section 0 4.018
Pod::Weaver::Role::Transformer 0 4.018
SQL::Abstract 0 2.000001
SQL::Statement 0 1.414
strict 0 1.12
warnings 0 1.51
build_requires:
Module Need Have
------------------------------------- ----- --------
Pod::Weaver 4.002 4.018
PPI 0 1.276
Software::License::Artistic_1_0 0 0.104001
Test::Differences 0 0.69
Test::More 0 1.302191
configure_requires:
Module Need Have
------------------------------------- ----- --------
ExtUtils::MakeMaker 6.30 7.64
------------------------------
ENVIRONMENT AND OTHER CONTEXT
------------------------------
Environment variables:
PATH = /usr/local/bin:/usr/bin:/bin:/usr/local/sbin:/usr/sbin:/sbin:/home/cpansand/bin/freebsd13.1:/home/cpansand/bin/sh:/home/cpansand/bin:/usr/games:/home/cpansand/devel:/usr/home/eserte/src/srezic-misc/scripts
PERL5LIB = /home/cpansand/.cpan/build/2022101705/SQL-Statement-1.414-0/blib/arch:/home/cpansand/.cpan/build/2022101705/SQL-Statement-1.414-0/blib/lib:/home/cpansand/.cpan/build/2022101705/Math-Base-Convert-0.11-0/blib/arch:/home/cpansand/.cpan/build/2022101705/Math-Base-Convert-0.11-0/blib/lib
PERL5OPT =
PERL5_CPANPLUS_IS_RUNNING = 7914
PERL5_CPAN_IS_RUNNING = 7914
PERL5_CPAN_IS_RUNNING_IN_RECURSION = 6151,7914
PERLDOC = -MPod::Perldoc::ToTextOverstrike
PERL_BATCH = yes
PERL_CANARY_STABILITY_NOPROMPT = 1
PERL_CPAN_REPORTER_CONFIG = /var/tmp/cpansmoker-1023/2022101705/cpanreporter_000_config.ini
PERL_EXTUTILS_AUTOINSTALL = --defaultdeps
PERL_USE_UNSAFE_INC = 1
SHELL = /usr/local/bin/zsh
TERM = screen
TMPDIR = /var/tmp/cpansmoker-1023/2022101705
Perl special variables (and OS-specific diagnostics, for MSWin32):
$^X = /usr/perl5.34.1Dp/bin/perl
$UID/$EUID = 1023 / 1023
$GID = 1023 1023
$EGID = 1023 1023
Perl module toolchain versions installed:
Module Have
------------------- --------
CPAN 2.34
CPAN::Meta 2.150010
Cwd 3.80
ExtUtils::CBuilder 0.280236
ExtUtils::Command 7.64
ExtUtils::Install 2.20
ExtUtils::MakeMaker 7.64
ExtUtils::Manifest 1.73
ExtUtils::ParseXS 3.43
File::Spec 3.80
JSON 4.09
JSON::PP 4.12
Module::Build 0.4231
Module::Signature n/a
Parse::CPAN::Meta 2.150010
Test::Harness 3.44
Test::More 1.302191
YAML 1.30
YAML::Syck 1.34
version 0.9929
--
Summary of my perl5 (revision 5 version 34 subversion 1) configuration:
Platform:
osname=freebsd
osvers=13.1-stable
archname=amd64-freebsd-ld
uname='freebsd cloud10.bbbike.org 13.1-stable freebsd 13.1-stable #9 stable13-n250044-4a11315a2c3f: sat mar 19 11:19:46 utc 2022 root@cloud10.bbbike.org:usrobjusrhomeprojectsfreebsdamd64.amd64sysgeneric amd64 '
config_args='-ds -e -Dprefix=/usr/perl5.34.1Dp -Duselongdouble -Dcf_email=srezic@cpan.org -Doptimize=-O2 -pipe'
hint=recommended
useposix=true
d_sigaction=define
useithreads=undef
usemultiplicity=undef
use64bitint=define
use64bitall=define
uselongdouble=define
usemymalloc=n
default_inc_excludes_dot=define
Compiler:
cc='cc'
ccflags ='-DHAS_FPSETMASK -DHAS_FLOATINGPOINT_H -fno-strict-aliasing -pipe -fstack-protector-strong -I/usr/local/include'
optimize='-O2 -pipe'
cppflags='-DHAS_FPSETMASK -DHAS_FLOATINGPOINT_H -fno-strict-aliasing -pipe -fstack-protector-strong -I/usr/local/include'
ccversion=''
gccversion='FreeBSD Clang 13.0.0 (git@github.com:llvm/llvm-project.git llvmorg-13.0.0-0-gd7b669b3a303)'
gccosandvers=''
intsize=4
longsize=8
ptrsize=8
doublesize=8
byteorder=12345678
doublekind=3
d_longlong=define
longlongsize=8
d_longdbl=define
longdblsize=16
longdblkind=3
ivtype='long'
ivsize=8
nvtype='long double'
nvsize=16
Off_t='off_t'
lseeksize=8
alignbytes=16
prototype=define
Linker and Libraries:
ld='cc'
ldflags ='-pthread -Wl,-E -fstack-protector-strong -L/usr/local/lib'
libpth=/usr/lib /usr/local/lib /usr/lib/clang/13.0.0/lib
libs=-lpthread -lgdbm -ldl -lm -lcrypt -lutil -lc
perllibs=-lpthread -ldl -lm -lcrypt -lutil -lc
libc=
so=so
useshrplib=false
libperl=libperl.a
gnulibc_version=''
Dynamic Linking:
dlsrc=dl_dlopen.xs
dlext=so
d_dlsymun=undef
ccdlflags=' '
cccdlflags='-DPIC -fPIC'
lddlflags='-shared -L/usr/local/lib -fstack-protector-strong'
Characteristics of this binary (from libperl):
Compile-time options:
HAS_TIMES
PERLIO_LAYERS
PERL_COPY_ON_WRITE
PERL_DONT_CREATE_GVSV
PERL_MALLOC_WRAP
PERL_OP_PARENT
PERL_PRESERVE_IVUV
USE_64_BIT_ALL
USE_64_BIT_INT
USE_LARGE_FILES
USE_LOCALE
USE_LOCALE_COLLATE
USE_LOCALE_CTYPE
USE_LOCALE_NUMERIC
USE_LOCALE_TIME
USE_LONG_DOUBLE
USE_PERLIO
USE_PERL_ATOF
Built under freebsd
Compiled at Mar 25 2022 22:31:21
%ENV:
PERL5LIB="/home/cpansand/.cpan/build/2022101705/SQL-Statement-1.414-0/blib/arch:/home/cpansand/.cpan/build/2022101705/SQL-Statement-1.414-0/blib/lib:/home/cpansand/.cpan/build/2022101705/Math-Base-Convert-0.11-0/blib/arch:/home/cpansand/.cpan/build/2022101705/Math-Base-Convert-0.11-0/blib/lib"
PERL5OPT=""
PERL5_CPANPLUS_IS_RUNNING="7914"
PERL5_CPAN_IS_RUNNING="7914"
PERL5_CPAN_IS_RUNNING_IN_RECURSION="6151,7914"
PERLDOC="-MPod::Perldoc::ToTextOverstrike"
PERL_BATCH="yes"
PERL_CANARY_STABILITY_NOPROMPT="1"
PERL_CPAN_REPORTER_CONFIG="/var/tmp/cpansmoker-1023/2022101705/cpanreporter_000_config.ini"
PERL_EXTUTILS_AUTOINSTALL="--defaultdeps"
PERL_USE_UNSAFE_INC="1"
@INC:
/home/cpansand/.cpan/build/2022101705/SQL-Statement-1.414-0/blib/arch
/home/cpansand/.cpan/build/2022101705/SQL-Statement-1.414-0/blib/lib
/home/cpansand/.cpan/build/2022101705/Math-Base-Convert-0.11-0/blib/arch
/home/cpansand/.cpan/build/2022101705/Math-Base-Convert-0.11-0/blib/lib
/usr/perl5.34.1Dp/lib/site_perl/5.34.1/amd64-freebsd-ld
/usr/perl5.34.1Dp/lib/site_perl/5.34.1
/usr/perl5.34.1Dp/lib/5.34.1/amd64-freebsd-ld
/usr/perl5.34.1Dp/lib/5.34.1
.