Back
From: metabase:user:320bfe00-2aae-11df-837a-5e0a49663a4f
Subject: FAIL HTML-StickyForm-0.08 v5.12.5 GNU/Linux
Date: 2017-07-09T00:08:24Z
This distribution has been tested as part of the CPAN Testers
project, supporting the Perl programming language. See
http://wiki.cpantesters.org/ for more information or email
questions to cpan-testers-discuss@perl.org
--
Dear Peter Haworth,
This is a computer-generated report for HTML-StickyForm-0.08
on perl 5.12.5, created by CPAN-Reporter-1.2018.
Thank you for uploading your work to CPAN. However, there was a problem
testing your distribution.
If you think this report is invalid, please consult the CPAN Testers Wiki
for suggestions on how to avoid getting FAIL reports for missing library
or binary dependencies, unsupported operating systems, and so on:
http://wiki.cpantesters.org/wiki/CPANAuthorNotes
Sections of this report:
* Tester comments
* Program output
* Prerequisites
* Environment and other context
------------------------------
TESTER COMMENTS
------------------------------
Additional comments from tester:
this report is from an automated smoke testing program
and was not reviewed by a human for accuracy
------------------------------
PROGRAM OUTPUT
------------------------------
Output from '/usr/bin/make test':
PERL_DL_NONLAZY=1 "/home/sand/src/perl/repoperls/installed-perls/host/k93msid/v5.12.5/89ad/bin/perl" "-MExtUtils::Command::MM" "-MTest::Harness" "-e" "undef *Test::Harness::Switches; test_harness(0, 'blib/lib', 'blib/arch')" t/*.t t/lib/Test/XML/*.t
t/00manifest.t .......... ok
t/00requesthash.t ....... ok
t/00use.t ............... ok
t/00use_old.t ........... ok
t/10_args.t ............. ok
t/10_escape.t ........... ok
t/10sticky.t ............ ok
t/10values_as_labels.t .. ok
t/10well_formed.t ....... ok
# Failed test 'no warnings'
# at /home/sand/src/perl/repoperls/installed-perls/host/k93msid/v5.12.5/89ad/lib/site_perl/5.12.5/Test/Builder.pm line 129.
# There were 1 warning(s)
# Previous test 5 'empty (empty, flat))'
# CGI::param called in list context from /tmp/loop_over_bdir-24241-kl6nOL/HTML-StickyForm-0.08-0/blib/lib/HTML/StickyForm.pm line 467, this can lead to vulnerabilities. See the warning in "Fetching the value or values of a single named parameter" at /home/sand/src/perl/repoperls/installed-perls/host/k93msid/v5.12.5/89ad/lib/site_perl/5.12.5/CGI.pm line 412.
# at /home/sand/src/perl/repoperls/installed-perls/host/k93msid/v5.12.5/89ad/lib/site_perl/5.12.5/CGI.pm line 412.
# CGI::param(CGI=HASH(0x559107d0bdf0), undef) called at /tmp/loop_over_bdir-24241-kl6nOL/HTML-StickyForm-0.08-0/blib/lib/HTML/StickyForm.pm line 467
# HTML::StickyForm::checkbox(HTML::StickyForm=HASH(0x55910857c2c8), HASH(0x55910857c2f8)) called at t/20checkbox.t line 88
#
# Looks like you failed 1 test of 64.
t/20checkbox.t ..........
Dubious, test returned 1 (wstat 256, 0x100)
Failed 1/64 subtests
# Failed test 'no warnings'
# at /home/sand/src/perl/repoperls/installed-perls/host/k93msid/v5.12.5/89ad/lib/site_perl/5.12.5/Test/Builder.pm line 129.
# There were 1 warning(s)
# Previous test 5 'empty (empty, flat)'
# CGI::param called in list context from /tmp/loop_over_bdir-24241-kl6nOL/HTML-StickyForm-0.08-0/blib/lib/HTML/StickyForm.pm line 543, this can lead to vulnerabilities. See the warning in "Fetching the value or values of a single named parameter" at /home/sand/src/perl/repoperls/installed-perls/host/k93msid/v5.12.5/89ad/lib/site_perl/5.12.5/CGI.pm line 412.
# at /home/sand/src/perl/repoperls/installed-perls/host/k93msid/v5.12.5/89ad/lib/site_perl/5.12.5/CGI.pm line 412.
# CGI::param(CGI=HASH(0x55776d4f1de0), undef) called at /tmp/loop_over_bdir-24241-kl6nOL/HTML-StickyForm-0.08-0/blib/lib/HTML/StickyForm.pm line 543
# HTML::StickyForm::checkbox_group(HTML::StickyForm=HASH(0x55776d4f4628), HASH(0x55776d4f4658)) called at t/20checkbox_group.t line 152
#
# Looks like you failed 1 test of 100.
t/20checkbox_group.t ....
Dubious, test returned 1 (wstat 256, 0x100)
Failed 1/100 subtests
t/20form.t .............. ok
t/20hidden.t ............ ok
t/20password.t .......... ok
# Failed test 'no warnings'
# at /home/sand/src/perl/repoperls/installed-perls/host/k93msid/v5.12.5/89ad/lib/site_perl/5.12.5/Test/Builder.pm line 129.
# There were 1 warning(s)
# Previous test 5 'empty (empty, flat))'
# CGI::param called in list context from /tmp/loop_over_bdir-24241-kl6nOL/HTML-StickyForm-0.08-0/blib/lib/HTML/StickyForm.pm line 467, this can lead to vulnerabilities. See the warning in "Fetching the value or values of a single named parameter" at /home/sand/src/perl/repoperls/installed-perls/host/k93msid/v5.12.5/89ad/lib/site_perl/5.12.5/CGI.pm line 412.
# at /home/sand/src/perl/repoperls/installed-perls/host/k93msid/v5.12.5/89ad/lib/site_perl/5.12.5/CGI.pm line 412.
# CGI::param(CGI=HASH(0x560d46ff8df0), undef) called at /tmp/loop_over_bdir-24241-kl6nOL/HTML-StickyForm-0.08-0/blib/lib/HTML/StickyForm.pm line 467
# HTML::StickyForm::checkbox(HTML::StickyForm=HASH(0x560d478692c8), HASH(0x560d47942bb0)) called at /tmp/loop_over_bdir-24241-kl6nOL/HTML-StickyForm-0.08-0/blib/lib/HTML/StickyForm.pm line 607
# HTML::StickyForm::radio(HTML::StickyForm=HASH(0x560d478692c8), HASH(0x560d478692f8)) called at t/20radio.t line 88
#
# Looks like you failed 1 test of 64.
t/20radio.t .............
Dubious, test returned 1 (wstat 256, 0x100)
Failed 1/64 subtests
# Failed test 'no warnings'
# at /home/sand/src/perl/repoperls/installed-perls/host/k93msid/v5.12.5/89ad/lib/site_perl/5.12.5/Test/Builder.pm line 129.
# There were 1 warning(s)
# Previous test 5 'empty (empty, flat)'
# CGI::param called in list context from /tmp/loop_over_bdir-24241-kl6nOL/HTML-StickyForm-0.08-0/blib/lib/HTML/StickyForm.pm line 543, this can lead to vulnerabilities. See the warning in "Fetching the value or values of a single named parameter" at /home/sand/src/perl/repoperls/installed-perls/host/k93msid/v5.12.5/89ad/lib/site_perl/5.12.5/CGI.pm line 412.
# at /home/sand/src/perl/repoperls/installed-perls/host/k93msid/v5.12.5/89ad/lib/site_perl/5.12.5/CGI.pm line 412.
# CGI::param(CGI=HASH(0x5559838f1450), undef) called at /tmp/loop_over_bdir-24241-kl6nOL/HTML-StickyForm-0.08-0/blib/lib/HTML/StickyForm.pm line 543
# HTML::StickyForm::checkbox_group(HTML::StickyForm=HASH(0x555983afe4a0), HASH(0x555983b02780)) called at /tmp/loop_over_bdir-24241-kl6nOL/HTML-StickyForm-0.08-0/blib/lib/HTML/StickyForm.pm line 619
# HTML::StickyForm::radio_group(HTML::StickyForm=HASH(0x555983afe4a0), HASH(0x555983afe4d0)) called at t/20radio_group.t line 144
#
# Looks like you failed 1 test of 96.
t/20radio_group.t .......
Dubious, test returned 1 (wstat 256, 0x100)
Failed 1/96 subtests
t/20select.t ............ ok
t/20submit.t ............ ok
t/20text.t .............. ok
t/20textarea.t .......... ok
t/lib/Test/XML/canon.t .. ok
Test Summary Report
-------------------
t/20checkbox.t (Wstat: 256 Tests: 64 Failed: 1)
Failed test: 64
Non-zero exit status: 1
t/20checkbox_group.t (Wstat: 256 Tests: 100 Failed: 1)
Failed test: 100
Non-zero exit status: 1
t/20radio.t (Wstat: 256 Tests: 64 Failed: 1)
Failed test: 64
Non-zero exit status: 1
t/20radio_group.t (Wstat: 256 Tests: 96 Failed: 1)
Failed test: 96
Non-zero exit status: 1
Files=21, Tests=678, 9 wallclock secs ( 0.08 usr 0.15 sys + 1.97 cusr 0.48 csys = 2.68 CPU)
Result: FAIL
Failed 4/21 test programs. 4/678 subtests failed.
Makefile:864: recipe for target 'test_dynamic' failed
make: *** [test_dynamic] Error 255
------------------------------
PREREQUISITES
------------------------------
Prerequisite modules loaded:
requires:
Module Need Have
------------------- ---- --------
Carp 0 1.38
build_requires:
Module Need Have
------------------- ---- --------
blib 0 1.04
CGI 0 4.36
ExtUtils::Manifest 0 1.70
Test::Builder 0 1.302087
Test::More 0 1.302087
Test::NoWarnings 0 1.04
XML::LibXML 0 2.0129
configure_requires:
Module Need Have
------------------- ---- --------
ExtUtils::MakeMaker 6.30 7.31_02
------------------------------
ENVIRONMENT AND OTHER CONTEXT
------------------------------
Environment variables:
AUTOMATED_TESTING = 1
LANG = en_US.UTF-8
PATH = /home/sand/bin:/usr/local/bin:/usr/bin:/bin:/usr/games:/usr/local/perl/bin:/usr/X11/bin:/sbin:/usr/sbin
PERL5LIB =
PERL5OPT =
PERL5_CPANPLUS_IS_RUNNING = 24255
PERL5_CPAN_IS_RUNNING = 24255
PERL_CANARY_STABILITY_NOPROMPT = 1
PERL_MM_USE_DEFAULT = 1
PERL_USE_UNSAFE_INC = 1
SHELL = /usr/bin/zsh
TERM = screen
Perl special variables (and OS-specific diagnostics, for MSWin32):
$^X = /home/sand/src/perl/repoperls/installed-perls/host/k93msid/v5.12.5/89ad/bin/perl
$UID/$EUID = 1005 / 1005
$GID = 1005 1005
$EGID = 1005 1005
Perl module toolchain versions installed:
Module Have
------------------- --------
CPAN 2.18
CPAN::Meta 2.150010
Cwd 3.62
ExtUtils::CBuilder 0.280224
ExtUtils::Command 7.31_02
ExtUtils::Install 2.14
ExtUtils::MakeMaker 7.31_02
ExtUtils::Manifest 1.70
ExtUtils::ParseXS 3.30
File::Spec 3.62
JSON 2.94
JSON::PP 2.94
Module::Build 0.4224
Module::Signature 0.81
Parse::CPAN::Meta 1.4422
Test::Harness 3.39
Test::More 1.302087
YAML 1.23
YAML::Syck 1.30
version 0.9917
--
Summary of my perl5 (revision 5 version 12 subversion 5) configuration:
Derived from: 9a9cbd715960a905dcbc9166349a73a64a007e4e
Platform:
osname=linux, osvers=4.9.0-2-amd64, archname=x86_64-linux
uname='linux k93msid 4.9.0-2-amd64 #1 smp debian 4.9.18-1 (2017-03-30) x86_64 gnulinux '
config_args='-Dprefix=/home/sand/src/perl/repoperls/installed-perls/host/k93msid/v5.12.5/89ad -Dmyhostname=k93msid -Dinstallusrbinperl=n -Uversiononly -Dusedevel -des -Ui_db -Dlibswanted=cl pthread socket inet nsl gdbm dbm malloc dl ld sun m crypt sec util c cposix posix ucb BSD gdbm_compat -Uuseithreads -Uuselongdouble -DDEBUGGING=-g'
hint=recommended, useposix=true, d_sigaction=define
useithreads=undef, usemultiplicity=undef
useperlio=define, d_sfio=undef, uselargefiles=define, usesocks=undef
use64bitint=define, use64bitall=define, uselongdouble=undef
usemymalloc=n, bincompat5005=undef
Compiler:
cc='cc', ccflags ='-fno-strict-aliasing -pipe -fstack-protector -I/usr/local/include -D_LARGEFILE_SOURCE -D_FILE_OFFSET_BITS=64',
optimize='-O2 -g',
cppflags='-fno-strict-aliasing -pipe -fstack-protector -I/usr/local/include'
ccversion='', gccversion='6.3.0 20170406', gccosandvers=''
intsize=4, longsize=8, ptrsize=8, doublesize=8, byteorder=12345678
d_longlong=define, longlongsize=8, d_longdbl=define, longdblsize=16
ivtype='long', ivsize=8, nvtype='double', nvsize=8, Off_t='off_t', lseeksize=8
alignbytes=8, prototype=define
Linker and Libraries:
ld='cc', ldflags =' -fstack-protector -L/usr/local/lib'
libpth=/usr/local/lib /lib/x86_64-linux-gnu /lib/../lib /usr/lib/x86_64-linux-gnu /usr/lib/../lib /lib /usr/lib
libs=-lpthread -lnsl -ldl -lm -lcrypt -lutil -lc
perllibs=-lpthread -lnsl -ldl -lm -lcrypt -lutil -lc
libc=libc-2.24.so, so=so, useshrplib=false, libperl=libperl.a
gnulibc_version='2.24'
Dynamic Linking:
dlsrc=dl_dlopen.xs, dlext=so, d_dlsymun=undef, ccdlflags='-Wl,-E'
cccdlflags='-fPIC', lddlflags='-shared -O2 -g -L/usr/local/lib -fstack-protector'
Characteristics of this binary (from libperl):
Compile-time options: PERL_DONT_CREATE_GVSV PERL_MALLOC_WRAP PERL_USE_DEVEL
USE_64_BIT_ALL USE_64_BIT_INT USE_LARGE_FILES
USE_PERLIO USE_PERL_ATOF
Locally applied patches:
uncommitted-changes
Built under linux
Compiled at Apr 14 2017 07:21:55
%ENV:
PERL5LIB=""
PERL5OPT=""
PERL5_CPANPLUS_IS_RUNNING="24255"
PERL5_CPAN_IS_RUNNING="24255"
PERL_CANARY_STABILITY_NOPROMPT="1"
PERL_MM_USE_DEFAULT="1"
PERL_USE_UNSAFE_INC="1"
@INC:
/home/sand/src/perl/repoperls/installed-perls/host/k93msid/v5.12.5/89ad/lib/site_perl/5.12.5/x86_64-linux
/home/sand/src/perl/repoperls/installed-perls/host/k93msid/v5.12.5/89ad/lib/site_perl/5.12.5
/home/sand/src/perl/repoperls/installed-perls/host/k93msid/v5.12.5/89ad/lib/5.12.5/x86_64-linux
/home/sand/src/perl/repoperls/installed-perls/host/k93msid/v5.12.5/89ad/lib/5.12.5
.