Back
From: metabase:user:d2c9f356-b46f-11df-9a90-20a83c0b7757
Subject: FAIL MIME-Lite-HTML-1.24 v5.16.2 SunOS/Solaris
Date: 2013-01-08T04:56:13Z
This distribution has been tested as part of the CPAN Testers
project, supporting the Perl programming language. See
http://wiki.cpantesters.org/ for more information or email
questions to cpan-testers-discuss@perl.org
--
Dear Alain Barbet,
This is a computer-generated report for MIME-Lite-HTML-1.24
on perl 5.16.2, created by CPAN-Reporter-1.2009.
Thank you for uploading your work to CPAN. However, there was a problem
testing your distribution.
If you think this report is invalid, please consult the CPAN Testers Wiki
for suggestions on how to avoid getting FAIL reports for missing library
or binary dependencies, unsupported operating systems, and so on:
http://wiki.cpantesters.org/wiki/CPANAuthorNotes
Sections of this report:
* Tester comments
* Program output
* Prerequisites
* Environment and other context
------------------------------
TESTER COMMENTS
------------------------------
Additional comments from tester:
this report is from an automated smoke testing program
and was not reviewed by a human for accuracy
------------------------------
PROGRAM OUTPUT
------------------------------
Output from '/usr/local/bin/make test':
PERL_DL_NONLAZY=1 /export/home/cpant4/perl5/perlbrew/perls/perl-5.16.2/bin/perl5.16.2 "-MExtUtils::Command::MM" "-e" "test_harness(0, 'blib/lib', 'blib/arch')" t/*.t
t/01use.t ................ ok
# Failed test '/var/tmp/mime-lite-html-tests/ref/img/fleur.eml.cid'
# at t/20create_image_part.t line 39.
# got: '1d0
# < MIME-Version: 1.0
# '
# expected: ''
# Failed test '/var/tmp/mime-lite-html-tests/ref/img/sommaire.eml.cid'
# at t/20create_image_part.t line 39.
# got: '1d0
# < MIME-Version: 1.0
# '
# expected: ''
# Failed test '/var/tmp/mime-lite-html-tests/ref/img/fleur.eml.location'
# at t/20create_image_part.t line 39.
# got: '1d0
# < MIME-Version: 1.0
# '
# expected: ''
# Failed test '/var/tmp/mime-lite-html-tests/ref/img/sommaire.eml.location'
# at t/20create_image_part.t line 39.
# got: '1d0
# < MIME-Version: 1.0
# '
# expected: ''
# Looks like you failed 4 tests of 4.
t/20create_image_part.t ..
Dubious, test returned 4 (wstat 1024, 0x400)
Failed 4/4 subtests
# Failed test '/var/tmp/mime-lite-html-tests/ref/index.cgi.eml.cid'
# at t/50generic.t line 53.
# got: '1d0
# < MIME-Version: 1.0
# 3a3
# > MIME-Version: 1.0
# 13d12
# < MIME-Version: 1.0
# 20d18
# < MIME-Version: 1.0
# 27d24
# < MIME-Version: 1.0
# 270d266
# < MIME-Version: 1.0
# 278d273
# < MIME-Version: 1.0
# 286d280
# < MIME-Version: 1.0
# 294d287
# < MIME-Version: 1.0
# 302d294
# < MIME-Version: 1.0
# '
# expected: ''
# Failed test '/var/tmp/mime-lite-html-tests/ref/normal.eml.cid'
# at t/50generic.t line 53.
# got: '1d0
# < MIME-Version: 1.0
# 3a3
# > MIME-Version: 1.0
# 13d12
# < MIME-Version: 1.0
# 20d18
# < MIME-Version: 1.0
# 27d24
# < MIME-Version: 1.0
# 221d217
# < MIME-Version: 1.0
# '
# expected: ''
# Failed test '/var/tmp/mime-lite-html-tests/ref/space_in_a_href.eml.cid'
# at t/50generic.t line 53.
# got: '1d0
# < MIME-Version: 1.0
# 3a3
# > MIME-Version: 1.0
# 13d12
# < MIME-Version: 1.0
# 20d18
# < MIME-Version: 1.0
# '
# expected: ''
# Failed test '/var/tmp/mime-lite-html-tests/ref/space_in_ccs_href.eml.cid'
# at t/50generic.t line 53.
# got: '1d0
# < MIME-Version: 1.0
# 3a3
# > MIME-Version: 1.0
# 13d12
# < MIME-Version: 1.0
# 20d18
# < MIME-Version: 1.0
# '
# expected: ''
# Failed test '/var/tmp/mime-lite-html-tests/ref/space_in_img.eml.cid'
# at t/50generic.t line 53.
# got: '1d0
# < MIME-Version: 1.0
# 3a3
# > MIME-Version: 1.0
# 13d12
# < MIME-Version: 1.0
# 20d18
# < MIME-Version: 1.0
# 27d24
# < MIME-Version: 1.0
# 224d220
# < MIME-Version: 1.0
# '
# expected: ''
# Failed test '/var/tmp/mime-lite-html-tests/ref/space_in_javascript.eml.cid'
# at t/50generic.t line 53.
# got: '1d0
# < MIME-Version: 1.0
# 3a3
# > MIME-Version: 1.0
# 13d12
# < MIME-Version: 1.0
# 20d18
# < MIME-Version: 1.0
# '
# expected: ''
# Failed test '/var/tmp/mime-lite-html-tests/ref/space_in_javascript2.eml.cid'
# at t/50generic.t line 53.
# got: '1d0
# < MIME-Version: 1.0
# 3a3
# > MIME-Version: 1.0
# 13d12
# < MIME-Version: 1.0
# 20d18
# < MIME-Version: 1.0
# '
# expected: ''
# Failed test '/var/tmp/mime-lite-html-tests/ref/index.cgi.eml.location'
# at t/50generic.t line 53.
# got: '1d0
# < MIME-Version: 1.0
# 3a3
# > MIME-Version: 1.0
# 13d12
# < MIME-Version: 1.0
# 20d18
# < MIME-Version: 1.0
# 27d24
# < MIME-Version: 1.0
# 269d265
# < MIME-Version: 1.0
# 277d272
# < MIME-Version: 1.0
# 285d279
# < MIME-Version: 1.0
# 293d286
# < MIME-Version: 1.0
# 301d293
# < MIME-Version: 1.0
# '
# expected: ''
# Failed test '/var/tmp/mime-lite-html-tests/ref/normal.eml.location'
# at t/50generic.t line 53.
# got: '1d0
# < MIME-Version: 1.0
# 3a3
# > MIME-Version: 1.0
# 13d12
# < MIME-Version: 1.0
# 20d18
# < MIME-Version: 1.0
# 27d24
# < MIME-Version: 1.0
# 221d217
# < MIME-Version: 1.0
# '
# expected: ''
# Failed test '/var/tmp/mime-lite-html-tests/ref/space_in_a_href.eml.location'
# at t/50generic.t line 53.
# got: '1d0
# < MIME-Version: 1.0
# 3a3
# > MIME-Version: 1.0
# 13d12
# < MIME-Version: 1.0
# 20d18
# < MIME-Version: 1.0
# '
# expected: ''
# Failed test '/var/tmp/mime-lite-html-tests/ref/space_in_ccs_href.eml.location'
# at t/50generic.t line 53.
# got: '1d0
# < MIME-Version: 1.0
# 3a3
# > MIME-Version: 1.0
# 13d12
# < MIME-Version: 1.0
# 20d18
# < MIME-Version: 1.0
# '
# expected: ''
# Failed test '/var/tmp/mime-lite-html-tests/ref/space_in_img.eml.location'
# at t/50generic.t line 53.
# got: '1d0
# < MIME-Version: 1.0
# 3a3
# > MIME-Version: 1.0
# 13d12
# < MIME-Version: 1.0
# 20d18
# < MIME-Version: 1.0
# 27d24
# < MIME-Version: 1.0
# 224d220
# < MIME-Version: 1.0
# '
# expected: ''
# Failed test '/var/tmp/mime-lite-html-tests/ref/space_in_javascript.eml.location'
# at t/50generic.t line 53.
# got: '1d0
# < MIME-Version: 1.0
# 3a3
# > MIME-Version: 1.0
# 13d12
# < MIME-Version: 1.0
# 20d18
# < MIME-Version: 1.0
# '
# expected: ''
# Failed test '/var/tmp/mime-lite-html-tests/ref/space_in_javascript2.eml.location'
# at t/50generic.t line 53.
# got: '1d0
# < MIME-Version: 1.0
# 3a3
# > MIME-Version: 1.0
# 13d12
# < MIME-Version: 1.0
# 20d18
# < MIME-Version: 1.0
# '
# expected: ''
# Failed test '/var/tmp/mime-lite-html-tests/ref/index.cgi.eml.extern'
# at t/50generic.t line 53.
# got: '1d0
# < MIME-Version: 1.0
# 3a3
# > MIME-Version: 1.0
# 13d12
# < MIME-Version: 1.0
# 20d18
# < MIME-Version: 1.0
# '
# expected: ''
# Failed test '/var/tmp/mime-lite-html-tests/ref/normal.eml.extern'
# at t/50generic.t line 53.
# got: '1d0
# < MIME-Version: 1.0
# 3a3
# > MIME-Version: 1.0
# 13d12
# < MIME-Version: 1.0
# 20d18
# < MIME-Version: 1.0
# '
# expected: ''
# Failed test '/var/tmp/mime-lite-html-tests/ref/space_in_a_href.eml.extern'
# at t/50generic.t line 53.
# got: '1d0
# < MIME-Version: 1.0
# 3a3
# > MIME-Version: 1.0
# 13d12
# < MIME-Version: 1.0
# 20d18
# < MIME-Version: 1.0
# '
# expected: ''
# Failed test '/var/tmp/mime-lite-html-tests/ref/space_in_ccs_href.eml.extern'
# at t/50generic.t line 53.
# got: '1d0
# < MIME-Version: 1.0
# 3a3
# > MIME-Version: 1.0
# 13d12
# < MIME-Version: 1.0
# 20d18
# < MIME-Version: 1.0
# '
# expected: ''
# Failed test '/var/tmp/mime-lite-html-tests/ref/space_in_img.eml.extern'
# at t/50generic.t line 53.
# got: '1d0
# < MIME-Version: 1.0
# 3a3
# > MIME-Version: 1.0
# 13d12
# < MIME-Version: 1.0
# 20d18
# < MIME-Version: 1.0
# '
# expected: ''
# Failed test '/var/tmp/mime-lite-html-tests/ref/space_in_javascript.eml.extern'
# at t/50generic.t line 53.
# got: '1d0
# < MIME-Version: 1.0
# 3a3
# > MIME-Version: 1.0
# 13d12
# < MIME-Version: 1.0
# 20d18
# < MIME-Version: 1.0
# '
# expected: ''
# Failed test '/var/tmp/mime-lite-html-tests/ref/space_in_javascript2.eml.extern'
# at t/50generic.t line 53.
# got: '1d0
# < MIME-Version: 1.0
# 3a3
# > MIME-Version: 1.0
# 13d12
# < MIME-Version: 1.0
# 20d18
# < MIME-Version: 1.0
# '
# expected: ''
# Failed test '/var/tmp/mime-lite-html-tests/ref/index.cgi.eml2.cid'
# at t/50generic.t line 94.
# got: '1d0
# < MIME-Version: 1.0
# 3a3
# > MIME-Version: 1.0
# 13d12
# < MIME-Version: 1.0
# 256d254
# < MIME-Version: 1.0
# 264d261
# < MIME-Version: 1.0
# 272d268
# < MIME-Version: 1.0
# 280d275
# < MIME-Version: 1.0
# 288d282
# < MIME-Version: 1.0
# '
# expected: ''
# Failed test '/var/tmp/mime-lite-html-tests/ref/normal.eml2.cid'
# at t/50generic.t line 94.
# got: '1d0
# < MIME-Version: 1.0
# 3a3
# > MIME-Version: 1.0
# 13d12
# < MIME-Version: 1.0
# 207d205
# < MIME-Version: 1.0
# '
# expected: ''
# Failed test '/var/tmp/mime-lite-html-tests/ref/space_in_a_href.eml2.cid'
# at t/50generic.t line 94.
# got: '1d0
# < MIME-Version: 1.0
# '
# expected: ''
# Failed test '/var/tmp/mime-lite-html-tests/ref/space_in_ccs_href.eml2.cid'
# at t/50generic.t line 94.
# got: '1d0
# < MIME-Version: 1.0
# '
# expected: ''
# Failed test '/var/tmp/mime-lite-html-tests/ref/space_in_img.eml2.cid'
# at t/50generic.t line 94.
# got: '1d0
# < MIME-Version: 1.0
# 3a3
# > MIME-Version: 1.0
# 13d12
# < MIME-Version: 1.0
# 210d208
# < MIME-Version: 1.0
# '
# expected: ''
# Failed test '/var/tmp/mime-lite-html-tests/ref/space_in_javascript.eml2.cid'
# at t/50generic.t line 94.
# got: '1d0
# < MIME-Version: 1.0
# '
# expected: ''
# Failed test '/var/tmp/mime-lite-html-tests/ref/space_in_javascript2.eml2.cid'
# at t/50generic.t line 94.
# got: '1d0
# < MIME-Version: 1.0
# '
# expected: ''
# Failed test '/var/tmp/mime-lite-html-tests/ref/index.cgi.eml2.location'
# at t/50generic.t line 94.
# got: '1d0
# < MIME-Version: 1.0
# 3a3
# > MIME-Version: 1.0
# 13d12
# < MIME-Version: 1.0
# 255d253
# < MIME-Version: 1.0
# 263d260
# < MIME-Version: 1.0
# 271d267
# < MIME-Version: 1.0
# 279d274
# < MIME-Version: 1.0
# 287d281
# < MIME-Version: 1.0
# '
# expected: ''
# Failed test '/var/tmp/mime-lite-html-tests/ref/normal.eml2.location'
# at t/50generic.t line 94.
# got: '1d0
# < MIME-Version: 1.0
# 3a3
# > MIME-Version: 1.0
# 13d12
# < MIME-Version: 1.0
# 207d205
# < MIME-Version: 1.0
# '
# expected: ''
# Failed test '/var/tmp/mime-lite-html-tests/ref/space_in_a_href.eml2.location'
# at t/50generic.t line 94.
# got: '1d0
# < MIME-Version: 1.0
# '
# expected: ''
# Failed test '/var/tmp/mime-lite-html-tests/ref/space_in_ccs_href.eml2.location'
# at t/50generic.t line 94.
# got: '1d0
# < MIME-Version: 1.0
# '
# expected: ''
# Failed test '/var/tmp/mime-lite-html-tests/ref/space_in_img.eml2.location'
# at t/50generic.t line 94.
# got: '1d0
# < MIME-Version: 1.0
# 3a3
# > MIME-Version: 1.0
# 13d12
# < MIME-Version: 1.0
# 210d208
# < MIME-Version: 1.0
# '
# expected: ''
# Failed test '/var/tmp/mime-lite-html-tests/ref/space_in_javascript.eml2.location'
# at t/50generic.t line 94.
# got: '1d0
# < MIME-Version: 1.0
# '
# expected: ''
# Failed test '/var/tmp/mime-lite-html-tests/ref/space_in_javascript2.eml2.location'
# at t/50generic.t line 94.
# got: '1d0
# < MIME-Version: 1.0
# '
# expected: ''
# Failed test '/var/tmp/mime-lite-html-tests/ref/index.cgi.eml2.extern'
# at t/50generic.t line 94.
# got: '1d0
# < MIME-Version: 1.0
# '
# expected: ''
# Failed test '/var/tmp/mime-lite-html-tests/ref/normal.eml2.extern'
# at t/50generic.t line 94.
# got: '1d0
# < MIME-Version: 1.0
# '
# expected: ''
# Failed test '/var/tmp/mime-lite-html-tests/ref/space_in_a_href.eml2.extern'
# at t/50generic.t line 94.
# got: '1d0
# < MIME-Version: 1.0
# '
# expected: ''
# Failed test '/var/tmp/mime-lite-html-tests/ref/space_in_ccs_href.eml2.extern'
# at t/50generic.t line 94.
# got: '1d0
# < MIME-Version: 1.0
# '
# expected: ''
# Failed test '/var/tmp/mime-lite-html-tests/ref/space_in_img.eml2.extern'
# at t/50generic.t line 94.
# got: '1d0
# < MIME-Version: 1.0
# '
# expected: ''
# Failed test '/var/tmp/mime-lite-html-tests/ref/space_in_javascript.eml2.extern'
# at t/50generic.t line 94.
# got: '1d0
# < MIME-Version: 1.0
# '
# expected: ''
# Failed test '/var/tmp/mime-lite-html-tests/ref/space_in_javascript2.eml2.extern'
# at t/50generic.t line 94.
# got: '1d0
# < MIME-Version: 1.0
# '
# expected: ''
# Failed test '/var/tmp/mime-lite-html-tests/ref/index.cgi.eml3.cid'
# at t/50generic.t line 136.
# got: '1d0
# < MIME-Version: 1.0
# 3a3
# > MIME-Version: 1.0
# 13d12
# < MIME-Version: 1.0
# 121d119
# < MIME-Version: 1.0
# 128d125
# < MIME-Version: 1.0
# 371d367
# < MIME-Version: 1.0
# 379d374
# < MIME-Version: 1.0
# 387d381
# < MIME-Version: 1.0
# 395d388
# < MIME-Version: 1.0
# 403d395
# < MIME-Version: 1.0
# '
# expected: ''
# Failed test '/var/tmp/mime-lite-html-tests/ref/normal.eml3.cid'
# at t/50generic.t line 136.
# got: '1d0
# < MIME-Version: 1.0
# 3a3
# > MIME-Version: 1.0
# 13d12
# < MIME-Version: 1.0
# 121d119
# < MIME-Version: 1.0
# 128d125
# < MIME-Version: 1.0
# 322d318
# < MIME-Version: 1.0
# '
# expected: ''
# Failed test '/var/tmp/mime-lite-html-tests/ref/space_in_a_href.eml3.cid'
# at t/50generic.t line 136.
# got: '1d0
# < MIME-Version: 1.0
# 3a3
# > MIME-Version: 1.0
# 13d12
# < MIME-Version: 1.0
# 121d119
# < MIME-Version: 1.0
# '
# expected: ''
# Failed test '/var/tmp/mime-lite-html-tests/ref/space_in_ccs_href.eml3.cid'
# at t/50generic.t line 136.
# got: '1d0
# < MIME-Version: 1.0
# 3a3
# > MIME-Version: 1.0
# 13d12
# < MIME-Version: 1.0
# 121d119
# < MIME-Version: 1.0
# '
# expected: ''
# Failed test '/var/tmp/mime-lite-html-tests/ref/space_in_img.eml3.cid'
# at t/50generic.t line 136.
# got: '1d0
# < MIME-Version: 1.0
# 3a3
# > MIME-Version: 1.0
# 13d12
# < MIME-Version: 1.0
# 121d119
# < MIME-Version: 1.0
# 128d125
# < MIME-Version: 1.0
# 325d321
# < MIME-Version: 1.0
# '
# expected: ''
# Failed test '/var/tmp/mime-lite-html-tests/ref/space_in_javascript.eml3.cid'
# at t/50generic.t line 136.
# got: '1d0
# < MIME-Version: 1.0
# 3a3
# > MIME-Version: 1.0
# 13d12
# < MIME-Version: 1.0
# 121d119
# < MIME-Version: 1.0
# '
# expected: ''
# Failed test '/var/tmp/mime-lite-html-tests/ref/space_in_javascript2.eml3.cid'
# at t/50generic.t line 136.
# got: '1d0
# < MIME-Version: 1.0
# 3a3
# > MIME-Version: 1.0
# 13d12
# < MIME-Version: 1.0
# 121d119
# < MIME-Version: 1.0
# '
# expected: ''
# Failed test '/var/tmp/mime-lite-html-tests/ref/index.cgi.eml3.location'
# at t/50generic.t line 136.
# got: '1d0
# < MIME-Version: 1.0
# 3a3
# > MIME-Version: 1.0
# 13d12
# < MIME-Version: 1.0
# 121d119
# < MIME-Version: 1.0
# 128d125
# < MIME-Version: 1.0
# 370d366
# < MIME-Version: 1.0
# 378d373
# < MIME-Version: 1.0
# 386d380
# < MIME-Version: 1.0
# 394d387
# < MIME-Version: 1.0
# 402d394
# < MIME-Version: 1.0
# '
# expected: ''
# Failed test '/var/tmp/mime-lite-html-tests/ref/normal.eml3.location'
# at t/50generic.t line 136.
# got: '1d0
# < MIME-Version: 1.0
# 3a3
# > MIME-Version: 1.0
# 13d12
# < MIME-Version: 1.0
# 121d119
# < MIME-Version: 1.0
# 128d125
# < MIME-Version: 1.0
# 322d318
# < MIME-Version: 1.0
# '
# expected: ''
# Failed test '/var/tmp/mime-lite-html-tests/ref/space_in_a_href.eml3.location'
# at t/50generic.t line 136.
# got: '1d0
# < MIME-Version: 1.0
# 3a3
# > MIME-Version: 1.0
# 13d12
# < MIME-Version: 1.0
# 121d119
# < MIME-Version: 1.0
# '
# expected: ''
# Failed test '/var/tmp/mime-lite-html-tests/ref/space_in_ccs_href.eml3.location'
# at t/50generic.t line 136.
# got: '1d0
# < MIME-Version: 1.0
# 3a3
# > MIME-Version: 1.0
# 13d12
# < MIME-Version: 1.0
# 121d119
# < MIME-Version: 1.0
# '
# expected: ''
# Failed test '/var/tmp/mime-lite-html-tests/ref/space_in_img.eml3.location'
# at t/50generic.t line 136.
# got: '1d0
# < MIME-Version: 1.0
# 3a3
# > MIME-Version: 1.0
# 13d12
# < MIME-Version: 1.0
# 121d119
# < MIME-Version: 1.0
# 128d125
# < MIME-Version: 1.0
# 325d321
# < MIME-Version: 1.0
# '
# expected: ''
# Failed test '/var/tmp/mime-lite-html-tests/ref/space_in_javascript.eml3.location'
# at t/50generic.t line 136.
# got: '1d0
# < MIME-Version: 1.0
# 3a3
# > MIME-Version: 1.0
# 13d12
# < MIME-Version: 1.0
# 121d119
# < MIME-Version: 1.0
# '
# expected: ''
# Failed test '/var/tmp/mime-lite-html-tests/ref/space_in_javascript2.eml3.location'
# at t/50generic.t line 136.
# got: '1d0
# < MIME-Version: 1.0
# 3a3
# > MIME-Version: 1.0
# 13d12
# < MIME-Version: 1.0
# 121d119
# < MIME-Version: 1.0
# '
# expected: ''
# Failed test '/var/tmp/mime-lite-html-tests/ref/index.cgi.eml3.extern'
# at t/50generic.t line 136.
# got: '1d0
# < MIME-Version: 1.0
# 3a3
# > MIME-Version: 1.0
# 13d12
# < MIME-Version: 1.0
# 121d119
# < MIME-Version: 1.0
# '
# expected: ''
# Failed test '/var/tmp/mime-lite-html-tests/ref/normal.eml3.extern'
# at t/50generic.t line 136.
# got: '1d0
# < MIME-Version: 1.0
# 3a3
# > MIME-Version: 1.0
# 13d12
# < MIME-Version: 1.0
# 121d119
# < MIME-Version: 1.0
# '
# expected: ''
# Failed test '/var/tmp/mime-lite-html-tests/ref/space_in_a_href.eml3.extern'
# at t/50generic.t line 136.
# got: '1d0
# < MIME-Version: 1.0
# 3a3
# > MIME-Version: 1.0
# 13d12
# < MIME-Version: 1.0
# 121d119
# < MIME-Version: 1.0
# '
# expected: ''
# Failed test '/var/tmp/mime-lite-html-tests/ref/space_in_ccs_href.eml3.extern'
# at t/50generic.t line 136.
# got: '1d0
# < MIME-Version: 1.0
# 3a3
# > MIME-Version: 1.0
# 13d12
# < MIME-Version: 1.0
# 121d119
# < MIME-Version: 1.0
# '
# expected: ''
# Failed test '/var/tmp/mime-lite-html-tests/ref/space_in_img.eml3.extern'
# at t/50generic.t line 136.
# got: '1d0
# < MIME-Version: 1.0
# 3a3
# > MIME-Version: 1.0
# 13d12
# < MIME-Version: 1.0
# 121d119
# < MIME-Version: 1.0
# '
# expected: ''
# Failed test '/var/tmp/mime-lite-html-tests/ref/space_in_javascript.eml3.extern'
# at t/50generic.t line 136.
# got: '1d0
# < MIME-Version: 1.0
# 3a3
# > MIME-Version: 1.0
# 13d12
# < MIME-Version: 1.0
# 121d119
# < MIME-Version: 1.0
# '
# expected: ''
# Failed test '/var/tmp/mime-lite-html-tests/ref/space_in_javascript2.eml3.extern'
# at t/50generic.t line 136.
# got: '1d0
# < MIME-Version: 1.0
# 3a3
# > MIME-Version: 1.0
# 13d12
# < MIME-Version: 1.0
# 121d119
# < MIME-Version: 1.0
# '
# expected: ''
# Looks like you failed 63 tests of 190.
t/50generic.t ............
Dubious, test returned 63 (wstat 16128, 0x3f00)
Failed 63/190 subtests
Test Summary Report
-------------------
t/20create_image_part.t (Wstat: 1024 Tests: 4 Failed: 4)
Failed tests: 1-4
Non-zero exit status: 4
t/50generic.t (Wstat: 16128 Tests: 190 Failed: 63)
Failed tests: 3, 6, 9, 12, 15, 18, 21, 24, 27, 30, 33
36, 39, 42, 45, 48, 51, 54, 57, 60, 63
66, 69, 72, 75, 78, 81, 84, 87, 90, 93
96, 99, 102, 105, 108, 111, 114, 117, 120
123, 126, 129, 132, 135, 138, 141, 144
147, 150, 153, 156, 159, 162, 165, 168
171, 174, 177, 180, 183, 186, 189
Non-zero exit status: 63
Files=3, Tests=195, 4 wallclock secs ( 0.23 usr 0.08 sys + 2.22 cusr 0.76 csys = 3.29 CPU)
Result: FAIL
Failed 2/3 test programs. 67/195 subtests failed.
make: *** [test_dynamic] Error 63
------------------------------
PREREQUISITES
------------------------------
Prerequisite modules loaded:
requires:
Module Need Have
------------------- ---- -----
HTML::LinkExtor 0 3.69
LWP::UserAgent 0 6.04
MIME::Lite 1 3.029
Test::More 0 0.98
URI::URL 0 5.04
build_requires:
Module Need Have
------------------- ---- -----
ExtUtils::MakeMaker 0 6.64
------------------------------
ENVIRONMENT AND OTHER CONTEXT
------------------------------
Environment variables:
AUTOMATED_TESTING = 1
LANG = C
LD_LIBRARY_PATH = /usr/local/lib:
PATH = /export/home/cpant4/perl5/perlbrew/bin:/export/home/cpant4/perl5/perlbrew/perls/perl-5.16.2/bin:/export/home/cpant4/perl5/bin:/usr/local/bin:/usr/bin
PERL5LIB =
PERL5OPT =
PERL5_CPANPLUS_IS_RUNNING = 23352
PERL5_CPAN_IS_RUNNING = 23352
PERL5_CPAN_IS_RUNNING_IN_RECURSION = 11912,23352
PERLBREW_BASHRC_VERSION = 0.56
PERLBREW_HOME = /export/home/cpant4/.perlbrew
PERLBREW_MANPATH = /export/home/cpant4/perl5/perlbrew/perls/perl-5.16.2/man
PERLBREW_PATH = /export/home/cpant4/perl5/perlbrew/bin:/export/home/cpant4/perl5/perlbrew/perls/perl-5.16.2/bin
PERLBREW_PERL = perl-5.16.2
PERLBREW_ROOT = /export/home/cpant4/perl5/perlbrew
PERLBREW_SKIP_INIT = 1
PERLBREW_VERSION = 0.56
PERL_CR_SMOKER_CURRENT = MIME-Lite-HTML-1.24
PERL_EXTUTILS_AUTOINSTALL = --defaultdeps
PERL_MM_USE_DEFAULT = 1
SHELL = /bin/bash
TERM = xterm
Perl special variables (and OS-specific diagnostics, for MSWin32):
$^X = /export/home/cpant4/perl5/perlbrew/perls/perl-5.16.2/bin/perl5.16.2
$UID/$EUID = 104 / 104
$GID = 1 1
$EGID = 1 1
Perl module toolchain versions installed:
Module Have
------------------- --------
CPAN 1.9800
CPAN::Meta 2.120921
Cwd 3.39_02
ExtUtils::CBuilder 0.280206
ExtUtils::Command 1.17
ExtUtils::Install 1.58
ExtUtils::MakeMaker 6.64
ExtUtils::Manifest 1.61
ExtUtils::ParseXS 3.18
File::Spec 3.39_02
JSON 2.53
JSON::PP 2.27200
Module::Build 0.4003
Module::Signature n/a
Parse::CPAN::Meta 1.4404
Test::Harness 3.25
Test::More 0.98
YAML 0.84
YAML::Syck 1.22
version 0.9901
--
Summary of my perl5 (revision 5 version 16 subversion 2) configuration:
Platform:
osname=solaris, osvers=2.10, archname=i86pc-solaris-64int
uname='sunos vmrz0046 5.10 generic_141445-09 i86pc i386 i86pc solaris '
config_args='-de -Dprefix=/export/home/cpant4/perl5/perlbrew/perls/perl-5.16.2 -Dcc=gcc -Duse64bitint -Dusedevel -Aeval:scriptdir=/export/home/cpant4/perl5/perlbrew/perls/perl-5.16.2/bin'
hint=recommended, useposix=true, d_sigaction=define
useithreads=undef, usemultiplicity=undef
useperlio=define, d_sfio=undef, uselargefiles=define, usesocks=undef
use64bitint=define, use64bitall=undef, uselongdouble=undef
usemymalloc=n, bincompat5005=undef
Compiler:
cc='gcc', ccflags ='-DPTR_IS_LONG -fno-strict-aliasing -pipe -I/usr/local/include -D_LARGEFILE_SOURCE -D_FILE_OFFSET_BITS=64 -DPERL_USE_SAFE_PUTENV',
optimize='-O',
cppflags='-DPTR_IS_LONG -fno-strict-aliasing -pipe -I/usr/local/include'
ccversion='', gccversion='3.4.6', gccosandvers='solaris2.10'
intsize=4, longsize=4, ptrsize=4, doublesize=8, byteorder=12345678
d_longlong=define, longlongsize=8, d_longdbl=define, longdblsize=12
ivtype='long long', ivsize=8, nvtype='double', nvsize=8, Off_t='off_t', lseeksize=8
alignbytes=4, prototype=define
Linker and Libraries:
ld='gcc', ldflags =' -L/usr/local/lib '
libpth=/usr/local/lib /usr/lib /usr/ccs/lib
libs=-lsocket -lnsl -lgdbm -ldl -lm -lc
perllibs=-lsocket -lnsl -ldl -lm -lc
libc=/lib/libc.so, so=so, useshrplib=false, libperl=libperl.a
gnulibc_version=''
Dynamic Linking:
dlsrc=dl_dlopen.xs, dlext=so, d_dlsymun=undef, ccdlflags=' '
cccdlflags='-fPIC', lddlflags='-G -L/usr/local/lib'
Characteristics of this binary (from libperl):
Compile-time options: HAS_TIMES PERLIO_LAYERS PERL_DONT_CREATE_GVSV
PERL_MALLOC_WRAP PERL_PRESERVE_IVUV PERL_USE_DEVEL
PERL_USE_SAFE_PUTENV USE_64_BIT_INT USE_LARGE_FILES
USE_LOCALE USE_LOCALE_COLLATE USE_LOCALE_CTYPE
USE_LOCALE_NUMERIC USE_PERLIO USE_PERL_ATOF
Built under solaris
Compiled at Nov 14 2012 20:00:07
%ENV:
PERL5LIB=""
PERL5OPT=""
PERL5_CPANPLUS_IS_RUNNING="23352"
PERL5_CPAN_IS_RUNNING="23352"
PERL5_CPAN_IS_RUNNING_IN_RECURSION="11912,23352"
PERLBREW_BASHRC_VERSION="0.56"
PERLBREW_HOME="/export/home/cpant4/.perlbrew"
PERLBREW_MANPATH="/export/home/cpant4/perl5/perlbrew/perls/perl-5.16.2/man"
PERLBREW_PATH="/export/home/cpant4/perl5/perlbrew/bin:/export/home/cpant4/perl5/perlbrew/perls/perl-5.16.2/bin"
PERLBREW_PERL="perl-5.16.2"
PERLBREW_ROOT="/export/home/cpant4/perl5/perlbrew"
PERLBREW_SKIP_INIT="1"
PERLBREW_VERSION="0.56"
PERL_CR_SMOKER_CURRENT="MIME-Lite-HTML-1.24"
PERL_EXTUTILS_AUTOINSTALL="--defaultdeps"
PERL_MM_USE_DEFAULT="1"
@INC:
/export/home/cpant4/perl5/perlbrew/perls/perl-5.16.2/lib/site_perl/5.16.2/i86pc-solaris-64int
/export/home/cpant4/perl5/perlbrew/perls/perl-5.16.2/lib/site_perl/5.16.2
/export/home/cpant4/perl5/perlbrew/perls/perl-5.16.2/lib/5.16.2/i86pc-solaris-64int
/export/home/cpant4/perl5/perlbrew/perls/perl-5.16.2/lib/5.16.2
.