Report for Geo-Calc-XS-0.29

Back
From: metabase:user:314402c4-2aae-11df-837a-5e0a49663a4f
Subject: FAIL Geo-Calc-XS-0.29 v5.18.2 FreeBSD
Date: 2014-10-16T19:00:42Z

This distribution has been tested as part of the CPAN Testers
project, supporting the Perl programming language.  See
http://wiki.cpantesters.org/ for more information or email
questions to cpan-testers-discuss@perl.org


--
Dear David D Lowe,

This is a computer-generated report for Geo-Calc-XS-0.29
on perl 5.18.2, created by CPAN-Reporter-1.2011.

Thank you for uploading your work to CPAN.  However, there was a problem
testing your distribution.

If you think this report is invalid, please consult the CPAN Testers Wiki
for suggestions on how to avoid getting FAIL reports for missing library
or binary dependencies, unsupported operating systems, and so on:

http://wiki.cpantesters.org/wiki/CPANAuthorNotes

Sections of this report:

    * Tester comments
    * Program output
    * Prerequisites
    * Environment and other context

------------------------------
TESTER COMMENTS
------------------------------

Additional comments from tester:

none provided

------------------------------
PROGRAM OUTPUT
------------------------------

Output from '/usr/bin/make test':

Running Mkbootstrap for Geo::Calc::XS ()
chmod 644 XS.bs
PERL_DL_NONLAZY=1 /usr/perl5.18.2/bin/perl5.18.2 "-MExtUtils::Command::MM" "-MTest::Harness" "-e" "undef *Test::Harness::Switches; test_harness(0, 'blib/lib', 'blib/arch')" t/*.t
t/01_use.t ........... ok
t/02_check_module.t .. ok
t/03_properties.t .... ok
t/04_units.t ......... ok
t/05_fuzzy_input.t ... ok
t/06_memory_leak.t ... ok

#   Failed test 'Running 02_check_module.t under debugger succeeded'
#   at t/07_debugger.t line 30.
#          got: '512'
#     expected: '0'
# err:
# > Can't locate Test/Deep.pm in @INC (@INC contains: /usr/home/eserte/.cpan/build/Geo-Calc-XS-0.29-S_0FTj/blib/lib /usr/home/eserte/.cpan/build/Geo-Calc-XS-0.29-S_0FTj/blib/arch /usr/home/eserte/.cpan/build/Geo-Calc-XS-0.29-S_0FTj/blib/lib /usr/home/eserte/.cpan/build/Geo-Calc-XS-0.29-S_0FTj/blib/arch /usr/local/lib/perl5/5.16/BSDPAN /usr/local/lib/perl5/site_perl/5.16/mach /usr/local/lib/perl5/site_perl/5.16 /usr/local/lib/perl5/5.16/mach /usr/local/lib/perl5/5.16 .) at /usr/home/eserte/.cpan/build/Geo-Calc-XS-0.29-S_0FTj/t/02_check_module.t line 11.
# >  at /usr/home/eserte/.cpan/build/Geo-Calc-XS-0.29-S_0FTj/t/02_check_module.t line 11.
# > 	main::BEGIN() called at /usr/home/eserte/.cpan/build/Geo-Calc-XS-0.29-S_0FTj/t/02_check_module.t line 11
# > 	eval {...} called at /usr/home/eserte/.cpan/build/Geo-Calc-XS-0.29-S_0FTj/t/02_check_module.t line 11
# > BEGIN failed--compilation aborted at /usr/home/eserte/.cpan/build/Geo-Calc-XS-0.29-S_0FTj/t/02_check_module.t line 11.
# >  at /usr/home/eserte/.cpan/build/Geo-Calc-XS-0.29-S_0FTj/t/02_check_module.t line 11.
# Looks like you failed 1 test of 5.
t/07_debugger.t ...... 
Dubious, test returned 1 (wstat 256, 0x100)
Failed 1/5 subtests 
t/90_benchmark.t ..... ok
t/99_pod.t ........... ok

Test Summary Report
-------------------
t/07_debugger.t    (Wstat: 256 Tests: 5 Failed: 1)
  Failed test:  5
  Non-zero exit status: 1
Files=9, Tests=184,  2 wallclock secs ( 0.13 usr  0.01 sys +  1.66 cusr  0.19 csys =  1.99 CPU)
Result: FAIL
Failed 1/9 test programs. 1/184 subtests failed.
*** [test_dynamic] Error code 255

Stop in /usr/home/eserte/.cpan/build/Geo-Calc-XS-0.29-S_0FTj.

------------------------------
PREREQUISITES
------------------------------

Prerequisite modules loaded:

requires:

    Module              Need     Have    
    ------------------- -------- --------
    File::Spec          0        3.47    
    perl                5.004000 5.018002

build_requires:

    Module              Need     Have    
    ------------------- -------- --------
    ExtUtils::MakeMaker 0        6.98    
    Math::Units         0        1.3     
    Test::Deep          0        0.113   
    Test::Exception     0        0.35    
    Test::LeakTrace     0        0.14    
    Test::More          0        1.001008
    Test::NoWarnings    0        1.04    
    Test::Warn          0        0.30    


------------------------------
ENVIRONMENT AND OTHER CONTEXT
------------------------------

Environment variables:

    DBIC_NO_WARN_BAD_PERL = 1
    LC_ALL = de_DE.ISO8859-1
    PATH = /usr/local/bin:/usr/bin:/bin:/usr/local/sbin:/usr/sbin:/sbin:/home/cpansand/bin/freebsd9.1:/home/cpansand/bin/sh:/home/cpansand/bin:/usr/games:/home/cpansand/devel:/usr/home/eserte/src/srezic-misc/scripts
    PERL5LIB = 
    PERL5OPT = 
    PERL5_CPANPLUS_IS_RUNNING = 84570
    PERL5_CPAN_IS_RUNNING = 84570
    PERL5_CPAN_IS_RUNNING_IN_RECURSION = 84550,84570
    PERLDOC = -MPod::Perldoc::ToTextOverstrike
    PERL_BATCH = yes
    PERL_CPAN_REPORTER_CONFIG = /var/tmp/cpansmoker-1023/bEDznuvHo8_config.ini
    PERL_EXTUTILS_AUTOINSTALL = --defaultdeps
    PERL_HTML_DISPLAY_CLASS = HTML::Display::Mozilla
    SHELL = /usr/local/bin/zsh
    TERM = screen
    TMPDIR = /var/tmp/cpansmoker-1023

Perl special variables (and OS-specific diagnostics, for MSWin32):

    $^X = /usr/perl5.18.2/bin/perl5.18.2
    $UID/$EUID = 1023 / 1023
    $GID = 1023 1023
    $EGID = 1023 1023

Perl module toolchain versions installed:

    Module              Have    
    ------------------- --------
    CPAN                2.00    
    CPAN::Meta          2.142690
    Cwd                 3.47    
    ExtUtils::CBuilder  0.280220
    ExtUtils::Command   1.17    
    ExtUtils::Install   2.04    
    ExtUtils::MakeMaker 6.98    
    ExtUtils::Manifest  1.66    
    ExtUtils::ParseXS   3.24    
    File::Spec          3.47    
    JSON                2.90    
    JSON::PP            2.27203 
    Module::Build       0.4210  
    Module::Signature   0.73    
    Parse::CPAN::Meta   1.4414  
    Test::Harness       3.33    
    Test::More          1.001008
    YAML                1.13    
    YAML::Syck          1.27    
    version             0.9909  


--

Summary of my perl5 (revision 5 version 18 subversion 2) configuration:
   
  Platform:
    osname=freebsd, osvers=9.2-release-p4, archname=amd64-freebsd
    uname='freebsd cvrsnica-freebsd-92 9.2-release-p4 freebsd 9.2-release-p4 #0: tue apr 8 18:08:22 utc 2014 root@amd64-builder.daemonology.net:usrobjusrsrcsysgeneric amd64 '
    config_args='-ds -e -Dprefix=/usr/perl5.18.2'
    hint=recommended, useposix=true, d_sigaction=define
    useithreads=undef, usemultiplicity=undef
    useperlio=define, d_sfio=undef, uselargefiles=define, usesocks=undef
    use64bitint=define, use64bitall=define, uselongdouble=undef
    usemymalloc=n, bincompat5005=undef
  Compiler:
    cc='cc', ccflags ='-DHAS_FPSETMASK -DHAS_FLOATINGPOINT_H -fno-strict-aliasing -pipe -fstack-protector -I/usr/local/include',
    optimize='-O',
    cppflags='-DHAS_FPSETMASK -DHAS_FLOATINGPOINT_H -fno-strict-aliasing -pipe -fstack-protector -I/usr/local/include'
    ccversion='', gccversion='4.2.1 20070831 patched [FreeBSD]', gccosandvers=''
    intsize=4, longsize=8, ptrsize=8, doublesize=8, byteorder=12345678
    d_longlong=define, longlongsize=8, d_longdbl=define, longdblsize=16
    ivtype='long', ivsize=8, nvtype='double', nvsize=8, Off_t='off_t', lseeksize=8
    alignbytes=8, prototype=define
  Linker and Libraries:
    ld='cc', ldflags ='-Wl,-E  -fstack-protector -L/usr/local/lib'
    libpth=/usr/lib /usr/local/lib
    libs=-lgdbm -lm -lcrypt -lutil -lc
    perllibs=-lm -lcrypt -lutil -lc
    libc=, so=so, useshrplib=false, libperl=libperl.a
    gnulibc_version=''
  Dynamic Linking:
    dlsrc=dl_dlopen.xs, dlext=so, d_dlsymun=undef, ccdlflags=' '
    cccdlflags='-DPIC -fPIC', lddlflags='-shared  -L/usr/local/lib -fstack-protector'


Characteristics of this binary (from libperl): 
  Compile-time options: HAS_TIMES PERLIO_LAYERS PERL_DONT_CREATE_GVSV
                        PERL_HASH_FUNC_ONE_AT_A_TIME_HARD PERL_MALLOC_WRAP
                        PERL_PRESERVE_IVUV PERL_SAWAMPERSAND USE_64_BIT_ALL
                        USE_64_BIT_INT USE_LARGE_FILES USE_LOCALE
                        USE_LOCALE_COLLATE USE_LOCALE_CTYPE
                        USE_LOCALE_NUMERIC USE_PERLIO USE_PERL_ATOF
  Built under freebsd
  Compiled at May 16 2014 01:27:28
  %ENV:
    PERL5LIB=""
    PERL5OPT=""
    PERL5_CPANPLUS_IS_RUNNING="84570"
    PERL5_CPAN_IS_RUNNING="84570"
    PERL5_CPAN_IS_RUNNING_IN_RECURSION="84550,84570"
    PERLDOC="-MPod::Perldoc::ToTextOverstrike"
    PERL_BATCH="yes"
    PERL_CPAN_REPORTER_CONFIG="/var/tmp/cpansmoker-1023/bEDznuvHo8_config.ini"
    PERL_EXTUTILS_AUTOINSTALL="--defaultdeps"
    PERL_HTML_DISPLAY_CLASS="HTML::Display::Mozilla"
  @INC:
    /usr/perl5.18.2/lib/site_perl/5.18.2/amd64-freebsd
    /usr/perl5.18.2/lib/site_perl/5.18.2
    /usr/perl5.18.2/lib/5.18.2/amd64-freebsd
    /usr/perl5.18.2/lib/5.18.2
    .