Report for Catalyst-DispatchType-Regex-5.90035

Back
From: metabase:user:9c36dc84-a30f-11e0-a9fc-0a18abbd4f2f
Subject: FAIL Catalyst-DispatchType-Regex-5.90035 v5.20.2 OpenBSD
Date: 2016-06-28T10:26:09Z

This distribution has been tested as part of the CPAN Testers
project, supporting the Perl programming language.  See
http://wiki.cpantesters.org/ for more information or email
questions to cpan-testers-discuss@perl.org


--
Dear Mark Grimes,

This is a computer-generated report for Catalyst-DispatchType-Regex-5.90035
on perl 5.20.2, created by CPAN-Reporter-1.2017.

Thank you for uploading your work to CPAN.  However, there was a problem
testing your distribution.

If you think this report is invalid, please consult the CPAN Testers Wiki
for suggestions on how to avoid getting FAIL reports for missing library
or binary dependencies, unsupported operating systems, and so on:

http://wiki.cpantesters.org/wiki/CPANAuthorNotes

Sections of this report:

    * Tester comments
    * Program output
    * Prerequisites
    * Environment and other context

------------------------------
TESTER COMMENTS
------------------------------

Additional comments from tester:

this report is from an automated smoke testing program
and was not reviewed by a human for accuracy

------------------------------
PROGRAM OUTPUT
------------------------------

Output from './Build test':

# Testing Catalyst::DispatchType::Regex 5.90035
t/01use.t .............................................. ok
DEPRECATION WARNING: The Regex dispatch type is deprecated.
  It is recommended that you convert Regex and LocalRegex 
  methods to Chained methods. at /var/cpan/Catalyst-DispatchType-Regex-5.90035-0/blib/lib/Catalyst/DispatchType/Regex.pm line 210.
t/aggregate/live_component_controller_action_regexp.t .. 
Failed 27/39 subtests 
DEPRECATION WARNING: The Regex dispatch type is deprecated.
  It is recommended that you convert Regex and LocalRegex 
  methods to Chained methods. at /var/cpan/Catalyst-DispatchType-Regex-5.90035-0/blib/lib/Catalyst/DispatchType/Regex.pm line 210.
t/aggregate/live_priorities.t .......................... ok
t/aggregate/unit_core_uri_for_action.t ................. 
No subtests run 

Test Summary Report
-------------------
t/aggregate/live_component_controller_action_regexp.t (Wstat: 11 Tests: 12 Failed: 0)
  Non-zero wait status: 11
  Parse errors: Bad plan.  You planned 39 tests but ran 12.
t/aggregate/unit_core_uri_for_action.t               (Wstat: 139 Tests: 0 Failed: 0)
  Non-zero wait status: 139
  Parse errors: No plan found in TAP output
Files=4, Tests=25,  7 wallclock secs ( 0.00 usr  0.23 sys +  2.73 cusr  4.44 csys =  7.40 CPU)
Result: FAIL
Failed 2/4 test programs. 0/25 subtests failed.

------------------------------
PREREQUISITES
------------------------------

Prerequisite modules loaded:

requires:

    Module               Need    Have    
    -------------------- ------- --------
    Catalyst::Runtime    5.90060 5.90105 
    Moose                0       2.1804  
    Text::Balanced       0       2.03    
    Text::SimpleTable    0       2.03    

build_requires:

    Module               Need    Have    
    -------------------- ------- --------
    Data::Dumper         0       2.154   
    MRO::Compat          0       0.12    
    namespace::autoclean 0       0.28    
    Scalar::Util         0       1.45_03 
    Test::More           0       1.302030

configure_requires:

    Module               Need    Have    
    -------------------- ------- --------
    Module::Build        0.4004  0.4218  


------------------------------
ENVIRONMENT AND OTHER CONTEXT
------------------------------

Environment variables:

    AUTOMATED_TESTING = 1
    PATH = /home/arfreitas/bin:/home/arfreitas/perl5/bin:/usr/bin:/bin:/usr/sbin:/sbin:/usr/X11R6/bin:/usr/local/bin:/usr/local/sbin
    PERL5LIB = /home/arfreitas/perl5/lib/perl5
    PERL5OPT = 
    PERL5_CPANPLUS_IS_RUNNING = 8067
    PERL5_CPAN_IS_RUNNING = 8067
    PERL5_CPAN_IS_RUNNING_IN_RECURSION = 25856,8067
    PERL_CR_SMOKER_CURRENT = Catalyst-Plugin-VersionedURI-1.2.0
    PERL_EXTUTILS_AUTOINSTALL = --defaultdeps
    PERL_LOCAL_LIB_ROOT = /home/arfreitas/perl5
    PERL_MB_OPT = --install_base "/home/arfreitas/perl5"
    PERL_MM_OPT = INSTALL_BASE=/home/arfreitas/perl5
    PERL_MM_USE_DEFAULT = 1
    SHELL = /usr/local/bin/bash
    TERM = vt220

Perl special variables (and OS-specific diagnostics, for MSWin32):

    $^X = /usr/bin/perl
    $UID/$EUID = 1000 / 1000
    $GID = 1000 1000 0
    $EGID = 1000 1000 0

Perl module toolchain versions installed:

    Module              Have    
    ------------------- --------
    CPAN                2.14    
    CPAN::Meta          2.150005
    Cwd                 3.62    
    ExtUtils::CBuilder  0.280224
    ExtUtils::Command   7.19_04 
    ExtUtils::Install   2.04    
    ExtUtils::MakeMaker 7.19_04 
    ExtUtils::Manifest  1.70    
    ExtUtils::ParseXS   3.30    
    File::Spec          3.62    
    JSON                2.90    
    JSON::PP            2.27400 
    Module::Build       0.4218  
    Module::Signature   n/a     
    Parse::CPAN::Meta   1.4417  
    Test::Harness       3.36    
    Test::More          1.302030
    YAML                1.15    
    YAML::Syck          n/a     
    version             0.9916  


--

Summary of my perl5 (revision 5 version 20 subversion 2) configuration:
   
  Platform:
    osname=openbsd, osvers=5.9, archname=amd64-openbsd
    uname='openbsd'
    config_args='-dsE -Dopenbsd_distribution=defined -Dccflags=-DNO_LOCALE_NUMERIC -DNO_LOCALE_COLLATE -Dmksymlinks'
    hint=recommended, useposix=true, d_sigaction=define
    useithreads=undef, usemultiplicity=undef
    use64bitint=define, use64bitall=define, uselongdouble=undef
    usemymalloc=n, bincompat5005=undef
  Compiler:
    cc='cc', ccflags ='-DNO_LOCALE_NUMERIC -DNO_LOCALE_COLLATE -fno-strict-aliasing -fno-delete-null-pointer-checks -pipe -fstack-protector -I/usr/local/include',
    optimize='-O2',
    cppflags='-DNO_LOCALE_NUMERIC -DNO_LOCALE_COLLATE -fno-strict-aliasing -fno-delete-null-pointer-checks -pipe -fstack-protector -I/usr/local/include'
    ccversion='', gccversion='4.2.1 20070719 ', gccosandvers='openbsd5.9'
    intsize=4, longsize=8, ptrsize=8, doublesize=8, byteorder=12345678
    d_longlong=define, longlongsize=8, d_longdbl=define, longdblsize=16
    ivtype='long', ivsize=8, nvtype='double', nvsize=8, Off_t='off_t', lseeksize=8
    alignbytes=8, prototype=define
  Linker and Libraries:
    ld='cc', ldflags ='-Wl,-E  -fstack-protector -L/usr/local/lib'
    libpth=/usr/lib /usr/local/lib
    libs=-lm -lutil -lc
    perllibs=-lm -lutil -lc
    libc=/usr/lib/libc.a, so=so, useshrplib=true, libperl=libperl.so.17.1
    gnulibc_version=''
  Dynamic Linking:
    dlsrc=dl_dlopen.xs, dlext=so, d_dlsymun=undef, ccdlflags='-Wl,-R/usr/libdata/perl5/amd64-openbsd/5.20.2/CORE'
    cccdlflags='-DPIC -fPIC ', lddlflags='-shared -fPIC  -fstack-protector -L/usr/local/lib'


Characteristics of this binary (from libperl): 
  Compile-time options: HAS_TIMES PERLIO_LAYERS PERL_DONT_CREATE_GVSV
                        PERL_HASH_FUNC_ONE_AT_A_TIME_HARD PERL_MALLOC_WRAP
                        PERL_NEW_COPY_ON_WRITE PERL_PRESERVE_IVUV
                        USE_64_BIT_ALL USE_64_BIT_INT USE_LARGE_FILES
                        USE_LOCALE USE_LOCALE_CTYPE USE_PERLIO USE_PERL_ATOF
  Built under openbsd
  Compiled at Feb 26 2016 01:02:08
  %ENV:
    PERL5LIB="/home/arfreitas/perl5/lib/perl5"
    PERL5OPT=""
    PERL5_CPANPLUS_IS_RUNNING="8067"
    PERL5_CPAN_IS_RUNNING="8067"
    PERL5_CPAN_IS_RUNNING_IN_RECURSION="25856,8067"
    PERL_CR_SMOKER_CURRENT="Catalyst-Plugin-VersionedURI-1.2.0"
    PERL_EXTUTILS_AUTOINSTALL="--defaultdeps"
    PERL_LOCAL_LIB_ROOT="/home/arfreitas/perl5"
    PERL_MB_OPT="--install_base "/home/arfreitas/perl5""
    PERL_MM_OPT="INSTALL_BASE=/home/arfreitas/perl5"
    PERL_MM_USE_DEFAULT="1"
  @INC:
    /home/arfreitas/perl5/lib/perl5/5.20.2/amd64-openbsd
    /home/arfreitas/perl5/lib/perl5/5.20.2
    /home/arfreitas/perl5/lib/perl5/amd64-openbsd
    /home/arfreitas/perl5/lib/perl5
    /usr/local/libdata/perl5/site_perl/amd64-openbsd
    /usr/libdata/perl5/site_perl/amd64-openbsd
    /usr/local/libdata/perl5/site_perl
    /usr/libdata/perl5/site_perl
    /usr/libdata/perl5/amd64-openbsd/5.20.2
    /usr/local/libdata/perl5/amd64-openbsd/5.20.2
    /usr/libdata/perl5
    /usr/local/libdata/perl5
    .