Net-Amazon-S3-ACL v0.1.0 Perl 5 v5.14.4 x86_64-linux

Status
Fail
From
Slaven Rezić (SREZIC)
Dist
Net-Amazon-S3-ACL v0.1.0
Platform
Perl 5 v5.14.4 x86_64-linux
Date
2020-02-20 06:46:32
ID
badfcb76-53ac-11ea-81d2-50461f24ea8f
This distribution has been tested as part of the CPAN Testers
project, supporting the Perl programming language.  See
http://wiki.cpantesters.org/ for more information or email
questions to cpan-testers-discuss@perl.org


--
Dear Flavio Poletti,

This is a computer-generated report for Net-Amazon-S3-ACL-0.1.0
on perl 5.14.4, created by CPAN-Reporter-1.2018.

Thank you for uploading your work to CPAN.  However, there was a problem
testing your distribution.

If you think this report is invalid, please consult the CPAN Testers Wiki
for suggestions on how to avoid getting FAIL reports for missing library
or binary dependencies, unsupported operating systems, and so on:

http://wiki.cpantesters.org/wiki/CPANAuthorNotes

Sections of this report:

    * Tester comments
    * Program output
    * Prerequisites
    * Environment and other context

------------------------------
TESTER COMMENTS
------------------------------

Additional comments from tester:

none provided

------------------------------
PROGRAM OUTPUT
------------------------------

Output from './Build test':

# Testing Net::Amazon::S3::ACL 0.1.0
t/00.load.t ........ ok
t/01.xml-helper.t .. ok
t/02.acl.t ......... ok
t/pod-coverage.t ... ok

#   Failed test 'POD test for blib/lib/Net/Amazon/S3/ACL.pm'
#   at /opt/perl-5.14.4/lib/site_perl/5.14.4/Test/Pod.pm line 184.
# blib/lib/Net/Amazon/S3/ACL.pm (488): Non-ASCII character seen before =encoding in 'è'. Assuming CP1252

#   Failed test 'POD test for blib/lib/Net/Amazon/S3/ACL/Grant.pm'
#   at /opt/perl-5.14.4/lib/site_perl/5.14.4/Test/Pod.pm line 184.
# blib/lib/Net/Amazon/S3/ACL/Grant.pm (589): Non-ASCII character seen before =encoding in 'è'. Assuming CP1252

#   Failed test 'POD test for blib/lib/Net/Amazon/S3/ACL/XMLHelper.pm'
#   at /opt/perl-5.14.4/lib/site_perl/5.14.4/Test/Pod.pm line 184.
# blib/lib/Net/Amazon/S3/ACL/XMLHelper.pm (100): Non-ASCII character seen before =encoding in 'è'. Assuming CP1252

#   Failed test 'POD test for blib/lib/Net/Amazon/S3/ACL/Grant/ID.pm'
#   at /opt/perl-5.14.4/lib/site_perl/5.14.4/Test/Pod.pm line 184.
# blib/lib/Net/Amazon/S3/ACL/Grant/ID.pm (137): Non-ASCII character seen before =encoding in 'è'. Assuming CP1252

#   Failed test 'POD test for blib/lib/Net/Amazon/S3/ACL/Grant/Email.pm'
#   at /opt/perl-5.14.4/lib/site_perl/5.14.4/Test/Pod.pm line 184.
# blib/lib/Net/Amazon/S3/ACL/Grant/Email.pm (132): Non-ASCII character seen before =encoding in 'è'. Assuming CP1252

#   Failed test 'POD test for blib/lib/Net/Amazon/S3/ACL/Grant/URI.pm'
#   at /opt/perl-5.14.4/lib/site_perl/5.14.4/Test/Pod.pm line 184.
# blib/lib/Net/Amazon/S3/ACL/Grant/URI.pm (190): Non-ASCII character seen before =encoding in 'è'. Assuming CP1252
# Looks like you failed 6 tests of 6.
t/pod.t ............ 
Dubious, test returned 6 (wstat 1536, 0x600)
Failed 6/6 subtests 

Test Summary Report
-------------------
t/pod.t          (Wstat: 1536 Tests: 6 Failed: 6)
  Failed tests:  1-6
  Non-zero exit status: 6
Files=5, Tests=143,  0 wallclock secs ( 0.03 usr  0.04 sys +  0.32 cusr  0.12 csys =  0.51 CPU)
Result: FAIL
Failed 1/5 test programs. 6/143 subtests failed.

------------------------------
PREREQUISITES
------------------------------

Prerequisite modules loaded:

requires:

    Module                    Need Have    
    ------------------------- ---- --------
    Class::Accessor::Fast     0    0.51    
    Test::More                0    1.302170
    version                   0    0.9924  
    XML::LibXML               0    2.0200  
    XML::LibXML::XPathContext 0    2.0200  


------------------------------
ENVIRONMENT AND OTHER CONTEXT
------------------------------

Environment variables:

    LANG = C
    PATH = /usr/local/bin:/usr/bin:/bin:/usr/local/sbin:/usr/sbin:/sbin:/home/cpansand/bin/linux-gnu:/home/cpansand/bin/sh:/home/cpansand/bin:/usr/games:/home/cpansand/devel:/home/eserte/src/srezic-misc/scripts
    PERL5LIB = 
    PERL5OPT = 
    PERL5_CPANPLUS_IS_RUNNING = 26649
    PERL5_CPAN_IS_RUNNING = 26649
    PERL5_CPAN_IS_RUNNING_IN_RECURSION = 24652,26649
    PERLDOC = -MPod::Perldoc::ToTextOverstrike
    PERL_BATCH = yes
    PERL_CANARY_STABILITY_NOPROMPT = 1
    PERL_CPAN_REPORTER_CONFIG = /var/tmp/cpansmoker-1023/2020022006/cpanreporter_000_config.ini
    PERL_EXTUTILS_AUTOINSTALL = --defaultdeps
    PERL_USE_UNSAFE_INC = 1
    SHELL = /usr/bin/zsh
    TERM = screen
    TMPDIR = /var/tmp/cpansmoker-1023/2020022006

Perl special variables (and OS-specific diagnostics, for MSWin32):

    $^X = /data/perl/perl-5.14.4/bin/perl
    $UID/$EUID = 1023 / 1023
    $GID = 1023 1023
    $EGID = 1023 1023

Perl module toolchain versions installed:

    Module              Have    
    ------------------- --------
    CPAN                2.26    
    CPAN::Meta          2.150010
    Cwd                 3.75    
    ExtUtils::CBuilder  0.280231
    ExtUtils::Command   7.38    
    ExtUtils::Install   2.06    
    ExtUtils::MakeMaker 7.38    
    ExtUtils::Manifest  1.70    
    ExtUtils::ParseXS   3.35    
    File::Spec          3.75    
    JSON                4.02    
    JSON::PP            4.04    
    Module::Build       0.4231  
    Module::Signature   0.83    
    Parse::CPAN::Meta   2.150010
    Test::Harness       3.42    
    Test::More          1.302170
    YAML                1.30    
    YAML::Syck          1.32    
    version             0.9924  


--

Summary of my perl5 (revision 5 version 14 subversion 4) configuration:
   
  Platform:
    osname=linux, osvers=4.9.0-8-amd64, archname=x86_64-linux
    uname='linux eserte 4.9.0-8-amd64 #1 smp debian 4.9.130-2 (2018-10-27) x86_64 gnulinux '
    config_args='-ds -e -Dprefix=/opt/perl-5.14.4 -Dcf_email=srezic@cpan.org'
    hint=recommended, useposix=true, d_sigaction=define
    useithreads=undef, usemultiplicity=undef
    useperlio=define, d_sfio=undef, uselargefiles=define, usesocks=undef
    use64bitint=define, use64bitall=define, uselongdouble=undef
    usemymalloc=n, bincompat5005=undef
  Compiler:
    cc='cc', ccflags ='-fno-strict-aliasing -pipe -fstack-protector -I/usr/local/include -D_LARGEFILE_SOURCE -D_FILE_OFFSET_BITS=64',
    optimize='-O2',
    cppflags='-fno-strict-aliasing -pipe -fstack-protector -I/usr/local/include'
    ccversion='', gccversion='6.3.0 20170516', gccosandvers=''
    intsize=4, longsize=8, ptrsize=8, doublesize=8, byteorder=12345678
    d_longlong=define, longlongsize=8, d_longdbl=define, longdblsize=16
    ivtype='long', ivsize=8, nvtype='double', nvsize=8, Off_t='off_t', lseeksize=8
    alignbytes=8, prototype=define
  Linker and Libraries:
    ld='cc', ldflags =' -fstack-protector -L/usr/local/lib'
    libpth=/usr/local/lib /lib/x86_64-linux-gnu /lib/../lib /usr/lib/x86_64-linux-gnu /usr/lib/../lib /lib /usr/lib
    libs=-lnsl -ldb -ldl -lm -lcrypt -lutil -lc
    perllibs=-lnsl -ldl -lm -lcrypt -lutil -lc
    libc=libc-2.24.so, so=so, useshrplib=false, libperl=libperl.a
    gnulibc_version='2.24'
  Dynamic Linking:
    dlsrc=dl_dlopen.xs, dlext=so, d_dlsymun=undef, ccdlflags='-Wl,-E'
    cccdlflags='-fPIC', lddlflags='-shared -O2 -L/usr/local/lib -fstack-protector'


Characteristics of this binary (from libperl): 
  Compile-time options: PERL_DONT_CREATE_GVSV PERL_MALLOC_WRAP
                        PERL_PRESERVE_IVUV USE_64_BIT_ALL USE_64_BIT_INT
                        USE_LARGE_FILES USE_PERLIO USE_PERL_ATOF
  Locally applied patches:
	Devel::PatchPerl 1.46
  Built under linux
  Compiled at Jan  4 2019 19:32:45
  %ENV:
    PERL5LIB=""
    PERL5OPT=""
    PERL5_CPANPLUS_IS_RUNNING="26649"
    PERL5_CPAN_IS_RUNNING="26649"
    PERL5_CPAN_IS_RUNNING_IN_RECURSION="24652,26649"
    PERLDOC="-MPod::Perldoc::ToTextOverstrike"
    PERL_BATCH="yes"
    PERL_CANARY_STABILITY_NOPROMPT="1"
    PERL_CPAN_REPORTER_CONFIG="/var/tmp/cpansmoker-1023/2020022006/cpanreporter_000_config.ini"
    PERL_EXTUTILS_AUTOINSTALL="--defaultdeps"
    PERL_USE_UNSAFE_INC="1"
  @INC:
    /opt/perl-5.14.4/lib/site_perl/5.14.4/x86_64-linux
    /opt/perl-5.14.4/lib/site_perl/5.14.4
    /opt/perl-5.14.4/lib/5.14.4/x86_64-linux
    /opt/perl-5.14.4/lib/5.14.4
    .