Back
From: metabase:user:322078bc-2aae-11df-837a-5e0a49663a4f
Subject: FAIL Scalar-Construct-0.000 v5.8.9 GNU/Linux
Date: 2012-02-07T22:33:17Z
This distribution has been tested as part of the CPAN Testers
project, supporting the Perl programming language. See
http://wiki.cpantesters.org/ for more information or email
questions to cpan-testers-discuss@perl.org
--
Dear ZEFRAM,
This is a computer-generated error report created automatically by
CPANPLUS, version 0.9116. Testers personal comments may appear
at the end of this report.
Thank you for uploading your work to CPAN. However, it appears that
there were some problems testing your distribution.
TEST RESULTS:
Below is the error stack from stage 'make test':
[MSG] [Tue Feb 7 22:32:22 2012] Building Scalar-Construct
cc -I/home/cpan/pit/bare/perl-5.8.9/lib/5.8.9/x86_64-linux/CORE -DXS_VERSION="0.000" -DVERSION="0.000" -fPIC -c -fno-strict-aliasing -pipe -I/usr/local/include -D_LARGEFILE_SOURCE -D_FILE_OFFSET_BITS=64 -O2 -o lib/Scalar/Construct.o lib/Scalar/Construct.c
ExtUtils::Mkbootstrap::Mkbootstrap('blib/arch/auto/Scalar/Construct/Construct.bs')
cc -shared -O2 -L/usr/local/lib -o blib/arch/auto/Scalar/Construct/Construct.so lib/Scalar/Construct.o
[ERROR] [Tue Feb 7 22:32:22 2012] MAKE TEST failed:
# Failed test 'use Scalar::Construct;'
# at t/aliasobj.t line 6.
# Tried to use 'Scalar::Construct'.
# Error: Can't locate parent.pm in @INC (@INC contains: /home/cpan/pit/bare/conf/perl-5.8.9/.cpanplus/5.8.9/build/Scalar-Construct-0.000/blib/lib /home/cpan/pit/bare/conf/perl-5.8.9/.cpanplus/5.8.9/build/Scalar-Construct-0.000/blib/arch /home/cpan/pit/bare/conf/perl-5.8.9/.cpanplus/5.8.9/build/Scalar-Construct-0.000/blib/lib /home/cpan/pit/bare/conf/perl-5.8.9/.cpanplus/5.8.9/build/Scalar-Construct-0.000/blib/arch /home/cpan/pit/bare/perl-5.8.9/lib/5.8.9/x86_64-linux /home/cpan/pit/bare/perl-5.8.9/lib/5.8.9 /home/cpan/pit/bare/perl-5.8.9/lib/site_perl/5.8.9/x86_64-linux /home/cpan/pit/bare/perl-5.8.9/lib/site_perl/5.8.9 .) at /home/cpan/pit/bare/conf/perl-5.8.9/.cpanplus/5.8.9/build/Scalar-Construct-0.000/blib/lib/Scalar/Construct.pm line 31.
# BEGIN failed--compilation aborted at /home/cpan/pit/bare/conf/perl-5.8.9/.cpanplus/5.8.9/build/Scalar-Construct-0.000/blib/lib/Scalar/Construct.pm line 31.
# Compilation failed in require at (eval 4) line 2.
# BEGIN failed--compilation aborted at (eval 4) line 2.
Undefined subroutine &main::aliasobj called at t/aliasobj.t line 11.
# Looks like you planned 23 tests but ran 1.
# Looks like you failed 1 test of 1 run.
# Looks like your test exited with 255 just after 1.
t/aliasobj.t .....
Dubious, test returned 255 (wstat 65280, 0xff00)
Failed 23/23 subtests
# Failed test 'use Scalar::Construct;'
# at t/aliasref.t line 6.
# Tried to use 'Scalar::Construct'.
# Error: Can't locate parent.pm in @INC (@INC contains: /home/cpan/pit/bare/conf/perl-5.8.9/.cpanplus/5.8.9/build/Scalar-Construct-0.000/blib/lib /home/cpan/pit/bare/conf/perl-5.8.9/.cpanplus/5.8.9/build/Scalar-Construct-0.000/blib/arch /home/cpan/pit/bare/conf/perl-5.8.9/.cpanplus/5.8.9/build/Scalar-Construct-0.000/blib/lib /home/cpan/pit/bare/conf/perl-5.8.9/.cpanplus/5.8.9/build/Scalar-Construct-0.000/blib/arch /home/cpan/pit/bare/perl-5.8.9/lib/5.8.9/x86_64-linux /home/cpan/pit/bare/perl-5.8.9/lib/5.8.9 /home/cpan/pit/bare/perl-5.8.9/lib/site_perl/5.8.9/x86_64-linux /home/cpan/pit/bare/perl-5.8.9/lib/site_perl/5.8.9 .) at /home/cpan/pit/bare/conf/perl-5.8.9/.cpanplus/5.8.9/build/Scalar-Construct-0.000/blib/lib/Scalar/Construct.pm line 31.
# BEGIN failed--compilation aborted at /home/cpan/pit/bare/conf/perl-5.8.9/.cpanplus/5.8.9/build/Scalar-Construct-0.000/blib/lib/Scalar/Construct.pm line 31.
# Compilation failed in require at (eval 4) line 2.
# BEGIN failed--compilation aborted at (eval 4) line 2.
# Failed test at t/aliasref.t line 8.
# 'Undefined subroutine &main::aliasref called at t/aliasref.t line 8.
# '
# doesn't match '(?-xism:\Anot a scalar reference)'
# Failed test at t/aliasref.t line 9.
# 'Undefined subroutine &main::aliasref called at t/aliasref.t line 9.
# '
# doesn't match '(?-xism:\Anot a scalar reference)'
Undefined subroutine &main::aliasref called at t/aliasref.t line 14.
# Looks like you planned 25 tests but ran 3.
# Looks like you failed 3 tests of 3 run.
# Looks like your test exited with 255 just after 3.
t/aliasref.t .....
Dubious, test returned 255 (wstat 65280, 0xff00)
Failed 25/25 subtests
# Failed test 'use Scalar::Construct;'
# at t/constant.t line 6.
# Tried to use 'Scalar::Construct'.
# Error: Can't locate parent.pm in @INC (@INC contains: /home/cpan/pit/bare/conf/perl-5.8.9/.cpanplus/5.8.9/build/Scalar-Construct-0.000/blib/lib /home/cpan/pit/bare/conf/perl-5.8.9/.cpanplus/5.8.9/build/Scalar-Construct-0.000/blib/arch /home/cpan/pit/bare/conf/perl-5.8.9/.cpanplus/5.8.9/build/Scalar-Construct-0.000/blib/lib /home/cpan/pit/bare/conf/perl-5.8.9/.cpanplus/5.8.9/build/Scalar-Construct-0.000/blib/arch /home/cpan/pit/bare/perl-5.8.9/lib/5.8.9/x86_64-linux /home/cpan/pit/bare/perl-5.8.9/lib/5.8.9 /home/cpan/pit/bare/perl-5.8.9/lib/site_perl/5.8.9/x86_64-linux /home/cpan/pit/bare/perl-5.8.9/lib/site_perl/5.8.9 .) at /home/cpan/pit/bare/conf/perl-5.8.9/.cpanplus/5.8.9/build/Scalar-Construct-0.000/blib/lib/Scalar/Construct.pm line 31.
# BEGIN failed--compilation aborted at /home/cpan/pit/bare/conf/perl-5.8.9/.cpanplus/5.8.9/build/Scalar-Construct-0.000/blib/lib/Scalar/Construct.pm line 31.
# Compilation failed in require at (eval 4) line 2.
# BEGIN failed--compilation aborted at (eval 4) line 2.
Undefined subroutine &main::constant called at t/constant.t line 10.
# Looks like you planned 28 tests but ran 1.
# Looks like you failed 1 test of 1 run.
# Looks like your test exited with 255 just after 1.
t/constant.t .....
Dubious, test returned 255 (wstat 65280, 0xff00)
Failed 28/28 subtests
t/pod_cvg.t ...... skipped: Test::Pod::Coverage not available
t/pod_syn.t ...... skipped: Test::Pod not available
# Failed test 'require Scalar::Construct;'
# at t/short_names.t line 6.
# Tried to require 'Scalar::Construct'.
# Error: Can't locate parent.pm in @INC (@INC contains: /home/cpan/pit/bare/conf/perl-5.8.9/.cpanplus/5.8.9/build/Scalar-Construct-0.000/blib/lib /home/cpan/pit/bare/conf/perl-5.8.9/.cpanplus/5.8.9/build/Scalar-Construct-0.000/blib/arch /home/cpan/pit/bare/conf/perl-5.8.9/.cpanplus/5.8.9/build/Scalar-Construct-0.000/blib/lib /home/cpan/pit/bare/conf/perl-5.8.9/.cpanplus/5.8.9/build/Scalar-Construct-0.000/blib/arch /home/cpan/pit/bare/perl-5.8.9/lib/5.8.9/x86_64-linux /home/cpan/pit/bare/perl-5.8.9/lib/5.8.9 /home/cpan/pit/bare/perl-5.8.9/lib/site_perl/5.8.9/x86_64-linux /home/cpan/pit/bare/perl-5.8.9/lib/site_perl/5.8.9 .) at /home/cpan/pit/bare/conf/perl-5.8.9/.cpanplus/5.8.9/build/Scalar-Construct-0.000/blib/lib/Scalar/Construct.pm line 31.
# BEGIN failed--compilation aborted at /home/cpan/pit/bare/conf/perl-5.8.9/.cpanplus/5.8.9/build/Scalar-Construct-0.000/blib/lib/Scalar/Construct.pm line 31.
# Compilation failed in require at (eval 4) line 2.
# Failed test at t/short_names.t line 16.
# Failed test at t/short_names.t line 17.
# Failed test at t/short_names.t line 16.
# Failed test at t/short_names.t line 17.
# Failed test at t/short_names.t line 16.
# Failed test at t/short_names.t line 17.
# Failed test at t/short_names.t line 16.
# Failed test at t/short_names.t line 17.
# Looks like you failed 9 tests of 13.
t/short_names.t ..
Dubious, test returned 9 (wstat 2304, 0x900)
Failed 9/13 subtests
# Failed test 'use Scalar::Construct;'
# at t/variable.t line 6.
# Tried to use 'Scalar::Construct'.
# Error: Can't locate parent.pm in @INC (@INC contains: /home/cpan/pit/bare/conf/perl-5.8.9/.cpanplus/5.8.9/build/Scalar-Construct-0.000/blib/lib /home/cpan/pit/bare/conf/perl-5.8.9/.cpanplus/5.8.9/build/Scalar-Construct-0.000/blib/arch /home/cpan/pit/bare/conf/perl-5.8.9/.cpanplus/5.8.9/build/Scalar-Construct-0.000/blib/lib /home/cpan/pit/bare/conf/perl-5.8.9/.cpanplus/5.8.9/build/Scalar-Construct-0.000/blib/arch /home/cpan/pit/bare/perl-5.8.9/lib/5.8.9/x86_64-linux /home/cpan/pit/bare/perl-5.8.9/lib/5.8.9 /home/cpan/pit/bare/perl-5.8.9/lib/site_perl/5.8.9/x86_64-linux /home/cpan/pit/bare/perl-5.8.9/lib/site_perl/5.8.9 .) at /home/cpan/pit/bare/conf/perl-5.8.9/.cpanplus/5.8.9/build/Scalar-Construct-0.000/blib/lib/Scalar/Construct.pm line 31.
# BEGIN failed--compilation aborted at /home/cpan/pit/bare/conf/perl-5.8.9/.cpanplus/5.8.9/build/Scalar-Construct-0.000/blib/lib/Scalar/Construct.pm line 31.
# Compilation failed in require at (eval 4) line 2.
# BEGIN failed--compilation aborted at (eval 4) line 2.
Undefined subroutine &main::variable called at t/variable.t line 10.
# Looks like you planned 30 tests but ran 1.
# Looks like you failed 1 test of 1 run.
# Looks like your test exited with 255 just after 1.
t/variable.t .....
Dubious, test returned 255 (wstat 65280, 0xff00)
Failed 30/30 subtests
Test Summary Report
-------------------
t/aliasobj.t (Wstat: 65280 Tests: 1 Failed: 1)
Failed test: 1
Non-zero exit status: 255
Parse errors: Bad plan. You planned 23 tests but ran 1.
t/aliasref.t (Wstat: 65280 Tests: 3 Failed: 3)
Failed tests: 1-3
Non-zero exit status: 255
Parse errors: Bad plan. You planned 25 tests but ran 3.
t/constant.t (Wstat: 65280 Tests: 1 Failed: 1)
Failed test: 1
Non-zero exit status: 255
Parse errors: Bad plan. You planned 28 tests but ran 1.
t/short_names.t (Wstat: 2304 Tests: 13 Failed: 9)
Failed tests: 1-3, 5-6, 8-9, 11-12
Non-zero exit status: 9
t/variable.t (Wstat: 65280 Tests: 1 Failed: 1)
Failed test: 1
Non-zero exit status: 255
Parse errors: Bad plan. You planned 30 tests but ran 1.
Files=7, Tests=19, 0 wallclock secs ( 0.03 usr 0.02 sys + 0.10 cusr 0.02 csys = 0.17 CPU)
Result: FAIL
Failed 5/7 test programs. 15/19 subtests failed.
BEGIN failed--compilation aborted at -e line 1.
[MSG] [Tue Feb 7 22:32:22 2012] DEFAULT 'proceed_on_test_failure' HANDLER RETURNING 'sub return value'
MISSING PREREQUISITES:
It was observed that the test suite seem to fail without these modules:
parent
As such, adding the prerequisite module(s) to 'PREREQ_PM' in your
Makefile.PL should solve this problem. For example:
WriteMakefile(
AUTHOR => 'ZEFRAM (cpanplus-info@lists.sf.net)',
... # other information
PREREQ_PM => {
'parent' => '0', # or a minimum working version
}
);
Thanks! :-)
PREREQUISITES:
Here is a list of prerequisites you specified and versions we
managed to load:
Module Name Have Want
ExtUtils::CBuilder 0.280202 0.15
Module::Build 0.3800 0
Test::More 0.98 0
XSLoader 0.10 0
strict 1.03 0
warnings 1.05_01 0
Perl module toolchain versions installed:
Module Name Have
CPANPLUS 0.9116
CPANPLUS::Dist::Build 0.60
Cwd 3.33
ExtUtils::CBuilder 0.280202
ExtUtils::Command 1.16
ExtUtils::Install 1.54
ExtUtils::MakeMaker 6.62
ExtUtils::Manifest 1.60
ExtUtils::ParseXS 3.11
File::Spec 3.33
Module::Build 0.3800
Test::Harness 3.23
Test::More 0.98
version 0.95
******************************** NOTE ********************************
The comments above are created mechanically, possibly without manual
checking by the sender. As there are many people performing automatic
tests on each upload to CPAN, it is likely that you will receive
identical messages about the same problem.
If you believe that the message is mistaken, please reply to the first
one with correction and/or additional informations, and do not take
it personally. We appreciate your patience. :)
**********************************************************************
Additional comments:
This report was machine-generated by CPANPLUS::Dist::YACSmoke 0.66.
Powered by minismokebox version 0.54
------------------------------
ENVIRONMENT AND OTHER CONTEXT
------------------------------
Environment variables:
AUTOMATED_TESTING = 1
LANG = en_US
LC_COLLATE = C
PATH = /usr/local/bin:/usr/bin:/bin:/usr/games:/usr/lib64/java/bin:/usr/lib64/qt/bin:/usr/share/texmf/bin:.
PERL5LIB = :/home/cpan/pit/bare/conf/perl-5.8.9/.cpanplus/5.8.9/build/Scalar-Construct-0.000/blib/lib:/home/cpan/pit/bare/conf/perl-5.8.9/.cpanplus/5.8.9/build/Scalar-Construct-0.000/blib/arch
PERL5_CPANPLUS_IS_RUNNING = 29815
PERL5_CPANPLUS_IS_VERSION = 0.9116
PERL5_MINISMOKEBOX = 0.54
PERL5_YACSMOKE_BASE = /home/cpan/pit/bare/conf/perl-5.8.9
PERL_EXTUTILS_AUTOINSTALL = --defaultdeps
PERL_MM_USE_DEFAULT = 1
SHELL = /bin/bash
TERM = screen
Perl special variables (and OS-specific diagnostics, for MSWin32):
Perl: $^X = /home/cpan/pit/bare/perl-5.8.9/bin/perl
UID: $< = 1001
EUID: $> = 1001
GID: $( = 100 100
EGID: $) = 100 100
-------------------------------
--
Summary of my perl5 (revision 5 version 8 subversion 9) configuration:
Platform:
osname=linux, osvers=2.6.33.4, archname=x86_64-linux
uname='linux slack64 2.6.33.4 #3 smp wed may 12 23:13:09 cdt 2010 x86_64 intel(r) xeon(r) cpu e5520 @ 2.27ghz genuineintel gnulinux '
config_args='-des -Dprefix=/home/cpan/pit/bare/perl-5.8.9'
hint=recommended, useposix=true, d_sigaction=define
usethreads=undef use5005threads=undef useithreads=undef usemultiplicity=undef
useperlio=define d_sfio=undef uselargefiles=define usesocks=undef
use64bitint=define use64bitall=define uselongdouble=undef
usemymalloc=n, bincompat5005=undef
Compiler:
cc='cc', ccflags ='-fno-strict-aliasing -pipe -I/usr/local/include -D_LARGEFILE_SOURCE -D_FILE_OFFSET_BITS=64',
optimize='-O2',
cppflags='-fno-strict-aliasing -pipe -I/usr/local/include'
ccversion='', gccversion='4.4.4', gccosandvers=''
intsize=4, longsize=8, ptrsize=8, doublesize=8, byteorder=12345678
d_longlong=define, longlongsize=8, d_longdbl=define, longdblsize=16
ivtype='long', ivsize=8, nvtype='double', nvsize=8, Off_t='off_t', lseeksize=8
alignbytes=8, prototype=define
Linker and Libraries:
ld='cc', ldflags =' -L/usr/local/lib'
libpth=/usr/local/lib /lib /usr/lib /lib64 /usr/lib64 /usr/local/lib64
libs=-lnsl -lgdbm -ldb -ldl -lm -lcrypt -lutil -lc
perllibs=-lnsl -ldl -lm -lcrypt -lutil -lc
libc=, so=so, useshrplib=false, libperl=libperl.a
gnulibc_version='2.11.1'
Dynamic Linking:
dlsrc=dl_dlopen.xs, dlext=so, d_dlsymun=undef, ccdlflags='-Wl,-E'
cccdlflags='-fPIC', lddlflags='-shared -O2 -L/usr/local/lib'
Characteristics of this binary (from libperl):
Compile-time options: PERL_MALLOC_WRAP USE_64_BIT_ALL USE_64_BIT_INT
USE_FAST_STDIO USE_LARGE_FILES USE_PERLIO
Built under linux
Compiled at Feb 15 2011 14:02:07
%ENV:
PERL5LIB=":/home/cpan/pit/bare/conf/perl-5.8.9/.cpanplus/5.8.9/build/Scalar-Construct-0.000/blib/lib:/home/cpan/pit/bare/conf/perl-5.8.9/.cpanplus/5.8.9/build/Scalar-Construct-0.000/blib/arch"
PERL5_CPANPLUS_IS_RUNNING="29815"
PERL5_CPANPLUS_IS_VERSION="0.9116"
PERL5_MINISMOKEBOX="0.54"
PERL5_YACSMOKE_BASE="/home/cpan/pit/bare/conf/perl-5.8.9"
PERL_EXTUTILS_AUTOINSTALL="--defaultdeps"
PERL_MM_USE_DEFAULT="1"
@INC:
/home/cpan/pit/bare/conf/perl-5.8.9/.cpanplus/5.8.9/build/Scalar-Construct-0.000/blib/lib
/home/cpan/pit/bare/conf/perl-5.8.9/.cpanplus/5.8.9/build/Scalar-Construct-0.000/blib/arch
/home/cpan/pit/bare/perl-5.8.9/lib/5.8.9/x86_64-linux
/home/cpan/pit/bare/perl-5.8.9/lib/5.8.9
/home/cpan/pit/bare/perl-5.8.9/lib/site_perl/5.8.9/x86_64-linux
/home/cpan/pit/bare/perl-5.8.9/lib/site_perl/5.8.9
.