Report for Catalyst-TraitFor-Request-PerLanguageDomains-0.03

Back
From: metabase:user:320bfe00-2aae-11df-837a-5e0a49663a4f
Subject: FAIL Catalyst-TraitFor-Request-PerLanguageDomains-0.03 v5.17.2 GNU/Linux
Date: 2012-07-01T05:36:39Z

This distribution has been tested as part of the CPAN Testers
project, supporting the Perl programming language.  See
http://wiki.cpantesters.org/ for more information or email
questions to cpan-testers-discuss@perl.org


--
Dear Tomas Doran,

This is a computer-generated report for Catalyst-TraitFor-Request-PerLanguageDomains-0.03
on perl 5.17.2, created by CPAN-Reporter-1.2006.

Thank you for uploading your work to CPAN.  However, there was a problem
testing your distribution.

If you think this report is invalid, please consult the CPAN Testers Wiki
for suggestions on how to avoid getting FAIL reports for missing library
or binary dependencies, unsupported operating systems, and so on:

http://wiki.cpantesters.org/wiki/CPANAuthorNotes

Sections of this report:

    * Tester comments
    * Program output
    * Prerequisites
    * Environment and other context

------------------------------
TESTER COMMENTS
------------------------------

Additional comments from tester:

this report is from an automated smoke testing program
and was not reviewed by a human for accuracy

------------------------------
PROGRAM OUTPUT
------------------------------

Output from '/usr/bin/make test':

PERL_DL_NONLAZY=1 /mnt/k75/homesand/src/perl/repoperls/installed-perls/perl/v5.17.1-263-g1b5aaca/127e/bin/perl "-MExtUtils::Command::MM" "-e" "test_harness(0, 'inc', 'blib/lib', 'blib/arch')" t/*.t
t/00-load.t .............. ok
'Catalyst::TraitFor::Request::PerLanguageDomains' requires the method '_context' to be implemented by 'Moose::Meta::Class::__ANON__::SERIAL::16' at /home/src/perl/repoperls/installed-perls/perl/v5.17.1-263-g1b5aaca/127e/lib/site_perl/5.17.2/x86_64-linux-ld/Moose/Meta/Role/Application/ToClass.pm line 134.
	Moose::Meta::Role::Application::ToClass::check_required_methods('Moose::Meta::Role::Application::ToClass=HASH(0x3ab39e0)', 'Moose::Meta::Role=HASH(0x36c72e8)', 'Moose::Meta::Class=HASH(0x2c0d440)') called at /home/src/perl/repoperls/installed-perls/perl/v5.17.1-263-g1b5aaca/127e/lib/site_perl/5.17.2/x86_64-linux-ld/Moose/Meta/Role/Application.pm line 55
	Moose::Meta::Role::Application::apply('Moose::Meta::Role::Application::ToClass=HASH(0x3ab39e0)', 'Moose::Meta::Role=HASH(0x36c72e8)', 'Moose::Meta::Class=HASH(0x2c0d440)') called at /home/src/perl/repoperls/installed-perls/perl/v5.17.1-263-g1b5aaca/127e/lib/site_perl/5.17.2/x86_64-linux-ld/Moose/Meta/Role/Application/ToClass.pm line 36
	Moose::Meta::Role::Application::ToClass::apply('Moose::Meta::Role::Application::ToClass=HASH(0x3ab39e0)', 'Moose::Meta::Role=HASH(0x36c72e8)', 'Moose::Meta::Class=HASH(0x2c0d440)', 'HASH(0x3a50368)') called at /home/src/perl/repoperls/installed-perls/perl/v5.17.1-263-g1b5aaca/127e/lib/site_perl/5.17.2/x86_64-linux-ld/Moose/Meta/Role.pm line 470
	Moose::Meta::Role::apply('Moose::Meta::Role=HASH(0x36c72e8)', 'Moose::Meta::Class=HASH(0x2c0d440)') called at /home/src/perl/repoperls/installed-perls/perl/v5.17.1-263-g1b5aaca/127e/lib/site_perl/5.17.2/x86_64-linux-ld/Moose/Util.pm line 160
	Moose::Util::_apply_all_roles('Moose::Meta::Class=HASH(0x2c0d440)', undef, 'Catalyst::TraitFor::Request::PerLanguageDomains') called at /home/src/perl/repoperls/installed-perls/perl/v5.17.1-263-g1b5aaca/127e/lib/site_perl/5.17.2/x86_64-linux-ld/Moose/Util.pm line 99
	Moose::Util::apply_all_roles('Moose::Meta::Class=HASH(0x2c0d440)', 'Catalyst::TraitFor::Request::PerLanguageDomains') called at /home/src/perl/repoperls/installed-perls/perl/v5.17.1-263-g1b5aaca/127e/lib/site_perl/5.17.2/x86_64-linux-ld/Moose/Meta/Class.pm line 104
	Moose::Meta::Class::create('Moose::Meta::Class', 'Moose::Meta::Class::__ANON__::SERIAL::16', 'roles', 'ARRAY(0x2c0bcc8)', 'weaken', '', 'superclasses', 'ARRAY(0x2c0be00)') called at /home/src/perl/repoperls/installed-perls/perl/v5.17.1-263-g1b5aaca/127e/lib/site_perl/5.17.2/x86_64-linux-ld/Class/MOP/Package.pm line 120
	Class::MOP::Package::create_anon('Moose::Meta::Class', 'superclasses', 'ARRAY(0x2c0be00)', 'roles', 'ARRAY(0x2c0bcc8)', 'cache', 1) called at /home/src/perl/repoperls/installed-perls/perl/v5.17.1-263-g1b5aaca/127e/lib/site_perl/5.17.2/x86_64-linux-ld/Class/MOP/Class.pm line 474
	Class::MOP::Class::create_anon_class('Moose::Meta::Class', 'superclasses', 'ARRAY(0x2c0be00)', 'roles', 'ARRAY(0x2c0bcc8)', 'cache', 1) called at /home/src/perl/repoperls/installed-perls/perl/v5.17.1-263-g1b5aaca/127e/lib/site_perl/5.17.2/MooseX/RelatedClassRoles.pm line 42
	Moose::Meta::Role::__ANON__::SERIAL::11::apply_request_class_roles('TestApp', 'Catalyst::TraitFor::Request::PerLanguageDomains') called at /tmp/loop_over_bdir-76zyKZ/Catalyst-TraitFor-Request-PerLanguageDomains-0.03-YqYoeA/t/lib/TestApp.pm line 24
	require TestApp.pm called at /home/src/perl/repoperls/installed-perls/perl/v5.17.1-263-g1b5aaca/127e/lib/site_perl/5.17.2/Module/Runtime.pm line 317
	Module::Runtime::require_module('TestApp') called at /home/src/perl/repoperls/installed-perls/perl/v5.17.1-263-g1b5aaca/127e/lib/site_perl/5.17.2/Class/Load.pm line 177
	Class::Load::__ANON__() called at /home/src/perl/repoperls/installed-perls/perl/v5.17.1-263-g1b5aaca/127e/lib/site_perl/5.17.2/Try/Tiny.pm line 71
	eval {...} called at /home/src/perl/repoperls/installed-perls/perl/v5.17.1-263-g1b5aaca/127e/lib/site_perl/5.17.2/Try/Tiny.pm line 67
	Try::Tiny::try('CODE(0x2955b28)', 'Try::Tiny::Catch=REF(0x2929c20)') called at /home/src/perl/repoperls/installed-perls/perl/v5.17.1-263-g1b5aaca/127e/lib/site_perl/5.17.2/Class/Load.pm line 183
	Class::Load::try_load_class('TestApp', undef) called at /home/src/perl/repoperls/installed-perls/perl/v5.17.1-263-g1b5aaca/127e/lib/site_perl/5.17.2/Class/Load.pm line 38
	Class::Load::load_class('TestApp') called at /home/src/perl/repoperls/installed-perls/perl/v5.17.1-263-g1b5aaca/127e/lib/site_perl/5.17.2/Catalyst/Test.pm line 28
	Catalyst::Test::_build_request_export('Catalyst::Test', 'HASH(0x19b65f0)') called at /home/src/perl/repoperls/installed-perls/perl/v5.17.1-263-g1b5aaca/127e/lib/site_perl/5.17.2/Catalyst/Test.pm line 91
	Catalyst::Test::__ANON__('Catalyst::Test', 'all', 'HASH(0x19b65a8)', 'HASH(0x19b6380)') called at /home/src/perl/repoperls/installed-perls/perl/v5.17.1-263-g1b5aaca/127e/lib/site_perl/5.17.2/Sub/Exporter.pm line 108
	Sub::Exporter::_expand_group('Catalyst::Test', 'HASH(0x2bfafe8)', 'ARRAY(0x1922890)', 'HASH(0x19b6380)', 'HASH(0x19b6620)', 'HASH(0x151a038)') called at /home/src/perl/repoperls/installed-perls/perl/v5.17.1-263-g1b5aaca/127e/lib/site_perl/5.17.2/Sub/Exporter.pm line 39
	Sub::Exporter::_expand_groups('Catalyst::Test', 'HASH(0x2bfafe8)', 'ARRAY(0x2bfb120)', 'HASH(0x19b6380)') called at /home/src/perl/repoperls/installed-perls/perl/v5.17.1-263-g1b5aaca/127e/lib/site_perl/5.17.2/Sub/Exporter.pm line 323
	Sub::Exporter::__ANON__('Catalyst::Test', '-all', 'HASH(0x197ec78)') called at /home/src/perl/repoperls/installed-perls/perl/v5.17.1-263-g1b5aaca/127e/lib/site_perl/5.17.2/Catalyst/Test.pm line 154
	Catalyst::Test::import('Catalyst::Test', 'TestApp') called at t/01-live-test.t line 12
	main::BEGIN() called at /tmp/loop_over_bdir-76zyKZ/Catalyst-TraitFor-Request-PerLanguageDomains-0.03-YqYoeA/t/lib/TestApp.pm line 0
	eval {...} called at /tmp/loop_over_bdir-76zyKZ/Catalyst-TraitFor-Request-PerLanguageDomains-0.03-YqYoeA/t/lib/TestApp.pm line 0
Compilation failed in require at /home/src/perl/repoperls/installed-perls/perl/v5.17.1-263-g1b5aaca/127e/lib/site_perl/5.17.2/Module/Runtime.pm line 317.
 at /home/src/perl/repoperls/installed-perls/perl/v5.17.1-263-g1b5aaca/127e/lib/site_perl/5.17.2/Sub/Exporter.pm line 108.
BEGIN failed--compilation aborted at t/01-live-test.t line 12.
# Looks like your test exited with 255 before it could output anything.
t/01-live-test.t ......... 
Dubious, test returned 255 (wstat 65280, 0xff00)
Failed 6/6 subtests 
'Catalyst::TraitFor::Request::PerLanguageDomains' requires the method '_context' to be implemented by 'Moose::Meta::Class::__ANON__::SERIAL::16' at /home/src/perl/repoperls/installed-perls/perl/v5.17.1-263-g1b5aaca/127e/lib/site_perl/5.17.2/x86_64-linux-ld/Moose/Meta/Role/Application/ToClass.pm line 134.
	Moose::Meta::Role::Application::ToClass::check_required_methods('Moose::Meta::Role::Application::ToClass=HASH(0x472cd00)', 'Moose::Meta::Role=HASH(0x43404f8)', 'Moose::Meta::Class=HASH(0x38865f0)') called at /home/src/perl/repoperls/installed-perls/perl/v5.17.1-263-g1b5aaca/127e/lib/site_perl/5.17.2/x86_64-linux-ld/Moose/Meta/Role/Application.pm line 55
	Moose::Meta::Role::Application::apply('Moose::Meta::Role::Application::ToClass=HASH(0x472cd00)', 'Moose::Meta::Role=HASH(0x43404f8)', 'Moose::Meta::Class=HASH(0x38865f0)') called at /home/src/perl/repoperls/installed-perls/perl/v5.17.1-263-g1b5aaca/127e/lib/site_perl/5.17.2/x86_64-linux-ld/Moose/Meta/Role/Application/ToClass.pm line 36
	Moose::Meta::Role::Application::ToClass::apply('Moose::Meta::Role::Application::ToClass=HASH(0x472cd00)', 'Moose::Meta::Role=HASH(0x43404f8)', 'Moose::Meta::Class=HASH(0x38865f0)', 'HASH(0x46c9638)') called at /home/src/perl/repoperls/installed-perls/perl/v5.17.1-263-g1b5aaca/127e/lib/site_perl/5.17.2/x86_64-linux-ld/Moose/Meta/Role.pm line 470
	Moose::Meta::Role::apply('Moose::Meta::Role=HASH(0x43404f8)', 'Moose::Meta::Class=HASH(0x38865f0)') called at /home/src/perl/repoperls/installed-perls/perl/v5.17.1-263-g1b5aaca/127e/lib/site_perl/5.17.2/x86_64-linux-ld/Moose/Util.pm line 160
	Moose::Util::_apply_all_roles('Moose::Meta::Class=HASH(0x38865f0)', undef, 'Catalyst::TraitFor::Request::PerLanguageDomains') called at /home/src/perl/repoperls/installed-perls/perl/v5.17.1-263-g1b5aaca/127e/lib/site_perl/5.17.2/x86_64-linux-ld/Moose/Util.pm line 99
	Moose::Util::apply_all_roles('Moose::Meta::Class=HASH(0x38865f0)', 'Catalyst::TraitFor::Request::PerLanguageDomains') called at /home/src/perl/repoperls/installed-perls/perl/v5.17.1-263-g1b5aaca/127e/lib/site_perl/5.17.2/x86_64-linux-ld/Moose/Meta/Class.pm line 104
	Moose::Meta::Class::create('Moose::Meta::Class', 'Moose::Meta::Class::__ANON__::SERIAL::16', 'roles', 'ARRAY(0x3884e78)', 'weaken', '', 'superclasses', 'ARRAY(0x3884fb0)') called at /home/src/perl/repoperls/installed-perls/perl/v5.17.1-263-g1b5aaca/127e/lib/site_perl/5.17.2/x86_64-linux-ld/Class/MOP/Package.pm line 120
	Class::MOP::Package::create_anon('Moose::Meta::Class', 'superclasses', 'ARRAY(0x3884fb0)', 'roles', 'ARRAY(0x3884e78)', 'cache', 1) called at /home/src/perl/repoperls/installed-perls/perl/v5.17.1-263-g1b5aaca/127e/lib/site_perl/5.17.2/x86_64-linux-ld/Class/MOP/Class.pm line 474
	Class::MOP::Class::create_anon_class('Moose::Meta::Class', 'superclasses', 'ARRAY(0x3884fb0)', 'roles', 'ARRAY(0x3884e78)', 'cache', 1) called at /home/src/perl/repoperls/installed-perls/perl/v5.17.1-263-g1b5aaca/127e/lib/site_perl/5.17.2/MooseX/RelatedClassRoles.pm line 42
	Moose::Meta::Role::__ANON__::SERIAL::11::apply_request_class_roles('TestApp', 'Catalyst::TraitFor::Request::PerLanguageDomains') called at /tmp/loop_over_bdir-76zyKZ/Catalyst-TraitFor-Request-PerLanguageDomains-0.03-YqYoeA/t/lib/TestApp.pm line 24
	require TestApp.pm called at /home/src/perl/repoperls/installed-perls/perl/v5.17.1-263-g1b5aaca/127e/lib/site_perl/5.17.2/Module/Runtime.pm line 317
	Module::Runtime::require_module('TestApp') called at /home/src/perl/repoperls/installed-perls/perl/v5.17.1-263-g1b5aaca/127e/lib/site_perl/5.17.2/Class/Load.pm line 177
	Class::Load::__ANON__() called at /home/src/perl/repoperls/installed-perls/perl/v5.17.1-263-g1b5aaca/127e/lib/site_perl/5.17.2/Try/Tiny.pm line 71
	eval {...} called at /home/src/perl/repoperls/installed-perls/perl/v5.17.1-263-g1b5aaca/127e/lib/site_perl/5.17.2/Try/Tiny.pm line 67
	Try::Tiny::try('CODE(0x35cece8)', 'Try::Tiny::Catch=REF(0x35a2d90)') called at /home/src/perl/repoperls/installed-perls/perl/v5.17.1-263-g1b5aaca/127e/lib/site_perl/5.17.2/Class/Load.pm line 183
	Class::Load::try_load_class('TestApp', undef) called at /home/src/perl/repoperls/installed-perls/perl/v5.17.1-263-g1b5aaca/127e/lib/site_perl/5.17.2/Class/Load.pm line 38
	Class::Load::load_class('TestApp') called at /home/src/perl/repoperls/installed-perls/perl/v5.17.1-263-g1b5aaca/127e/lib/site_perl/5.17.2/Catalyst/Test.pm line 28
	Catalyst::Test::_build_request_export('Catalyst::Test', 'HASH(0x262f700)') called at /home/src/perl/repoperls/installed-perls/perl/v5.17.1-263-g1b5aaca/127e/lib/site_perl/5.17.2/Catalyst/Test.pm line 91
	Catalyst::Test::__ANON__('Catalyst::Test', 'all', 'HASH(0x262f6b8)', 'HASH(0x262f490)') called at /home/src/perl/repoperls/installed-perls/perl/v5.17.1-263-g1b5aaca/127e/lib/site_perl/5.17.2/Sub/Exporter.pm line 108
	Sub::Exporter::_expand_group('Catalyst::Test', 'HASH(0x3874158)', 'ARRAY(0x259b960)', 'HASH(0x262f490)', 'HASH(0x262f730)', 'HASH(0x2193068)') called at /home/src/perl/repoperls/installed-perls/perl/v5.17.1-263-g1b5aaca/127e/lib/site_perl/5.17.2/Sub/Exporter.pm line 39
	Sub::Exporter::_expand_groups('Catalyst::Test', 'HASH(0x3874158)', 'ARRAY(0x3874290)', 'HASH(0x262f490)') called at /home/src/perl/repoperls/installed-perls/perl/v5.17.1-263-g1b5aaca/127e/lib/site_perl/5.17.2/Sub/Exporter.pm line 323
	Sub::Exporter::__ANON__('Catalyst::Test', '-all', 'HASH(0x25f7d48)') called at /home/src/perl/repoperls/installed-perls/perl/v5.17.1-263-g1b5aaca/127e/lib/site_perl/5.17.2/Catalyst/Test.pm line 154
	Catalyst::Test::import('Catalyst::Test', 'TestApp') called at t/02-live-test-header.t line 12
	main::BEGIN() called at /tmp/loop_over_bdir-76zyKZ/Catalyst-TraitFor-Request-PerLanguageDomains-0.03-YqYoeA/t/lib/TestApp.pm line 0
	eval {...} called at /tmp/loop_over_bdir-76zyKZ/Catalyst-TraitFor-Request-PerLanguageDomains-0.03-YqYoeA/t/lib/TestApp.pm line 0
Compilation failed in require at /home/src/perl/repoperls/installed-perls/perl/v5.17.1-263-g1b5aaca/127e/lib/site_perl/5.17.2/Module/Runtime.pm line 317.
 at /home/src/perl/repoperls/installed-perls/perl/v5.17.1-263-g1b5aaca/127e/lib/site_perl/5.17.2/Sub/Exporter.pm line 108.
BEGIN failed--compilation aborted at t/02-live-test-header.t line 12.
# Looks like your test exited with 255 before it could output anything.
t/02-live-test-header.t .. 
Dubious, test returned 255 (wstat 65280, 0xff00)
Failed 5/5 subtests 
'Catalyst::TraitFor::Request::PerLanguageDomains' requires the method '_context' to be implemented by 'Moose::Meta::Class::__ANON__::SERIAL::16' at /home/src/perl/repoperls/installed-perls/perl/v5.17.1-263-g1b5aaca/127e/lib/site_perl/5.17.2/x86_64-linux-ld/Moose/Meta/Role/Application/ToClass.pm line 134.
	Moose::Meta::Role::Application::ToClass::check_required_methods('Moose::Meta::Role::Application::ToClass=HASH(0x4a67b90)', 'Moose::Meta::Role=HASH(0x467b338)', 'Moose::Meta::Class=HASH(0x3bc1510)') called at /home/src/perl/repoperls/installed-perls/perl/v5.17.1-263-g1b5aaca/127e/lib/site_perl/5.17.2/x86_64-linux-ld/Moose/Meta/Role/Application.pm line 55
	Moose::Meta::Role::Application::apply('Moose::Meta::Role::Application::ToClass=HASH(0x4a67b90)', 'Moose::Meta::Role=HASH(0x467b338)', 'Moose::Meta::Class=HASH(0x3bc1510)') called at /home/src/perl/repoperls/installed-perls/perl/v5.17.1-263-g1b5aaca/127e/lib/site_perl/5.17.2/x86_64-linux-ld/Moose/Meta/Role/Application/ToClass.pm line 36
	Moose::Meta::Role::Application::ToClass::apply('Moose::Meta::Role::Application::ToClass=HASH(0x4a67b90)', 'Moose::Meta::Role=HASH(0x467b338)', 'Moose::Meta::Class=HASH(0x3bc1510)', 'HASH(0x4a043f8)') called at /home/src/perl/repoperls/installed-perls/perl/v5.17.1-263-g1b5aaca/127e/lib/site_perl/5.17.2/x86_64-linux-ld/Moose/Meta/Role.pm line 470
	Moose::Meta::Role::apply('Moose::Meta::Role=HASH(0x467b338)', 'Moose::Meta::Class=HASH(0x3bc1510)') called at /home/src/perl/repoperls/installed-perls/perl/v5.17.1-263-g1b5aaca/127e/lib/site_perl/5.17.2/x86_64-linux-ld/Moose/Util.pm line 160
	Moose::Util::_apply_all_roles('Moose::Meta::Class=HASH(0x3bc1510)', undef, 'Catalyst::TraitFor::Request::PerLanguageDomains') called at /home/src/perl/repoperls/installed-perls/perl/v5.17.1-263-g1b5aaca/127e/lib/site_perl/5.17.2/x86_64-linux-ld/Moose/Util.pm line 99
	Moose::Util::apply_all_roles('Moose::Meta::Class=HASH(0x3bc1510)', 'Catalyst::TraitFor::Request::PerLanguageDomains') called at /home/src/perl/repoperls/installed-perls/perl/v5.17.1-263-g1b5aaca/127e/lib/site_perl/5.17.2/x86_64-linux-ld/Moose/Meta/Class.pm line 104
	Moose::Meta::Class::create('Moose::Meta::Class', 'Moose::Meta::Class::__ANON__::SERIAL::16', 'roles', 'ARRAY(0x3bbfd98)', 'weaken', '', 'superclasses', 'ARRAY(0x3bbfed0)') called at /home/src/perl/repoperls/installed-perls/perl/v5.17.1-263-g1b5aaca/127e/lib/site_perl/5.17.2/x86_64-linux-ld/Class/MOP/Package.pm line 120
	Class::MOP::Package::create_anon('Moose::Meta::Class', 'superclasses', 'ARRAY(0x3bbfed0)', 'roles', 'ARRAY(0x3bbfd98)', 'cache', 1) called at /home/src/perl/repoperls/installed-perls/perl/v5.17.1-263-g1b5aaca/127e/lib/site_perl/5.17.2/x86_64-linux-ld/Class/MOP/Class.pm line 474
	Class::MOP::Class::create_anon_class('Moose::Meta::Class', 'superclasses', 'ARRAY(0x3bbfed0)', 'roles', 'ARRAY(0x3bbfd98)', 'cache', 1) called at /home/src/perl/repoperls/installed-perls/perl/v5.17.1-263-g1b5aaca/127e/lib/site_perl/5.17.2/MooseX/RelatedClassRoles.pm line 42
	Moose::Meta::Role::__ANON__::SERIAL::11::apply_request_class_roles('TestApp', 'Catalyst::TraitFor::Request::PerLanguageDomains') called at /tmp/loop_over_bdir-76zyKZ/Catalyst-TraitFor-Request-PerLanguageDomains-0.03-YqYoeA/t/lib/TestApp.pm line 24
	require TestApp.pm called at /home/src/perl/repoperls/installed-perls/perl/v5.17.1-263-g1b5aaca/127e/lib/site_perl/5.17.2/Module/Runtime.pm line 317
	Module::Runtime::require_module('TestApp') called at /home/src/perl/repoperls/installed-perls/perl/v5.17.1-263-g1b5aaca/127e/lib/site_perl/5.17.2/Class/Load.pm line 177
	Class::Load::__ANON__() called at /home/src/perl/repoperls/installed-perls/perl/v5.17.1-263-g1b5aaca/127e/lib/site_perl/5.17.2/Try/Tiny.pm line 71
	eval {...} called at /home/src/perl/repoperls/installed-perls/perl/v5.17.1-263-g1b5aaca/127e/lib/site_perl/5.17.2/Try/Tiny.pm line 67
	Try::Tiny::try('CODE(0x3909c68)', 'Try::Tiny::Catch=REF(0x38ddc60)') called at /home/src/perl/repoperls/installed-perls/perl/v5.17.1-263-g1b5aaca/127e/lib/site_perl/5.17.2/Class/Load.pm line 183
	Class::Load::try_load_class('TestApp', undef) called at /home/src/perl/repoperls/installed-perls/perl/v5.17.1-263-g1b5aaca/127e/lib/site_perl/5.17.2/Class/Load.pm line 38
	Class::Load::load_class('TestApp') called at /home/src/perl/repoperls/installed-perls/perl/v5.17.1-263-g1b5aaca/127e/lib/site_perl/5.17.2/Catalyst/Test.pm line 28
	Catalyst::Test::_build_request_export('Catalyst::Test', 'HASH(0x296a520)') called at /home/src/perl/repoperls/installed-perls/perl/v5.17.1-263-g1b5aaca/127e/lib/site_perl/5.17.2/Catalyst/Test.pm line 91
	Catalyst::Test::__ANON__('Catalyst::Test', 'all', 'HASH(0x296a4d8)', 'HASH(0x296a2b0)') called at /home/src/perl/repoperls/installed-perls/perl/v5.17.1-263-g1b5aaca/127e/lib/site_perl/5.17.2/Sub/Exporter.pm line 108
	Sub::Exporter::_expand_group('Catalyst::Test', 'HASH(0x3baf078)', 'ARRAY(0x28d6780)', 'HASH(0x296a2b0)', 'HASH(0x296a550)', 'HASH(0x24ce068)') called at /home/src/perl/repoperls/installed-perls/perl/v5.17.1-263-g1b5aaca/127e/lib/site_perl/5.17.2/Sub/Exporter.pm line 39
	Sub::Exporter::_expand_groups('Catalyst::Test', 'HASH(0x3baf078)', 'ARRAY(0x3baf1b0)', 'HASH(0x296a2b0)') called at /home/src/perl/repoperls/installed-perls/perl/v5.17.1-263-g1b5aaca/127e/lib/site_perl/5.17.2/Sub/Exporter.pm line 323
	Sub::Exporter::__ANON__('Catalyst::Test', '-all', 'HASH(0x2932b68)') called at /home/src/perl/repoperls/installed-perls/perl/v5.17.1-263-g1b5aaca/127e/lib/site_perl/5.17.2/Catalyst/Test.pm line 154
	Catalyst::Test::import('Catalyst::Test', 'TestApp') called at t/03-live-test-domain.t line 12
	main::BEGIN() called at /tmp/loop_over_bdir-76zyKZ/Catalyst-TraitFor-Request-PerLanguageDomains-0.03-YqYoeA/t/lib/TestApp.pm line 0
	eval {...} called at /tmp/loop_over_bdir-76zyKZ/Catalyst-TraitFor-Request-PerLanguageDomains-0.03-YqYoeA/t/lib/TestApp.pm line 0
Compilation failed in require at /home/src/perl/repoperls/installed-perls/perl/v5.17.1-263-g1b5aaca/127e/lib/site_perl/5.17.2/Module/Runtime.pm line 317.
 at /home/src/perl/repoperls/installed-perls/perl/v5.17.1-263-g1b5aaca/127e/lib/site_perl/5.17.2/Sub/Exporter.pm line 108.
BEGIN failed--compilation aborted at t/03-live-test-domain.t line 12.
# Looks like your test exited with 255 before it could output anything.
t/03-live-test-domain.t .. 
Dubious, test returned 255 (wstat 65280, 0xff00)
Failed 3/3 subtests 

Test Summary Report
-------------------
t/01-live-test.t       (Wstat: 65280 Tests: 0 Failed: 0)
  Non-zero exit status: 255
  Parse errors: Bad plan.  You planned 6 tests but ran 0.
t/02-live-test-header.t (Wstat: 65280 Tests: 0 Failed: 0)
  Non-zero exit status: 255
  Parse errors: Bad plan.  You planned 5 tests but ran 0.
t/03-live-test-domain.t (Wstat: 65280 Tests: 0 Failed: 0)
  Non-zero exit status: 255
  Parse errors: Bad plan.  You planned 3 tests but ran 0.
Files=4, Tests=1,  3 wallclock secs ( 0.02 usr  0.00 sys +  2.62 cusr  0.12 csys =  2.76 CPU)
Result: FAIL
Failed 3/4 test programs. 0/1 subtests failed.
make: *** [test_dynamic] Error 255

------------------------------
PREREQUISITES
------------------------------

Prerequisite modules loaded:

requires:

    Module                                   Need     Have    
    ---------------------------------------- -------- --------
    Catalyst                                 5.80     5.90015 
    I18N::AcceptLanguage                     0        1.04    
    Moose                                    0        2.0603  
    Moose::Autobox                           0        0.12    
    MooseX::Types                            0        0.35    
    MooseX::Types::Common::String            0        0.001008
    MooseX::Types::Structured                0        0.28    
    namespace::autoclean                     0        0.13    
    perl                                     5.008005 5.017002

build_requires:

    Module                                   Need     Have    
    ---------------------------------------- -------- --------
    Catalyst::Action::RenderView             0        0.16    
    Catalyst::Plugin::Session                0        0.35    
    Catalyst::Plugin::Session::State::Cookie 0        0.17    
    Catalyst::Plugin::Session::Store::File   0        0.18    
    Catalyst::View::TT                       0        0.39    
    CatalystX::RoleApplicator                0        0.005   
    ExtUtils::MakeMaker                      6.42     6.63_02 
    HTTP::Request::Common                    0        6.03    
    Test::More                               0        0.98    

configure_requires:

    Module                                   Need     Have    
    ---------------------------------------- -------- --------
    ExtUtils::MakeMaker                      6.42     6.63_02 


------------------------------
ENVIRONMENT AND OTHER CONTEXT
------------------------------

Environment variables:

    AUTOMATED_TESTING = 1
    LANG = en_US.UTF-8
    LANGUAGE = en_US:en
    PATH = /home/sand/bin:/usr/local/bin:/usr/bin:/bin:/usr/bin/X11:/usr/games:/usr/local/perl/bin:/usr/X11/bin:/sbin:/usr/sbin
    PERL5LIB = 
    PERL5OPT = 
    PERL5_CPANPLUS_IS_RUNNING = 24088
    PERL5_CPAN_IS_RUNNING = 24088
    PERL_MM_USE_DEFAULT = 1
    SHELL = /usr/bin/zsh
    TERM = screen

Perl special variables (and OS-specific diagnostics, for MSWin32):

    $^X = /mnt/k75/homesand/src/perl/repoperls/installed-perls/perl/v5.17.1-263-g1b5aaca/127e/bin/perl
    $UID/$EUID = 1005 / 1005
    $GID = 1005 1005
    $EGID = 1005 1005

Perl module toolchain versions installed:

    Module              Have    
    ------------------- --------
    CPAN                1.9800  
    CPAN::Meta          2.120921
    Cwd                 3.39_02 
    ExtUtils::CBuilder  0.280208
    ExtUtils::Command   1.17    
    ExtUtils::Install   1.58    
    ExtUtils::MakeMaker 6.63_02 
    ExtUtils::Manifest  1.61    
    ExtUtils::ParseXS   3.17    
    File::Spec          3.39_02 
    JSON                2.53    
    JSON::PP            2.27200 
    Module::Build       0.4001  
    Module::Signature   0.68    
    Parse::CPAN::Meta   1.4404  
    Test::Harness       3.25    
    Test::More          0.98    
    YAML                0.81    
    YAML::Syck          1.20    
    version             0.99    


--

Summary of my perl5 (revision 5 version 17 subversion 2) configuration:
  Commit id: 1b5aaca661f906a9b324afb51b7af8727497f276
  Platform:
    osname=linux, osvers=3.2.0-2-amd64, archname=x86_64-linux-ld
    uname='linux k83 3.2.0-2-amd64 #1 smp mon jun 11 17:24:18 utc 2012 x86_64 gnulinux '
    config_args='-Dprefix=/home/src/perl/repoperls/installed-perls/perl/v5.17.1-263-g1b5aaca/127e -Dmyhostname=k83 -Dinstallusrbinperl=n -Uversiononly -Dusedevel -des -Ui_db -Uuseithreads -Duselongdouble -DDEBUGGING=-g'
    hint=recommended, useposix=true, d_sigaction=define
    useithreads=undef, usemultiplicity=undef
    useperlio=define, d_sfio=undef, uselargefiles=define, usesocks=undef
    use64bitint=define, use64bitall=define, uselongdouble=define
    usemymalloc=n, bincompat5005=undef
  Compiler:
    cc='cc', ccflags ='-fno-strict-aliasing -pipe -fstack-protector -I/usr/local/include -D_LARGEFILE_SOURCE -D_FILE_OFFSET_BITS=64',
    optimize='-O2 -g',
    cppflags='-fno-strict-aliasing -pipe -fstack-protector -I/usr/local/include'
    ccversion='', gccversion='4.7.0', gccosandvers=''
    intsize=4, longsize=8, ptrsize=8, doublesize=8, byteorder=12345678
    d_longlong=define, longlongsize=8, d_longdbl=define, longdblsize=16
    ivtype='long', ivsize=8, nvtype='long double', nvsize=16, Off_t='off_t', lseeksize=8
    alignbytes=16, prototype=define
  Linker and Libraries:
    ld='cc', ldflags =' -fstack-protector -L/usr/local/lib'
    libpth=/usr/local/lib /lib/x86_64-linux-gnu /lib/../lib /usr/lib/x86_64-linux-gnu /usr/lib/../lib /lib /usr/lib
    libs=-lnsl -ldb -ldl -lm -lcrypt -lutil -lc
    perllibs=-lnsl -ldl -lm -lcrypt -lutil -lc
    libc=, so=so, useshrplib=false, libperl=libperl.a
    gnulibc_version='2.13'
  Dynamic Linking:
    dlsrc=dl_dlopen.xs, dlext=so, d_dlsymun=undef, ccdlflags='-Wl,-E'
    cccdlflags='-fPIC', lddlflags='-shared -O2 -g -L/usr/local/lib -fstack-protector'


Characteristics of this binary (from libperl): 
  Compile-time options: HAS_TIMES PERLIO_LAYERS PERL_DONT_CREATE_GVSV
                        PERL_MALLOC_WRAP PERL_PRESERVE_IVUV PERL_USE_DEVEL
                        USE_64_BIT_ALL USE_64_BIT_INT USE_LARGE_FILES
                        USE_LOCALE USE_LOCALE_COLLATE USE_LOCALE_CTYPE
                        USE_LOCALE_NUMERIC USE_LONG_DOUBLE USE_PERLIO
                        USE_PERL_ATOF
  Built under linux
  Compiled at Jun 30 2012 07:40:41
  %ENV:
    PERL5LIB=""
    PERL5OPT=""
    PERL5_CPANPLUS_IS_RUNNING="24088"
    PERL5_CPAN_IS_RUNNING="24088"
    PERL_MM_USE_DEFAULT="1"
  @INC:
    /home/src/perl/repoperls/installed-perls/perl/v5.17.1-263-g1b5aaca/127e/lib/site_perl/5.17.2/x86_64-linux-ld
    /home/src/perl/repoperls/installed-perls/perl/v5.17.1-263-g1b5aaca/127e/lib/site_perl/5.17.2
    /home/src/perl/repoperls/installed-perls/perl/v5.17.1-263-g1b5aaca/127e/lib/5.17.2/x86_64-linux-ld
    /home/src/perl/repoperls/installed-perls/perl/v5.17.1-263-g1b5aaca/127e/lib/5.17.2
    .