Report for Text-CSV-Track-0.8

Back
From: metabase:user:d2c9f356-b46f-11df-9a90-20a83c0b7757
Subject: FAIL Text-CSV-Track-0.8 v5.14.2 SunOS/Solaris
Date: 2011-11-09T05:50:29Z

This distribution has been tested as part of the CPAN Testers
project, supporting the Perl programming language.  See
http://wiki.cpantesters.org/ for more information or email
questions to cpan-testers-discuss@perl.org


--
Dear Jozef Kutej,

This is a computer-generated report for Text-CSV-Track-0.8
on perl 5.14.2, created by CPAN-Reporter-1.2002.

Thank you for uploading your work to CPAN.  However, there was a problem
testing your distribution.

If you think this report is invalid, please consult the CPAN Testers Wiki
for suggestions on how to avoid getting FAIL reports for missing library
or binary dependencies, unsupported operating systems, and so on:

http://wiki.cpantesters.org/wiki/CPANAuthorNotes

Sections of this report:

    * Tester comments
    * Program output
    * Prerequisites
    * Environment and other context

------------------------------
TESTER COMMENTS
------------------------------

Additional comments from tester:

this report is from an automated smoke testing program
and was not reviewed by a human for accuracy

------------------------------
PROGRAM OUTPUT
------------------------------

Output from '/usr/local/bin/make test':

PERL_DL_NONLAZY=1 /export/home/cpant2/perl5/bin/perl5.14.2 "-MExtUtils::Command::MM" "-e" "test_harness(0, 'blib/lib', 'blib/arch')" t/*.t
t/0-signature.t ......... skipped: Set the environment variable TEST_SIGNATURE to enable this test.
t/pod-coverage.t ........ ok
t/pod.t ................. ok

#   Failed test 'try shared lock while in full time lock mode, should fail - '
#   at t/Text-CSV-Track-Max.t line 122.
#          got: '1'
#     expected: '0'
# Looks like you failed 1 test of 12.
t/Text-CSV-Track-Max.t .. 
Dubious, test returned 1 (wstat 256, 0x100)
Failed 1/12 subtests 

#   Failed test 'try shared lock while in full time lock mode, should fail - '
#   at t/Text-CSV-Track-Min.t line 122.
#          got: '1'
#     expected: '0'
# Looks like you failed 1 test of 12.
t/Text-CSV-Track-Min.t .. 
Dubious, test returned 1 (wstat 256, 0x100)
Failed 1/12 subtests 
badly formated 'text-csv-track-dTTNpk' csv line 1 - '"aman2'.
badly formated 'text-csv-track-dTTNpk' csv line 101 - '"xman3,"muhaha'.

#   Failed test 'try shared lock while in full time lock mode, should fail - '
#   at t/Text-CSV-Track.t line 336.
#          got: '1'
#     expected: '0'
# Looks like you failed 1 test of 91.
t/Text-CSV-Track.t ...... 
Dubious, test returned 1 (wstat 256, 0x100)
Failed 1/91 subtests 

Test Summary Report
-------------------
t/Text-CSV-Track-Max.t (Wstat: 256 Tests: 12 Failed: 1)
  Failed test:  11
  Non-zero exit status: 1
t/Text-CSV-Track-Min.t (Wstat: 256 Tests: 12 Failed: 1)
  Failed test:  11
  Non-zero exit status: 1
t/Text-CSV-Track.t    (Wstat: 256 Tests: 91 Failed: 1)
  Failed test:  35
  Non-zero exit status: 1
Files=6, Tests=121,  1 wallclock secs ( 0.04 usr  0.02 sys +  0.41 cusr  0.03 csys =  0.50 CPU)
Result: FAIL
Failed 3/6 test programs. 3/121 subtests failed.
make: *** [test_dynamic] Error 1

------------------------------
PREREQUISITES
------------------------------

Prerequisite modules loaded:

requires:

    Module                Need Have   
    --------------------- ---- -------
    Carp::Clan            0    6.04   
    Class::Accessor::Fast 0    0.34   
    File::Slurp           0    9999.19
    IO::Handle            0    1.31   
    List::MoreUtils       0    0.33   
    Text::CSV_XS          0    0.85   

build_requires:

    Module                Need Have   
    --------------------- ---- -------
    ExtUtils::MakeMaker   0    6.62   


------------------------------
ENVIRONMENT AND OTHER CONTEXT
------------------------------

Environment variables:

    AUTOMATED_TESTING = 1
    LANG = C
    LD_LIBRARY_PATH = /usr/local/lib:
    PATH = /export/home/cpant2/perl5/bin:/usr/local/bin:/usr/bin
    PERL5LIB = 
    PERL5OPT = 
    PERL5_CPANPLUS_IS_RUNNING = 12950
    PERL5_CPAN_IS_RUNNING = 12950
    PERL5_CPAN_IS_RUNNING_IN_RECURSION = 8387,12950
    PERL_CR_SMOKER_CURRENT = Text-CSV-Track-0.8
    PERL_EXTUTILS_AUTOINSTALL = --defaultdeps
    PERL_MM_USE_DEFAULT = 1
    SHELL = /usr/bin/bash
    TERM = xterm

Perl special variables (and OS-specific diagnostics, for MSWin32):

    $^X = /export/home/cpant2/perl5/bin/perl5.14.2
    $UID/$EUID = 101 / 101
    $GID = 1 1
    $EGID = 1 1

Perl module toolchain versions installed:

    Module              Have    
    ------------------- --------
    CPAN                1.9800  
    CPAN::Meta          2.112621
    Cwd                 3.36    
    ExtUtils::CBuilder  0.280203
    ExtUtils::Command   1.17    
    ExtUtils::Install   1.56    
    ExtUtils::MakeMaker 6.62    
    ExtUtils::Manifest  1.60    
    ExtUtils::ParseXS   3.05    
    File::Spec          3.33    
    JSON                2.53    
    JSON::PP            2.27200 
    Module::Build       0.3800  
    Module::Signature   n/a     
    Parse::CPAN::Meta   1.4401  
    Test::Harness       3.23    
    Test::More          0.98    
    YAML                0.77    
    YAML::Syck          1.17    
    version             0.94    


--

Summary of my perl5 (revision 5 version 14 subversion 2) configuration:
   
  Platform:
    osname=solaris, osvers=2.10, archname=i86pc-solaris-64int
    uname='sunos vmrz0046 5.10 generic_141445-09 i86pc i386 i86pc solaris '
    config_args='-Dcc=gcc -Dprefix=~/perl5 -Duse64bitint -Dusedevel -d'
    hint=recommended, useposix=true, d_sigaction=define
    useithreads=undef, usemultiplicity=undef
    useperlio=define, d_sfio=undef, uselargefiles=define, usesocks=undef
    use64bitint=define, use64bitall=undef, uselongdouble=undef
    usemymalloc=n, bincompat5005=undef
  Compiler:
    cc='gcc', ccflags ='-DPTR_IS_LONG -fno-strict-aliasing -pipe -I/usr/local/include -D_LARGEFILE_SOURCE -D_FILE_OFFSET_BITS=64 -DPERL_USE_SAFE_PUTENV',
    optimize='-O',
    cppflags='-DPTR_IS_LONG -fno-strict-aliasing -pipe -I/usr/local/include'
    ccversion='', gccversion='3.4.6', gccosandvers='solaris2.10'
    intsize=4, longsize=4, ptrsize=4, doublesize=8, byteorder=12345678
    d_longlong=define, longlongsize=8, d_longdbl=define, longdblsize=12
    ivtype='long long', ivsize=8, nvtype='double', nvsize=8, Off_t='off_t', lseeksize=8
    alignbytes=4, prototype=define
  Linker and Libraries:
    ld='gcc', ldflags =' -L/usr/local/lib '
    libpth=/usr/local/lib /usr/lib /usr/ccs/lib
    libs=-lsocket -lnsl -lgdbm -ldl -lm -lc
    perllibs=-lsocket -lnsl -ldl -lm -lc
    libc=/lib/libc.so, so=so, useshrplib=false, libperl=libperl.a
    gnulibc_version=''
  Dynamic Linking:
    dlsrc=dl_dlopen.xs, dlext=so, d_dlsymun=undef, ccdlflags=' '
    cccdlflags='-fPIC', lddlflags='-G -L/usr/local/lib'


Characteristics of this binary (from libperl): 
  Compile-time options: PERL_DONT_CREATE_GVSV PERL_MALLOC_WRAP
                        PERL_PRESERVE_IVUV PERL_USE_DEVEL
                        PERL_USE_SAFE_PUTENV USE_64_BIT_INT USE_LARGE_FILES
                        USE_PERLIO USE_PERL_ATOF
  Built under solaris
  Compiled at Sep 30 2011 11:41:59
  %ENV:
    PERL5LIB=""
    PERL5OPT=""
    PERL5_CPANPLUS_IS_RUNNING="12950"
    PERL5_CPAN_IS_RUNNING="12950"
    PERL5_CPAN_IS_RUNNING_IN_RECURSION="8387,12950"
    PERL_CR_SMOKER_CURRENT="Text-CSV-Track-0.8"
    PERL_EXTUTILS_AUTOINSTALL="--defaultdeps"
    PERL_MM_USE_DEFAULT="1"
  @INC:
    /export/home/cpant2/perl5/lib/site_perl/5.14.2/i86pc-solaris-64int
    /export/home/cpant2/perl5/lib/site_perl/5.14.2
    /export/home/cpant2/perl5/lib/5.14.2/i86pc-solaris-64int
    /export/home/cpant2/perl5/lib/5.14.2
    /export/home/cpant2/perl5/lib/site_perl
    .