Report for Module-Install-ExtendsMakeTest-0.01_02

Back
From: metabase:user:320bfe00-2aae-11df-837a-5e0a49663a4f
Subject: FAIL Module-Install-ExtendsMakeTest-0.01_02 v5.13.5 GNU/Linux
Date: 2010-10-14T10:42:24Z

This distribution has been tested as part of the CPAN Testers
project, supporting the Perl programming language.  See
http://wiki.cpantesters.org/ for more information or email
questions to cpan-testers-discuss@perl.org


--
Dear Yuji Shimada,

This is a computer-generated report for Module-Install-ExtendsMakeTest-0.01_02
on perl 5.13.5, created by CPAN-Reporter-1.1803.

Thank you for uploading your work to CPAN.  However, there was a problem
testing your distribution.

If you think this report is invalid, please consult the CPAN Testers Wiki
for suggestions on how to avoid getting FAIL reports for missing library
or binary dependencies, unsupported operating systems, and so on:

http://wiki.cpantesters.org/wiki/CPANAuthorNotes

Sections of this report:

    * Tester comments
    * Program output
    * Prerequisites
    * Environment and other context

------------------------------
TESTER COMMENTS
------------------------------

Additional comments from tester:

this report is from an automated smoke testing program
and was not reviewed by a human for accuracy

------------------------------
PROGRAM OUTPUT
------------------------------

Output from '/usr/bin/make test':

PERL_DL_NONLAZY=1 /home/src/perl/repoperls/installed-perls/perl/v5.13.5-413-g92f9d56/bin/perl "-MExtUtils::Command::MM" "-e" "test_harness(0, 'inc', 'blib/lib', 'blib/arch')" t/*.t t/extends_make_test/*.t t/replace_default_make_test/*.t
t/00_compile.t .................................. ok
Can't locate inc/Module/Install.pm in @INC (@INC contains: /home/sand/.cpan/build/Module-Install-ExtendsMakeTest-0.01_02-aCTuav/blib/lib /home/sand/.cpan/build/Module-Install-ExtendsMakeTest-0.01_02-aCTuav/inc /home/sand/.cpan/build/Module-Install-ExtendsMakeTest-0.01_02-aCTuav/blib/arch /home/src/perl/repoperls/installed-perls/perl/v5.13.5-413-g92f9d56/lib/site_perl/5.13.5/x86_64-linux-ld /home/src/perl/repoperls/installed-perls/perl/v5.13.5-413-g92f9d56/lib/site_perl/5.13.5 /home/src/perl/repoperls/installed-perls/perl/v5.13.5-413-g92f9d56/lib/5.13.5/x86_64-linux-ld /home/src/perl/repoperls/installed-perls/perl/v5.13.5-413-g92f9d56/lib/5.13.5 .) at Makefile.PL line 2.
BEGIN failed--compilation aborted at Makefile.PL line 2.
/home/src/perl/repoperls/installed-perls/perl/v5.13.5-413-g92f9d56/bin/perl Makefile.PL "/home/sand/.cpan/build/Module-Install-ExtendsMakeTest-0.01_02-aCTuav/lib" failed () at t/Util.pm line 62.
t/extends_make_test/after_run_codes.t ........... 
Dubious, test returned 2 (wstat 512, 0x200)
No subtests run 
Can't locate inc/Module/Install.pm in @INC (@INC contains: /home/sand/.cpan/build/Module-Install-ExtendsMakeTest-0.01_02-aCTuav/blib/lib /home/sand/.cpan/build/Module-Install-ExtendsMakeTest-0.01_02-aCTuav/inc /home/sand/.cpan/build/Module-Install-ExtendsMakeTest-0.01_02-aCTuav/blib/arch /home/src/perl/repoperls/installed-perls/perl/v5.13.5-413-g92f9d56/lib/site_perl/5.13.5/x86_64-linux-ld /home/src/perl/repoperls/installed-perls/perl/v5.13.5-413-g92f9d56/lib/site_perl/5.13.5 /home/src/perl/repoperls/installed-perls/perl/v5.13.5-413-g92f9d56/lib/5.13.5/x86_64-linux-ld /home/src/perl/repoperls/installed-perls/perl/v5.13.5-413-g92f9d56/lib/5.13.5 .) at Makefile.PL line 2.
BEGIN failed--compilation aborted at Makefile.PL line 2.
/home/src/perl/repoperls/installed-perls/perl/v5.13.5-413-g92f9d56/bin/perl Makefile.PL "/home/sand/.cpan/build/Module-Install-ExtendsMakeTest-0.01_02-aCTuav/lib" failed () at t/Util.pm line 62.
t/extends_make_test/after_run_scripts.t ......... 
Dubious, test returned 2 (wstat 512, 0x200)
No subtests run 
Can't locate inc/Module/Install.pm in @INC (@INC contains: /home/sand/.cpan/build/Module-Install-ExtendsMakeTest-0.01_02-aCTuav/blib/lib /home/sand/.cpan/build/Module-Install-ExtendsMakeTest-0.01_02-aCTuav/inc /home/sand/.cpan/build/Module-Install-ExtendsMakeTest-0.01_02-aCTuav/blib/arch /home/src/perl/repoperls/installed-perls/perl/v5.13.5-413-g92f9d56/lib/site_perl/5.13.5/x86_64-linux-ld /home/src/perl/repoperls/installed-perls/perl/v5.13.5-413-g92f9d56/lib/site_perl/5.13.5 /home/src/perl/repoperls/installed-perls/perl/v5.13.5-413-g92f9d56/lib/5.13.5/x86_64-linux-ld /home/src/perl/repoperls/installed-perls/perl/v5.13.5-413-g92f9d56/lib/5.13.5 .) at Makefile.PL line 2.
BEGIN failed--compilation aborted at Makefile.PL line 2.
/home/src/perl/repoperls/installed-perls/perl/v5.13.5-413-g92f9d56/bin/perl Makefile.PL "/home/sand/.cpan/build/Module-Install-ExtendsMakeTest-0.01_02-aCTuav/lib" failed () at t/Util.pm line 62.
t/extends_make_test/alias.t ..................... 
Dubious, test returned 2 (wstat 512, 0x200)
No subtests run 
Can't locate inc/Module/Install.pm in @INC (@INC contains: /home/sand/.cpan/build/Module-Install-ExtendsMakeTest-0.01_02-aCTuav/blib/lib /home/sand/.cpan/build/Module-Install-ExtendsMakeTest-0.01_02-aCTuav/inc /home/sand/.cpan/build/Module-Install-ExtendsMakeTest-0.01_02-aCTuav/blib/arch /home/src/perl/repoperls/installed-perls/perl/v5.13.5-413-g92f9d56/lib/site_perl/5.13.5/x86_64-linux-ld /home/src/perl/repoperls/installed-perls/perl/v5.13.5-413-g92f9d56/lib/site_perl/5.13.5 /home/src/perl/repoperls/installed-perls/perl/v5.13.5-413-g92f9d56/lib/5.13.5/x86_64-linux-ld /home/src/perl/repoperls/installed-perls/perl/v5.13.5-413-g92f9d56/lib/5.13.5 .) at Makefile.PL line 2.
BEGIN failed--compilation aborted at Makefile.PL line 2.
/home/src/perl/repoperls/installed-perls/perl/v5.13.5-413-g92f9d56/bin/perl Makefile.PL "/home/sand/.cpan/build/Module-Install-ExtendsMakeTest-0.01_02-aCTuav/lib" failed () at t/Util.pm line 62.
t/extends_make_test/before_run_codes.t .......... 
Dubious, test returned 2 (wstat 512, 0x200)
No subtests run 
Can't locate inc/Module/Install.pm in @INC (@INC contains: /home/sand/.cpan/build/Module-Install-ExtendsMakeTest-0.01_02-aCTuav/blib/lib /home/sand/.cpan/build/Module-Install-ExtendsMakeTest-0.01_02-aCTuav/inc /home/sand/.cpan/build/Module-Install-ExtendsMakeTest-0.01_02-aCTuav/blib/arch /home/src/perl/repoperls/installed-perls/perl/v5.13.5-413-g92f9d56/lib/site_perl/5.13.5/x86_64-linux-ld /home/src/perl/repoperls/installed-perls/perl/v5.13.5-413-g92f9d56/lib/site_perl/5.13.5 /home/src/perl/repoperls/installed-perls/perl/v5.13.5-413-g92f9d56/lib/5.13.5/x86_64-linux-ld /home/src/perl/repoperls/installed-perls/perl/v5.13.5-413-g92f9d56/lib/5.13.5 .) at Makefile.PL line 2.
BEGIN failed--compilation aborted at Makefile.PL line 2.
/home/src/perl/repoperls/installed-perls/perl/v5.13.5-413-g92f9d56/bin/perl Makefile.PL "/home/sand/.cpan/build/Module-Install-ExtendsMakeTest-0.01_02-aCTuav/lib" failed () at t/Util.pm line 62.
t/extends_make_test/before_run_scripts.t ........ 
Dubious, test returned 2 (wstat 512, 0x200)
No subtests run 
Can't locate inc/Module/Install.pm in @INC (@INC contains: /home/sand/.cpan/build/Module-Install-ExtendsMakeTest-0.01_02-aCTuav/blib/lib /home/sand/.cpan/build/Module-Install-ExtendsMakeTest-0.01_02-aCTuav/inc /home/sand/.cpan/build/Module-Install-ExtendsMakeTest-0.01_02-aCTuav/blib/arch /home/src/perl/repoperls/installed-perls/perl/v5.13.5-413-g92f9d56/lib/site_perl/5.13.5/x86_64-linux-ld /home/src/perl/repoperls/installed-perls/perl/v5.13.5-413-g92f9d56/lib/site_perl/5.13.5 /home/src/perl/repoperls/installed-perls/perl/v5.13.5-413-g92f9d56/lib/5.13.5/x86_64-linux-ld /home/src/perl/repoperls/installed-perls/perl/v5.13.5-413-g92f9d56/lib/5.13.5 .) at Makefile.PL line 2.
BEGIN failed--compilation aborted at Makefile.PL line 2.
/home/src/perl/repoperls/installed-perls/perl/v5.13.5-413-g92f9d56/bin/perl Makefile.PL "/home/sand/.cpan/build/Module-Install-ExtendsMakeTest-0.01_02-aCTuav/lib" failed () at t/Util.pm line 62.
t/extends_make_test/env.t ....................... 
Dubious, test returned 2 (wstat 512, 0x200)
No subtests run 
Can't locate inc/Module/Install.pm in @INC (@INC contains: /home/sand/.cpan/build/Module-Install-ExtendsMakeTest-0.01_02-aCTuav/blib/lib /home/sand/.cpan/build/Module-Install-ExtendsMakeTest-0.01_02-aCTuav/inc /home/sand/.cpan/build/Module-Install-ExtendsMakeTest-0.01_02-aCTuav/blib/arch /home/src/perl/repoperls/installed-perls/perl/v5.13.5-413-g92f9d56/lib/site_perl/5.13.5/x86_64-linux-ld /home/src/perl/repoperls/installed-perls/perl/v5.13.5-413-g92f9d56/lib/site_perl/5.13.5 /home/src/perl/repoperls/installed-perls/perl/v5.13.5-413-g92f9d56/lib/5.13.5/x86_64-linux-ld /home/src/perl/repoperls/installed-perls/perl/v5.13.5-413-g92f9d56/lib/5.13.5 .) at Makefile.PL line 2.
BEGIN failed--compilation aborted at Makefile.PL line 2.
/home/src/perl/repoperls/installed-perls/perl/v5.13.5-413-g92f9d56/bin/perl Makefile.PL "/home/sand/.cpan/build/Module-Install-ExtendsMakeTest-0.01_02-aCTuav/lib" failed () at t/Util.pm line 62.
t/extends_make_test/includes.t .................. 
Dubious, test returned 2 (wstat 512, 0x200)
No subtests run 
Can't locate inc/Module/Install.pm in @INC (@INC contains: /home/sand/.cpan/build/Module-Install-ExtendsMakeTest-0.01_02-aCTuav/blib/lib /home/sand/.cpan/build/Module-Install-ExtendsMakeTest-0.01_02-aCTuav/inc /home/sand/.cpan/build/Module-Install-ExtendsMakeTest-0.01_02-aCTuav/blib/arch /home/src/perl/repoperls/installed-perls/perl/v5.13.5-413-g92f9d56/lib/site_perl/5.13.5/x86_64-linux-ld /home/src/perl/repoperls/installed-perls/perl/v5.13.5-413-g92f9d56/lib/site_perl/5.13.5 /home/src/perl/repoperls/installed-perls/perl/v5.13.5-413-g92f9d56/lib/5.13.5/x86_64-linux-ld /home/src/perl/repoperls/installed-perls/perl/v5.13.5-413-g92f9d56/lib/5.13.5 .) at Makefile.PL line 2.
BEGIN failed--compilation aborted at Makefile.PL line 2.
/home/src/perl/repoperls/installed-perls/perl/v5.13.5-413-g92f9d56/bin/perl Makefile.PL "/home/sand/.cpan/build/Module-Install-ExtendsMakeTest-0.01_02-aCTuav/lib" failed () at t/Util.pm line 62.
t/extends_make_test/modules.t ................... 
Dubious, test returned 2 (wstat 512, 0x200)
No subtests run 
Can't locate inc/Module/Install.pm in @INC (@INC contains: /home/sand/.cpan/build/Module-Install-ExtendsMakeTest-0.01_02-aCTuav/blib/lib /home/sand/.cpan/build/Module-Install-ExtendsMakeTest-0.01_02-aCTuav/inc /home/sand/.cpan/build/Module-Install-ExtendsMakeTest-0.01_02-aCTuav/blib/arch /home/src/perl/repoperls/installed-perls/perl/v5.13.5-413-g92f9d56/lib/site_perl/5.13.5/x86_64-linux-ld /home/src/perl/repoperls/installed-perls/perl/v5.13.5-413-g92f9d56/lib/site_perl/5.13.5 /home/src/perl/repoperls/installed-perls/perl/v5.13.5-413-g92f9d56/lib/5.13.5/x86_64-linux-ld /home/src/perl/repoperls/installed-perls/perl/v5.13.5-413-g92f9d56/lib/5.13.5 .) at Makefile.PL line 2.
BEGIN failed--compilation aborted at Makefile.PL line 2.
/home/src/perl/repoperls/installed-perls/perl/v5.13.5-413-g92f9d56/bin/perl Makefile.PL "/home/sand/.cpan/build/Module-Install-ExtendsMakeTest-0.01_02-aCTuav/lib" failed () at t/Util.pm line 62.
t/extends_make_test/tests.t ..................... 
Dubious, test returned 2 (wstat 512, 0x200)
No subtests run 
t/replace_default_make_test/with_extra_tests.t .. skipped: Test requires module 'Module::Install::ExtraTests' but it's not found

Test Summary Report
-------------------
t/extends_make_test/after_run_codes.t         (Wstat: 512 Tests: 0 Failed: 0)
  Non-zero exit status: 2
  Parse errors: No plan found in TAP output
t/extends_make_test/after_run_scripts.t       (Wstat: 512 Tests: 0 Failed: 0)
  Non-zero exit status: 2
  Parse errors: No plan found in TAP output
t/extends_make_test/alias.t                   (Wstat: 512 Tests: 0 Failed: 0)
  Non-zero exit status: 2
  Parse errors: No plan found in TAP output
t/extends_make_test/before_run_codes.t        (Wstat: 512 Tests: 0 Failed: 0)
  Non-zero exit status: 2
  Parse errors: No plan found in TAP output
t/extends_make_test/before_run_scripts.t      (Wstat: 512 Tests: 0 Failed: 0)
  Non-zero exit status: 2
  Parse errors: No plan found in TAP output
t/extends_make_test/env.t                     (Wstat: 512 Tests: 0 Failed: 0)
  Non-zero exit status: 2
  Parse errors: No plan found in TAP output
t/extends_make_test/includes.t                (Wstat: 512 Tests: 0 Failed: 0)
  Non-zero exit status: 2
  Parse errors: No plan found in TAP output
t/extends_make_test/modules.t                 (Wstat: 512 Tests: 0 Failed: 0)
  Non-zero exit status: 2
  Parse errors: No plan found in TAP output
t/extends_make_test/tests.t                   (Wstat: 512 Tests: 0 Failed: 0)
  Non-zero exit status: 2
  Parse errors: No plan found in TAP output
Files=11, Tests=1,  1 wallclock secs ( 0.04 usr  0.00 sys +  0.48 cusr  0.11 csys =  0.63 CPU)
Result: FAIL
Failed 9/11 test programs. 0/1 subtests failed.
make: *** [test_dynamic] Error 255

------------------------------
PREREQUISITES
------------------------------

Prerequisite modules loaded:

requires:

    Module              Need     Have    
    ------------------- -------- --------
    Module::Install     1        1.00    
    perl                5.006002 5.013005

build_requires:

    Module              Need     Have    
    ------------------- -------- --------
    ExtUtils::MakeMaker 6.42     6.57_05 
    Test::More          0.96     0.97_01 
    Test::Requires      0        0.06    

configure_requires:

    Module              Need     Have    
    ------------------- -------- --------
    ExtUtils::MakeMaker 6.42     6.57_05 


------------------------------
ENVIRONMENT AND OTHER CONTEXT
------------------------------

Environment variables:

    AUTOMATED_TESTING = 1
    LANG = en_US.UTF-8
    PATH = /home/sand/bin:/usr/local/bin:/usr/bin:/bin:/usr/bin/X11:/usr/games:/usr/local/perl/bin:/usr/X11/bin:/sbin:/usr/sbin
    PERL5LIB = 
    PERL5OPT = 
    PERL5_CPANPLUS_IS_RUNNING = 3440
    PERL5_CPAN_IS_RUNNING = 3440
    PERL_MM_USE_DEFAULT = 1
    SHELL = /usr/bin/zsh
    TERM = screen

Perl special variables (and OS-specific diagnostics, for MSWin32):

    $^X = /home/src/perl/repoperls/installed-perls/perl/v5.13.5-413-g92f9d56/bin/perl
    $UID/$EUID = 1001 / 1001
    $GID = 1001 1001
    $EGID = 1001 1001

Perl module toolchain versions installed:

    Module              Have   
    ------------------- -------
    CPAN                1.94_57
    Cwd                 3.34   
    ExtUtils::CBuilder  0.2703 
    ExtUtils::Command   1.16   
    ExtUtils::Install   1.55   
    ExtUtils::MakeMaker 6.57_05
    ExtUtils::Manifest  1.58   
    ExtUtils::ParseXS   2.2207 
    File::Spec          3.33   
    Module::Build       0.3607 
    Module::Signature   0.66   
    Test::Harness       3.22   
    Test::More          0.97_01
    YAML                n/a    
    YAML::Syck          1.15   
    version             0.82   


--

Summary of my perl5 (revision 5 version 13 subversion 5) configuration:
  Commit id: 92f9d56c664ae354430f66e7a870fb3f4b0f44a3
  Platform:
    osname=linux, osvers=2.6.32-2-amd64, archname=x86_64-linux-ld
    uname='linux k81 2.6.32-2-amd64 #1 smp fri feb 12 00:01:47 utc 2010 x86_64 gnulinux '
    config_args='-Dprefix=/home/src/perl/repoperls/installed-perls/perl/v5.13.5-413-g92f9d56 -Dinstallusrbinperl=n -Uversiononly -Dusedevel -des -Ui_db -Uuseithreads -Duselongdouble'
    hint=recommended, useposix=true, d_sigaction=define
    useithreads=undef, usemultiplicity=undef
    useperlio=define, d_sfio=undef, uselargefiles=define, usesocks=undef
    use64bitint=define, use64bitall=define, uselongdouble=define
    usemymalloc=n, bincompat5005=undef
  Compiler:
    cc='cc', ccflags ='-fno-strict-aliasing -pipe -fstack-protector -I/usr/local/include -D_LARGEFILE_SOURCE -D_FILE_OFFSET_BITS=64',
    optimize='-O2',
    cppflags='-fno-strict-aliasing -pipe -fstack-protector -I/usr/local/include'
    ccversion='', gccversion='4.4.4', gccosandvers=''
    intsize=4, longsize=8, ptrsize=8, doublesize=8, byteorder=12345678
    d_longlong=define, longlongsize=8, d_longdbl=define, longdblsize=16
    ivtype='long', ivsize=8, nvtype='long double', nvsize=16, Off_t='off_t', lseeksize=8
    alignbytes=16, prototype=define
  Linker and Libraries:
    ld='cc', ldflags =' -fstack-protector -L/usr/local/lib'
    libpth=/usr/local/lib /lib /usr/lib /lib64 /usr/lib64
    libs=-lnsl -lgdbm -ldb -ldl -lm -lcrypt -lutil -lc -lgdbm_compat
    perllibs=-lnsl -ldl -lm -lcrypt -lutil -lc
    libc=/lib/libc-2.11.2.so, so=so, useshrplib=false, libperl=libperl.a
    gnulibc_version='2.11.2'
  Dynamic Linking:
    dlsrc=dl_dlopen.xs, dlext=so, d_dlsymun=undef, ccdlflags='-Wl,-E'
    cccdlflags='-fPIC', lddlflags='-shared -O2 -L/usr/local/lib -fstack-protector'


Characteristics of this binary (from libperl): 
  Compile-time options: PERL_DONT_CREATE_GVSV PERL_MALLOC_WRAP PERL_USE_DEVEL
                        USE_64_BIT_ALL USE_64_BIT_INT USE_LARGE_FILES
                        USE_LONG_DOUBLE USE_PERLIO USE_PERL_ATOF
  Built under linux
  Compiled at Oct 13 2010 08:48:30
  %ENV:
    PERL5LIB=""
    PERL5OPT=""
    PERL5_CPANPLUS_IS_RUNNING="3440"
    PERL5_CPAN_IS_RUNNING="3440"
    PERL_MM_USE_DEFAULT="1"
  @INC:
    /home/src/perl/repoperls/installed-perls/perl/v5.13.5-413-g92f9d56/lib/site_perl/5.13.5/x86_64-linux-ld
    /home/src/perl/repoperls/installed-perls/perl/v5.13.5-413-g92f9d56/lib/site_perl/5.13.5
    /home/src/perl/repoperls/installed-perls/perl/v5.13.5-413-g92f9d56/lib/5.13.5/x86_64-linux-ld
    /home/src/perl/repoperls/installed-perls/perl/v5.13.5-413-g92f9d56/lib/5.13.5
    .