Monitoring-GLPlugin v2.4.14.6 Perl 5 v5.14.3 amd64-netbsd
- Status
- Fail
- From
- Chris Williams (BINGOS)
- Dist
-
Monitoring-GLPlugin v2.4.14.6
- Platform
- Perl 5 v5.14.3 amd64-netbsd
- Date
- 2017-12-01 01:55:39
- ID
- bb31e2b8-d63a-11e7-a1cf-bb670eaac09d
This distribution has been tested as part of the CPAN Testers
project, supporting the Perl programming language. See
http://wiki.cpantesters.org/ for more information or email
questions to cpan-testers-discuss@perl.org
--
Dear LAUSSER,
This is a computer-generated error report created automatically by
CPANPLUS, version 0.9170. Testers personal comments may appear
at the end of this report.
Thank you for uploading your work to CPAN. However, it appears that
there were some problems testing your distribution.
TEST RESULTS:
Below is the error stack from stage 'make test':
PERL_DL_NONLAZY=1 "/home/cpan/pit/bare/perl-5.14.3/bin/perl" "-MExtUtils::Command::MM" "-MTest::Harness" "-e" "undef *Test::Harness::Switches; test_harness(0, 'blib/lib', 'blib/arch')" t/*.t
# 01-new.t
# /tmp
# /tmp/device::uptime
# 01-new.t
# undef
# /device::uptime
t/01-new.t .......... ok
# statefile is /tmp/device::uptime_test
# now test ever growing metrics. shrinking means overrun
# now test growing and shrinking metrics
# delta -5
# now test growing and shrinking metrics, compare to a value in the past
# suddenly count is only 5
# delta -5 must be the result for the next 10 seconds
# after 12s delta is 0
# now test growing and shrinking metrics
# now test growing and shrinking lists
# delta -2
# delta 0
# now test growing and shrinking metrics, compare to a value in the past
# now test growing and shrinking lists, compare to a list in the past
# state change, ELEM4 and ELEM5 lost
# should still be the same
# after 12s delta is 0
t/02-valdiff.t ...... ok
Use of uninitialized value $ENV{"TZ"} in concatenation (.) or string at t/03-environment.t line 18.
t/03-environment.t .. ok
# Looks like your test exited with 3 just after 1.
t/04-extra-opts.t ...
Dubious, test returned 3 (wstat 768, 0x300)
Failed 6/7 subtests
Name "Monitoring::GLPlugin::pluginname" used only once: possible typo at t/10-snmp.t line 55.
# 10-snmp.t
# /tmp
# /tmp/device::uptime
t/10-snmp.t ......... ok
t/manifest.t ........ skipped: Author tests not required for installation
t/pod-coverage.t .... skipped: Author tests not required for installation
t/pod.t ............. skipped: Author tests not required for installation
Test Summary Report
-------------------
t/04-extra-opts.t (Wstat: 768 Tests: 1 Failed: 0)
Non-zero exit status: 3
Parse errors: Bad plan. You planned 7 tests but ran 1.
Files=8, Tests=67, 41 wallclock secs ( 0.06 usr 0.01 sys + 0.65 cusr 0.27 csys = 0.99 CPU)
Result: FAIL
Failed 1/8 test programs. 0/67 subtests failed.
*** Error code 255
Stop.
make: stopped in /home/cpan/pit/bare/conf/perl-5.14.3/.cpanplus/5.14.3/build/FyhpBKTy7_/Monitoring-GLPlugin-2.4.14.6
PREREQUISITES:
Here is a list of prerequisites you specified and versions we
managed to load:
Module Name Have Want
Test::More 1.302096 0
Perl module toolchain versions installed:
Module Name Have
CPANPLUS 0.9170
CPANPLUS::Dist::Build 0.88
Cwd 3.62
ExtUtils::CBuilder 0.280226
ExtUtils::Command 7.30
ExtUtils::Install 2.14
ExtUtils::MakeMaker 7.30
ExtUtils::Manifest 1.70
ExtUtils::ParseXS 3.35
File::Spec 3.62
Module::Build 0.4224
Pod::Parser 1.37
Pod::Simple 3.16
Test2 1.302096
Test::Harness 3.39
Test::More 1.302096
version 0.9918
******************************** NOTE ********************************
The comments above are created mechanically, possibly without manual
checking by the sender. As there are many people performing automatic
tests on each upload to CPAN, it is likely that you will receive
identical messages about the same problem.
If you believe that the message is mistaken, please reply to the first
one with correction and/or additional informations, and do not take
it personally. We appreciate your patience. :)
**********************************************************************
Additional comments:
This report was machine-generated by CPANPLUS::Dist::YACSmoke 1.02.
Powered by minismokebox version 0.68
------------------------------
ENVIRONMENT AND OTHER CONTEXT
------------------------------
Environment variables:
AUTOMATED_TESTING = 1
NONINTERACTIVE_TESTING = 1
PATH = /home/cpan/bin:/bin:/sbin:/usr/bin:/usr/sbin:/usr/X11R7/bin:/usr/X11R6/bin:/usr/pkg/bin:/usr/pkg/sbin:/usr/games:/usr/local/bin:/usr/local/sbin
PERL5LIB = :/home/cpan/pit/bare/conf/perl-5.14.3/.cpanplus/5.14.3/build/FyhpBKTy7_/Monitoring-GLPlugin-2.4.14.6/blib/lib:/home/cpan/pit/bare/conf/perl-5.14.3/.cpanplus/5.14.3/build/FyhpBKTy7_/Monitoring-GLPlugin-2.4.14.6/blib/arch
PERL5_CPANPLUS_IS_RUNNING = 2747
PERL5_CPANPLUS_IS_VERSION = 0.9170
PERL5_MINISMOKEBOX = 0.68
PERL5_YACSMOKE_BASE = /home/cpan/pit/bare/conf/perl-5.14.3
PERL_EXTUTILS_AUTOINSTALL = --defaultdeps
PERL_MM_USE_DEFAULT = 1
SHELL = /usr/pkg/bin/bash
TERM = screen
Perl special variables (and OS-specific diagnostics, for MSWin32):
Perl: $^X = /home/cpan/pit/bare/perl-5.14.3/bin/perl
UID: $< = 1002
EUID: $> = 1002
GID: $( = 100 100
EGID: $) = 100 100
-------------------------------
--
Summary of my perl5 (revision 5 version 14 subversion 3) configuration:
Platform:
osname=netbsd, osvers=7.0.1, archname=amd64-netbsd
uname='netbsd niwed.bingosnet.co.uk 7.0.1 netbsd 7.0.1 (generic.201605221355z) amd64 '
config_args='-des -Dprefix=/home/cpan/pit/bare/perl-5.14.3'
hint=recommended, useposix=true, d_sigaction=define
useithreads=undef, usemultiplicity=undef
useperlio=define, d_sfio=undef, uselargefiles=define, usesocks=undef
use64bitint=define, use64bitall=define, uselongdouble=undef
usemymalloc=n, bincompat5005=undef
Compiler:
cc='cc', ccflags ='-fno-strict-aliasing -pipe -fstack-protector -I/usr/pkg/include',
optimize='-O',
cppflags='-fno-strict-aliasing -pipe -fstack-protector -I/usr/pkg/include'
ccversion='', gccversion='4.8.4', gccosandvers=''
intsize=4, longsize=8, ptrsize=8, doublesize=8, byteorder=12345678
d_longlong=define, longlongsize=8, d_longdbl=define, longdblsize=16
ivtype='long', ivsize=8, nvtype='double', nvsize=8, Off_t='off_t', lseeksize=8
alignbytes=8, prototype=define
Linker and Libraries:
ld='cc', ldflags =' -Wl,-rpath,/usr/pkg/lib -Wl,-rpath,/usr/local/lib -fstack-protector -L/usr/pkg/lib'
libpth=/usr/pkg/lib /lib /usr/lib
libs=-lgdbm -lm -lcrypt -lutil -lc -lposix
perllibs=-lm -lcrypt -lutil -lc -lposix
libc=/lib/libc.so, so=so, useshrplib=false, libperl=libperl.a
gnulibc_version=''
Dynamic Linking:
dlsrc=dl_dlopen.xs, dlext=so, d_dlsymun=undef, ccdlflags='-Wl,-E '
cccdlflags='-DPIC -fPIC ', lddlflags='-shared -L/usr/pkg/lib -fstack-protector'
Characteristics of this binary (from libperl):
Compile-time options: PERL_DONT_CREATE_GVSV PERL_MALLOC_WRAP
PERL_PRESERVE_IVUV USE_64_BIT_ALL USE_64_BIT_INT
USE_LARGE_FILES USE_PERLIO USE_PERL_ATOF
Locally applied patches:
Devel::PatchPerl 1.42
Built under netbsd
Compiled at May 31 2016 16:34:00
%ENV:
PERL5LIB=":/home/cpan/pit/bare/conf/perl-5.14.3/.cpanplus/5.14.3/build/FyhpBKTy7_/Monitoring-GLPlugin-2.4.14.6/blib/lib:/home/cpan/pit/bare/conf/perl-5.14.3/.cpanplus/5.14.3/build/FyhpBKTy7_/Monitoring-GLPlugin-2.4.14.6/blib/arch"
PERL5_CPANPLUS_IS_RUNNING="2747"
PERL5_CPANPLUS_IS_VERSION="0.9170"
PERL5_MINISMOKEBOX="0.68"
PERL5_YACSMOKE_BASE="/home/cpan/pit/bare/conf/perl-5.14.3"
PERL_EXTUTILS_AUTOINSTALL="--defaultdeps"
PERL_MM_USE_DEFAULT="1"
@INC:
/home/cpan/pit/bare/conf/perl-5.14.3/.cpanplus/5.14.3/build/FyhpBKTy7_/Monitoring-GLPlugin-2.4.14.6/blib/lib
/home/cpan/pit/bare/conf/perl-5.14.3/.cpanplus/5.14.3/build/FyhpBKTy7_/Monitoring-GLPlugin-2.4.14.6/blib/arch
/home/cpan/pit/bare/perl-5.14.3/lib/site_perl/5.14.3/amd64-netbsd
/home/cpan/pit/bare/perl-5.14.3/lib/site_perl/5.14.3
/home/cpan/pit/bare/perl-5.14.3/lib/5.14.3/amd64-netbsd
/home/cpan/pit/bare/perl-5.14.3/lib/5.14.3
.