Report for Apache-Admin-Config-0.95

Back
From: metabase:user:320bfe00-2aae-11df-837a-5e0a49663a4f
Subject: FAIL Apache-Admin-Config-0.95 v5.8.8 GNU/Linux
Date: 2016-07-17T20:40:43Z

This distribution has been tested as part of the CPAN Testers
project, supporting the Perl programming language.  See
http://wiki.cpantesters.org/ for more information or email
questions to cpan-testers-discuss@perl.org


--
Dear Mark Whittington,

This is a computer-generated report for Apache-Admin-Config-0.95
on perl 5.8.8, created by CPAN-Reporter-1.2018.

Thank you for uploading your work to CPAN.  However, there was a problem
testing your distribution.

If you think this report is invalid, please consult the CPAN Testers Wiki
for suggestions on how to avoid getting FAIL reports for missing library
or binary dependencies, unsupported operating systems, and so on:

http://wiki.cpantesters.org/wiki/CPANAuthorNotes

Sections of this report:

    * Tester comments
    * Program output
    * Prerequisites
    * Environment and other context

------------------------------
TESTER COMMENTS
------------------------------

Additional comments from tester:

this report is from an automated smoke testing program
and was not reviewed by a human for accuracy

------------------------------
PROGRAM OUTPUT
------------------------------

Output from '/usr/bin/make test':

PERL_DL_NONLAZY=1 "/tmp/basesmoker-reloperl-duRF/bin/perl" "-MExtUtils::Command::MM" "-MTest::Harness" "-e" "undef *Test::Harness::Switches; test_harness(0, 'blib/lib', 'blib/arch')" t/*.t
t/comment.t ........... ok
t/comment_delete.t .... ok
t/comment_insert.t .... ok
t/directive.t ......... ok
t/directive_delete.t .. ok
t/directive_insert.t .. ok
t/handle.t ............ ok
t/isin.t .............. ok
t/save.t .............. ok
t/section.t ........... ok
t/section_delete.t .... ok
t/section_insert.t .... ok
# Failed test 3 in t/value.t at line 15
#  t/value.t line 15 is:     ok($item eq 'test');
# Failed test 5 in t/value.t at line 18
#  t/value.t line 18 is:     ok($item == 40);
# Failed test 9 in t/value.t at line 24
#  t/value.t line 24 is:     ok($item2 eq 'test');
# Failed test 11 in t/value.t at line 27
#  t/value.t line 27 is:     ok($item2 eq 'test_change');
# Failed test 13 in t/value.t at line 29
#  t/value.t line 29 is:     ok($item eq 'test_change');
# Failed test 16 in t/value.t at line 15 fail #2
# Failed test 18 in t/value.t at line 18 fail #2
# Failed test 22 in t/value.t at line 24 fail #2
# Failed test 24 in t/value.t at line 27 fail #2
# Failed test 26 in t/value.t at line 29 fail #2
# Failed test 29 in t/value.t at line 15 fail #3
# Failed test 31 in t/value.t at line 18 fail #3
# Failed test 35 in t/value.t at line 24 fail #3
# Failed test 37 in t/value.t at line 27 fail #3
# Failed test 39 in t/value.t at line 29 fail #3
t/value.t ............. 
Failed 15/40 subtests 

Test Summary Report
-------------------
t/value.t           (Wstat: 0 Tests: 40 Failed: 15)
  Failed tests:  3, 5, 9, 11, 13, 16, 18, 22, 24, 26, 29
                31, 35, 37, 39
Files=13, Tests=1042,  0 wallclock secs ( 0.06 usr  0.05 sys +  0.20 cusr  0.03 csys =  0.34 CPU)
Result: FAIL
Failed 1/13 test programs. 15/1042 subtests failed.
Makefile:842: recipe for target 'test_dynamic' failed
make: *** [test_dynamic] Error 255

------------------------------
PREREQUISITES
------------------------------

Prerequisite modules loaded:

requires:

    Module              Need Have
    ------------------- ---- ----
    FileHandle          2    2.01

build_requires:

    Module              Need Have
    ------------------- ---- ----
    ExtUtils::MakeMaker 0    7.18


------------------------------
ENVIRONMENT AND OTHER CONTEXT
------------------------------

Environment variables:

    AUTOMATED_TESTING = 1
    LANG = C
    PATH = /usr/lib/ccache:/home/sand/bin:/usr/local/bin:/usr/lib/ccache:/usr/bin:/bin:/usr/games:/usr/local/perl/bin:/usr/X11/bin:/sbin:/usr/sbin
    PERL = /tmp/basesmoker-reloperl-duRF/bin/perl
    PERL5LIB = 
    PERL5OPT = 
    PERL5_CPANPLUS_IS_RUNNING = 15578
    PERL5_CPAN_IS_RUNNING = 15578
    PERL_CANARY_STABILITY_NOPROMPT = 1
    PERL_MM_USE_DEFAULT = 1
    SHELL = /usr/bin/zsh
    TERM = screen

Perl special variables (and OS-specific diagnostics, for MSWin32):

    $^X = /tmp/basesmoker-reloperl-duRF/bin/perl
    $UID/$EUID = 1005 / 1005
    $GID = 1005 1005
    $EGID = 1005 1005

Perl module toolchain versions installed:

    Module              Have    
    ------------------- --------
    CPAN                2.14    
    CPAN::Meta          2.150005
    Cwd                 3.62    
    ExtUtils::CBuilder  0.280224
    ExtUtils::Command   7.18    
    ExtUtils::Install   1.54    
    ExtUtils::MakeMaker 7.18    
    ExtUtils::Manifest  1.70    
    ExtUtils::ParseXS   3.30    
    File::Spec          3.62    
    JSON                2.90    
    JSON::PP            2.27400 
    Module::Build       0.4218  
    Module::Signature   0.80    
    Parse::CPAN::Meta   1.4422  
    Test::Harness       3.36    
    Test::More          1.302040
    YAML                1.18    
    YAML::Syck          1.29    
    version             0.9917  


--

Summary of my perl5 (revision 5 version 8 subversion 8) configuration:
  Platform:
    osname=linux, osvers=4.6.0-1-amd64, archname=x86_64-linux
    uname='linux k93x64sid 4.6.0-1-amd64 #1 smp debian 4.6.2-2 (2016-06-25) x86_64 gnulinux '
    config_args='-Dprefix=/home/sand/src/perl/repoperls/installed-perls/host/k93x64sid/perl-5.8.8/f878 -Dmyhostname=k93x64sid -Dinstallusrbinperl=n -Uversiononly -Dusedevel -des -Ui_db -Dlibswanted=cl pthread socket inet nsl gdbm dbm malloc dl ld sun m crypt sec util c cposix posix ucb BSD gdbm_compat -Uuseithreads -Uuselongdouble'
    hint=recommended, useposix=true, d_sigaction=define
    usethreads=undef use5005threads=undef useithreads=undef usemultiplicity=undef
    useperlio=define d_sfio=undef uselargefiles=define usesocks=undef
    use64bitint=define use64bitall=define uselongdouble=undef
    usemymalloc=n, bincompat5005=undef
  Compiler:
    cc='cc', ccflags ='-fno-strict-aliasing -pipe -Wdeclaration-after-statement -I/usr/local/include -D_LARGEFILE_SOURCE -D_FILE_OFFSET_BITS=64',
    optimize='-O2',
    cppflags='-fno-strict-aliasing -pipe -Wdeclaration-after-statement -I/usr/local/include'
    ccversion='', gccversion='5.4.0 20160609', gccosandvers=''
    intsize=4, longsize=8, ptrsize=8, doublesize=8, byteorder=12345678
    d_longlong=define, longlongsize=8, d_longdbl=define, longdblsize=16
    ivtype='long', ivsize=8, nvtype='double', nvsize=8, Off_t='off_t', lseeksize=8
    alignbytes=8, prototype=define
  Linker and Libraries:
    ld='cc', ldflags =' -L/usr/local/lib'
    libpth=/usr/local/lib /lib/x86_64-linux-gnu /lib/../lib /usr/lib/x86_64-linux-gnu /usr/lib/../lib /lib /usr/lib
    libs=-lpthread -lnsl -ldl -lm -lcrypt -lutil -lc
    perllibs=-lpthread -lnsl -ldl -lm -lcrypt -lutil -lc
    libc=libc-2.23.so, so=so, useshrplib=false, libperl=libperl.a
    gnulibc_version='2.23'
  Dynamic Linking:
    dlsrc=dl_dlopen.xs, dlext=so, d_dlsymun=undef, ccdlflags='-Wl,-E'
    cccdlflags='-fpic', lddlflags='-shared -L/usr/local/lib'


Characteristics of this binary (from libperl): 
  Compile-time options: PERL_MALLOC_WRAP USE_64_BIT_ALL USE_64_BIT_INT
                        USE_LARGE_FILES USE_PERLIO
  Built under linux
  Compiled at Jul 17 2016 12:53:58
  %ENV:
    PERL="/tmp/basesmoker-reloperl-duRF/bin/perl"
    PERL5LIB=""
    PERL5OPT=""
    PERL5_CPANPLUS_IS_RUNNING="15578"
    PERL5_CPAN_IS_RUNNING="15578"
    PERL_CANARY_STABILITY_NOPROMPT="1"
    PERL_MM_USE_DEFAULT="1"
  @INC:
    /home/sand/src/perl/repoperls/installed-perls/host/k93x64sid/perl-5.8.8/f878/lib/5.8.8/x86_64-linux
    /home/sand/src/perl/repoperls/installed-perls/host/k93x64sid/perl-5.8.8/f878/lib/5.8.8
    /home/sand/src/perl/repoperls/installed-perls/host/k93x64sid/perl-5.8.8/f878/lib/site_perl/5.8.8/x86_64-linux
    /home/sand/src/perl/repoperls/installed-perls/host/k93x64sid/perl-5.8.8/f878/lib/site_perl/5.8.8
    /home/sand/src/perl/repoperls/installed-perls/host/k93x64sid/perl-5.8.8/f878/lib/site_perl
    .