Back
From: metabase:user:a0e144f2-373b-11e6-8edd-c6848980b093
Subject: FAIL Module-Install-TestTarget-0.19 v5.25.2 GNU/Linux
Date: 2016-07-05T19:14:44Z
This distribution has been tested as part of the CPAN Testers
project, supporting the Perl programming language. See
http://wiki.cpantesters.org/ for more information or email
questions to cpan-testers-discuss@perl.org
--
Dear Yuji Shimada,
This is a computer-generated report for Module-Install-TestTarget-0.19
on perl 5.25.2, created by CPAN-Reporter-1.2018.
Thank you for uploading your work to CPAN. However, there was a problem
testing your distribution.
If you think this report is invalid, please consult the CPAN Testers Wiki
for suggestions on how to avoid getting FAIL reports for missing library
or binary dependencies, unsupported operating systems, and so on:
http://wiki.cpantesters.org/wiki/CPANAuthorNotes
Sections of this report:
* Tester comments
* Program output
* Prerequisites
* Environment and other context
------------------------------
TESTER COMMENTS
------------------------------
Additional comments from tester:
none provided
------------------------------
PROGRAM OUTPUT
------------------------------
Output from '/usr/bin/make test':
PERL_DL_NONLAZY=1 "/usr/bin/perl5.25.2" "-MExtUtils::Command::MM" "-MTest::Harness" "-e" "undef *Test::Harness::Switches; test_harness(0, 'blib/lib', 'blib/arch')" t/*.t t/*/*.t
# You have make command: make
t/00_compile.t .......................... ok
t/default_make_test/with_extra_tests.t .. skipped: Test requires module 'Module::Install::ExtraTests' but it's not found
t/test_target/alias.t ................... ok
Unescaped left brace in regex is illegal here in regex; marked by <-- HERE in m/\$\$ENV{ <-- HERE {q{{FOO}}}} = q{{bar}};/ at t/test_target/env.t line 10.
t/test_target/env.t .....................
Dubious, test returned 255 (wstat 65280, 0xff00)
No subtests run
t/test_target/includes.t ................ ok
Unescaped left brace in regex is illegal here in regex; marked by <-- HERE in m/sub { <-- HERE { print scalar localtime }}->\(\); / at t/test_target/insert_on_finalize.t line 11.
t/test_target/insert_on_finalize.t ......
Dubious, test returned 255 (wstat 65280, 0xff00)
No subtests run
Unescaped left brace in regex is illegal here in regex; marked by <-- HERE in m/sub { <-- HERE { print scalar localtime }}->\(\); / at t/test_target/insert_on_prepare.t line 11.
t/test_target/insert_on_prepare.t .......
Dubious, test returned 255 (wstat 65280, 0xff00)
No subtests run
t/test_target/load_modules.t ............ ok
Unescaped left brace in regex is illegal here in regex; marked by <-- HERE in m/do { <-- HERE { local \$\$@; do './tool/bar.pl'; die \$\$@ if \$\$@ }};/ at t/test_target/run_on_finalize.t line 10.
t/test_target/run_on_finalize.t .........
Dubious, test returned 255 (wstat 65280, 0xff00)
No subtests run
Unescaped left brace in regex is illegal here in regex; marked by <-- HERE in m/do { <-- HERE { local \$\$@; do './tool/foo.pl'; die \$\$@ if \$\$@ }};/ at t/test_target/run_on_prepare.t line 10.
t/test_target/run_on_prepare.t ..........
Dubious, test returned 255 (wstat 65280, 0xff00)
No subtests run
t/test_target/tests.t ................... ok
Test Summary Report
-------------------
t/test_target/env.t (Wstat: 65280 Tests: 0 Failed: 0)
Non-zero exit status: 255
Parse errors: No plan found in TAP output
t/test_target/insert_on_finalize.t (Wstat: 65280 Tests: 0 Failed: 0)
Non-zero exit status: 255
Parse errors: No plan found in TAP output
t/test_target/insert_on_prepare.t (Wstat: 65280 Tests: 0 Failed: 0)
Non-zero exit status: 255
Parse errors: No plan found in TAP output
t/test_target/run_on_finalize.t (Wstat: 65280 Tests: 0 Failed: 0)
Non-zero exit status: 255
Parse errors: No plan found in TAP output
t/test_target/run_on_prepare.t (Wstat: 65280 Tests: 0 Failed: 0)
Non-zero exit status: 255
Parse errors: No plan found in TAP output
Files=11, Tests=12, 3 wallclock secs ( 0.03 usr 0.01 sys + 1.77 cusr 0.35 csys = 2.16 CPU)
Result: FAIL
Failed 5/11 test programs. 0/12 subtests failed.
Makefile:845: recipe for target 'test_dynamic' failed
make: *** [test_dynamic] Error 255
------------------------------
PREREQUISITES
------------------------------
Prerequisite modules loaded:
requires:
Module Need Have
------------------- ---- --------
Module::Install 1.00 1.16
Test::More 0.96 1.302035
Test::Requires 0 0.10
build_requires:
Module Need Have
------------------- ---- --------
ExtUtils::MakeMaker 0 7.18
configure_requires:
Module Need Have
------------------- ---- --------
ExtUtils::MakeMaker 0 7.18
------------------------------
ENVIRONMENT AND OTHER CONTEXT
------------------------------
Environment variables:
LANG = en_US.UTF-8
PATH = /usr/local/bin:/usr/bin:/bin:/usr/local/games:/usr/games
PERL5LIB = /home/dcollins/toolchain/.afl3/.cpan/build/libwww-perl-6.15-376/blib/arch:/home/dcollins/toolchain/.afl3/.cpan/build/libwww-perl-6.15-376/blib/lib
PERL5OPT =
PERL5_CPANPLUS_IS_RUNNING = 16453
PERL5_CPAN_IS_RUNNING = 16453
SHELL = /bin/bash
TERM = screen
Perl special variables (and OS-specific diagnostics, for MSWin32):
$^X = /usr/bin/perl5.25.2
$UID/$EUID = 1003 / 1003
$GID = 1005 1005
$EGID = 1005 1005
Perl module toolchain versions installed:
Module Have
------------------- --------
CPAN 2.14
CPAN::Meta 2.150005
Cwd 3.64
ExtUtils::CBuilder 0.280225
ExtUtils::Command 7.18
ExtUtils::Install 2.04
ExtUtils::MakeMaker 7.18
ExtUtils::Manifest 1.70
ExtUtils::ParseXS 3.32
File::Spec 3.64
JSON 2.90
JSON::PP 2.27400
Module::Build 0.4218
Module::Signature n/a
Parse::CPAN::Meta 1.4418
Test::Harness 3.36
Test::More 1.302035
YAML 1.15
YAML::Syck 1.29
version 0.9917
--
Summary of my perl5 (revision 5 version 25 subversion 2) configuration:
Commit id: d6e0ab90d221e0e0cbfcd8c68c96c721a688265f
Platform:
osname=linux
osvers=4.6.0-1-amd64
archname=x86_64-linux-thread-multi-quadmath
uname='linux nightshade64 4.6.0-1-amd64 #1 smp debian 4.6.1-1 (2016-06-06) x86_64 gnulinux '
config_args='-Dusedevel -Dprefix=/usr -Dcc=ccache gcc-6 -Duse64bitall -Doptimize=-O3 -Dversiononly -Uman1dir -Uman3dir -Dsiteprefix=/home/dcollins/toolchain/local -DDEBUGGING -Uuselongdouble -Dusequadmath -Dusethreads -Dusemultiplicity -des'
hint=recommended
useposix=true
d_sigaction=define
useithreads=define
usemultiplicity=define
use64bitint=define
use64bitall=define
uselongdouble=undef
usemymalloc=n
bincompat5005=undef
Compiler:
cc='ccache gcc-6'
ccflags ='-D_REENTRANT -D_GNU_SOURCE -fwrapv -DDEBUGGING -fno-strict-aliasing -pipe -fstack-protector-strong -I/usr/local/include -D_LARGEFILE_SOURCE -D_FILE_OFFSET_BITS=64'
optimize='-O3 -g'
cppflags='-D_REENTRANT -D_GNU_SOURCE -fwrapv -DDEBUGGING -fno-strict-aliasing -pipe -fstack-protector-strong -I/usr/local/include'
ccversion=''
gccversion='6.1.1 20160519'
gccosandvers=''
intsize=4
longsize=8
ptrsize=8
doublesize=8
byteorder=12345678
doublekind=3
d_longlong=define
longlongsize=8
d_longdbl=define
longdblsize=16
longdblkind=3
ivtype='long'
ivsize=8
nvtype='__float128'
nvsize=16
Off_t='off_t'
lseeksize=8
alignbytes=16
prototype=define
Linker and Libraries:
ld='ccache gcc-6'
ldflags =' -fstack-protector-strong -L/usr/local/lib'
libpth=/usr/local/lib /usr/lib/gcc/x86_64-linux-gnu/6/include-fixed /usr/include/x86_64-linux-gnu /usr/lib /lib/x86_64-linux-gnu /lib/../lib /usr/lib/x86_64-linux-gnu /usr/lib/../lib /lib
libs=-lpthread -lnsl -ldl -lm -lcrypt -lutil -lc -lquadmath
perllibs=-lpthread -lnsl -ldl -lm -lcrypt -lutil -lc -lquadmath
libc=libc-2.22.so
so=so
useshrplib=false
libperl=libperl.a
gnulibc_version='2.22'
Dynamic Linking:
dlsrc=dl_dlopen.xs
dlext=so
d_dlsymun=undef
ccdlflags='-Wl,-E'
cccdlflags='-fPIC'
lddlflags='-shared -O3 -g -L/usr/local/lib -fstack-protector-strong'
Characteristics of this binary (from libperl):
Compile-time options:
DEBUGGING
HAS_TIMES
MULTIPLICITY
PERLIO_LAYERS
PERL_COPY_ON_WRITE
PERL_DONT_CREATE_GVSV
PERL_HASH_FUNC_ONE_AT_A_TIME_HARD
PERL_IMPLICIT_CONTEXT
PERL_MALLOC_WRAP
PERL_OP_PARENT
PERL_PRESERVE_IVUV
PERL_TRACK_MEMPOOL
PERL_USE_DEVEL
USE_64_BIT_ALL
USE_64_BIT_INT
USE_ITHREADS
USE_LARGE_FILES
USE_LOCALE
USE_LOCALE_COLLATE
USE_LOCALE_CTYPE
USE_LOCALE_NUMERIC
USE_LOCALE_TIME
USE_PERLIO
USE_PERL_ATOF
USE_QUADMATH
USE_REENTRANT_API
Built under linux
Compiled at Jan 1 1970 00:00:00
%ENV:
PERL5LIB="/home/dcollins/toolchain/.afl3/.cpan/build/libwww-perl-6.15-376/blib/arch:/home/dcollins/toolchain/.afl3/.cpan/build/libwww-perl-6.15-376/blib/lib"
PERL5OPT=""
PERL5_CPANPLUS_IS_RUNNING="16453"
PERL5_CPAN_IS_RUNNING="16453"
@INC:
/home/dcollins/toolchain/.afl3/.cpan/build/libwww-perl-6.15-376/blib/arch
/home/dcollins/toolchain/.afl3/.cpan/build/libwww-perl-6.15-376/blib/lib
/home/dcollins/toolchain/local/lib/perl5/site_perl/5.25.2/x86_64-linux-thread-multi-quadmath
/home/dcollins/toolchain/local/lib/perl5/site_perl/5.25.2
/usr/lib/perl5/5.25.2/x86_64-linux-thread-multi-quadmath
/usr/lib/perl5/5.25.2
.