Net-Azure-NotificationHubs v0.08 Perl 5 v5.12.2 MSWin32-x86-multi-thread
- Status
- Fail
- From
- Alexandr Ciornii (CHORNY)
- Dist
-
Net-Azure-NotificationHubs v0.08
- Platform
- Perl 5 v5.12.2 MSWin32-x86-multi-thread
- Date
- 2018-11-05 19:58:48
- ID
- bb60fbd8-6c17-1014-b883-fb2ae2cb87a9
This distribution has been tested as part of the CPAN Testers
project, supporting the Perl programming language. See
http://wiki.cpantesters.org/ for more information or email
questions to cpan-testers-discuss@perl.org
--
Dear Satoshi Azuma,
This is a computer-generated report for Net-Azure-NotificationHubs-0.08
on perl 5.12.2, created by CPAN-Reporter-1.2018.
Thank you for uploading your work to CPAN. However, there was a problem
testing your distribution.
If you think this report is invalid, please consult the CPAN Testers Wiki
for suggestions on how to avoid getting FAIL reports for missing library
or binary dependencies, unsupported operating systems, and so on:
http://wiki.cpantesters.org/wiki/CPANAuthorNotes
Sections of this report:
* Tester comments
* Program output
* Prerequisites
* Environment and other context
------------------------------
TESTER COMMENTS
------------------------------
Additional comments from tester:
this report is from an automated smoke testing program
and was not reviewed by a human for accuracy
------------------------------
PROGRAM OUTPUT
------------------------------
Output from 'C:\strawberry\perl\bin\perl.exe ./Build test':
t/00_compile.t .............. ok
t/10_new.t .................. ok
t/11_send_request.t ......... ok
t/12_uri.t .................. ok
t/13_req.t .................. ok
599 Internal Exception at t/21_request_do.t line 16.
# Child (do) exited without calling finalize()
# Failed test 'do'
# at C:/strawberry/perl/lib/Test/Builder.pm line 276.
# Tests were run but no plan was declared and done_testing() was not seen.
# Looks like your test exited with 9 just after 1.
t/21_request_do.t ...........
Dubious, test returned 9 (wstat 2304, 0x900)
Failed 1/1 subtests
599 Internal Exception at t/31_response_as_hashref.t line 12.
# Child (html response) exited without calling finalize()
# Failed test 'html response'
# at C:/strawberry/perl/lib/Test/Builder.pm line 276.
# Tests were run but no plan was declared and done_testing() was not seen.
# Looks like your test exited with 9 just after 1.
t/31_response_as_hashref.t ..
Dubious, test returned 9 (wstat 2304, 0x900)
Failed 1/1 subtests
Test Summary Report
-------------------
t/21_request_do.t (Wstat: 2304 Tests: 1 Failed: 1)
Failed test: 1
Non-zero exit status: 9
Parse errors: No plan found in TAP output
t/31_response_as_hashref.t (Wstat: 2304 Tests: 1 Failed: 1)
Failed test: 1
Non-zero exit status: 9
Parse errors: No plan found in TAP output
Files=7, Tests=20, 5 wallclock secs ( 0.05 usr + 0.00 sys = 0.05 CPU)
Result: FAIL
------------------------------
PREREQUISITES
------------------------------
Prerequisite modules loaded:
requires:
Module Need Have
------------------------------ -------- --------
Carp 0 1.3301
Class::Accessor::Lite 0 0.06
HTTP::Tiny 0 0.043
JSON 0 2.90
Net::Azure::Authorization::SAS 0.03 0.03
Net::SSLeay 0 1.65
perl 5.008001 5.012002
URI 0 1.64
build_requires:
Module Need Have
------------------------------ -------- --------
Test::More 0.98 1.001003
Test::Time 0 0.04
configure_requires:
Module Need Have
------------------------------ -------- --------
Module::Build::Tiny 0.035 0.037
------------------------------
ENVIRONMENT AND OTHER CONTEXT
------------------------------
Environment variables:
AUTOMATED_TESTING = 1
COMSPEC = C:\WINDOWS\system32\cmd.exe
NUMBER_OF_PROCESSORS = 1
PATH = c:\Windows\system32;c:\Windows\System32\Wbem;C:\Git\cmd;C:\strawberry\c\bin;C:\strawberry\perl\site\bin;C:\strawberry\perl\bin
PERL5LIB = C:\strawberry\cpan\build\Net-Azure-Authorization-SAS-0.03-0/blib/arch;C:\strawberry\cpan\build\Net-Azure-Authorization-SAS-0.03-0/blib/lib
PERL5OPT =
PERL5_CPANPLUS_IS_RUNNING = 1052
PERL5_CPAN_IS_RUNNING = 1052
PERL5_CPAN_IS_RUNNING_IN_RECURSION = 2012,1052
PERL_CR_SMOKER_CURRENT = Net-Azure-NotificationHubs-0.08
PERL_CR_SMOKER_RUNONCE = 1
PERL_EXTUTILS_AUTOINSTALL = --defaultdeps
PERL_MM_USE_DEFAULT = 1
PROCESSOR_IDENTIFIER = x86 Family 18 Model 1 Stepping 0, AuthenticAMD
TEMP = C:\DOCUME~1\c\LOCALS~1\Temp
TERM = dumb
Perl special variables (and OS-specific diagnostics, for MSWin32):
$^X = C:\strawberry\perl\bin\perl.exe
$UID/$EUID = 0 / 0
$GID = 0
$EGID = 0
Win32::GetOSName = WinXP/.Net
Win32::GetOSVersion = Service Pack 3, 5, 1, 2600, 2, 3, 0, 256, 1
Win32::FsType = NTFS
Win32::IsAdminUser = 1
Perl module toolchain versions installed:
Module Have
------------------- --------
CPAN 2.16
CPAN::Meta 2.141520
Cwd 3.47
ExtUtils::CBuilder 0.280216
ExtUtils::Command 1.16
ExtUtils::Install 1.55
ExtUtils::MakeMaker 6.98
ExtUtils::Manifest 1.60
ExtUtils::ParseXS 3.24
File::Spec 3.47
JSON 2.90
JSON::PP 2.27203
Module::Build 0.4206
Module::Signature 0.66
Parse::CPAN::Meta 1.4414
Test::Harness 3.32
Test::More 1.001003
YAML 0.98
YAML::Syck 1.27
version 0.9908
--
Summary of my perl5 (revision 5 version 12 subversion 2) configuration:
Platform:
osname=MSWin32, osvers=5.1, archname=MSWin32-x86-multi-thread
uname='Win32 strawberryperl 5.12.2.0 #1 Fri Nov 5 05:17:27 2010 i386'
config_args='undef'
hint=recommended, useposix=true, d_sigaction=undef
useithreads=define, usemultiplicity=define
useperlio=define, d_sfio=undef, uselargefiles=define, usesocks=undef
use64bitint=undef, use64bitall=undef, uselongdouble=undef
usemymalloc=n, bincompat5005=undef
Compiler:
cc='gcc', ccflags =' -s -O2 -DWIN32 -DHAVE_DES_FCRYPT -DUSE_SITECUSTOMIZE -DPERL_IMPLICIT_CONTEXT -DPERL_IMPLICIT_SYS -fno-strict-aliasing -mms-bitfields -DPERL_MSVCRT_READFIX',
optimize='-s -O2',
cppflags='-DWIN32'
ccversion='', gccversion='4.4.3', gccosandvers=''
intsize=4, longsize=4, ptrsize=4, doublesize=8, byteorder=1234
d_longlong=undef, longlongsize=8, d_longdbl=define, longdblsize=12
ivtype='long', ivsize=4, nvtype='double', nvsize=8, Off_t='long long', lseeksize=8
alignbytes=8, prototype=define
Linker and Libraries:
ld='g++', ldflags ='-s -L"C:\strawberry\perl\lib\CORE" -L"C:\strawberry\c\lib"'
libpth=C:\strawberry\c\lib C:\strawberry\c\i686-w64-mingw32\lib
libs=-lmoldname -lkernel32 -luser32 -lgdi32 -lwinspool -lcomdlg32 -ladvapi32 -lshell32 -lole32 -loleaut32 -lnetapi32 -luuid -lws2_32 -lmpr -lwinmm -lversion -lodbc32 -lodbccp32 -lcomctl32
perllibs=-lmoldname -lkernel32 -luser32 -lgdi32 -lwinspool -lcomdlg32 -ladvapi32 -lshell32 -lole32 -loleaut32 -lnetapi32 -luuid -lws2_32 -lmpr -lwinmm -lversion -lodbc32 -lodbccp32 -lcomctl32
libc=, so=dll, useshrplib=true, libperl=libperl512.a
gnulibc_version=''
Dynamic Linking:
dlsrc=dl_win32.xs, dlext=dll, d_dlsymun=undef, ccdlflags=' '
cccdlflags=' ', lddlflags='-mdll -s -L"C:\strawberry\perl\lib\CORE" -L"C:\strawberry\c\lib"'
Characteristics of this binary (from libperl):
Compile-time options: MULTIPLICITY PERL_DONT_CREATE_GVSV
PERL_IMPLICIT_CONTEXT PERL_IMPLICIT_SYS
PERL_MALLOC_WRAP PL_OP_SLAB_ALLOC USE_ITHREADS
USE_LARGE_FILES USE_PERLIO USE_PERL_ATOF
USE_SITECUSTOMIZE
Built under MSWin32
Compiled at Nov 5 2010 08:39:08
%ENV:
PERL5LIB="C:\strawberry\cpan\build\Net-Azure-Authorization-SAS-0.03-0/blib/arch;C:\strawberry\cpan\build\Net-Azure-Authorization-SAS-0.03-0/blib/lib"
PERL5_CPANPLUS_IS_RUNNING="1052"
PERL5_CPAN_IS_RUNNING="1052"
PERL5_CPAN_IS_RUNNING_IN_RECURSION="2012,1052"
PERL_CR_SMOKER_CURRENT="Net-Azure-NotificationHubs-0.08"
PERL_CR_SMOKER_RUNONCE="1"
PERL_EXTUTILS_AUTOINSTALL="--defaultdeps"
PERL_MM_USE_DEFAULT="1"
@INC:
C:\strawberry\cpan\build\Net-Azure-Authorization-SAS-0.03-0/blib/arch
C:\strawberry\cpan\build\Net-Azure-Authorization-SAS-0.03-0/blib/lib
C:/strawberry/perl/site/lib
C:/strawberry/perl/vendor/lib
C:/strawberry/perl/lib
.