Module-Manifest-Skip v0.23 Perl 5 v5.41.13 amd64-freebsd-thread-multi
- Status
- Fail
- From
- Carlos Guevara
- Dist
-
Module-Manifest-Skip v0.23
- Platform
- Perl 5 v5.41.13 amd64-freebsd-thread-multi
- Date
- 2025-04-28 09:11:13
- ID
- bba7063e-2410-11f0-8adf-e5408bda5b51
This distribution has been tested as part of the CPAN Testers
project, supporting the Perl programming language. See
http://wiki.cpantesters.org/ for more information or email
questions to cpan-testers-discuss@perl.org
--
Dear Ingy dot Net,
This is a computer-generated report for Module-Manifest-Skip-0.23
on perl 5.41.13, created by CPAN-Reporter-1.2020.
Thank you for uploading your work to CPAN. However, there was a problem
testing your distribution.
If you think this report is invalid, please consult the CPAN Testers Wiki
for suggestions on how to avoid getting FAIL reports for missing library
or binary dependencies, unsupported operating systems, and so on:
http://wiki.cpantesters.org/wiki/CPANAuthorNotes
Sections of this report:
* Tester comments
* Program output
* Prerequisites
* Environment and other context
------------------------------
TESTER COMMENTS
------------------------------
Additional comments from tester:
this report is from an automated smoke testing program
and was not reviewed by a human for accuracy
------------------------------
PROGRAM OUTPUT
------------------------------
Output from '/usr/bin/make test':
Skip blib/lib/auto/share/dist/Module-Manifest-Skip/MANIFEST.SKIP (unchanged)
PERL_DL_NONLAZY=1 "/home/cpan/bin/perl/bin/perl5.41.13" "-MExtUtils::Command::MM" "-MTest::Harness" "-e" "undef *Test::Harness::Switches; test_harness(0, 'blib/lib', 'blib/arch')" t/*.t
Can't locate object method "_install_subs" via package "Module::Manifest::Skip" at /home/cpan/bin/perl/lib/site_perl/5.41.13/Moo.pm line 49.
BEGIN failed--compilation aborted at t/TestModuleManifestSkip.pm line 6.
Compilation failed in require at t/create.t line 3.
BEGIN failed--compilation aborted at t/create.t line 3.
t/create.t ..............
Dubious, test returned 255 (wstat 65280, 0xff00)
No subtests run
Can't locate object method "_install_subs" via package "Module::Manifest::Skip" at /home/cpan/bin/perl/lib/site_perl/5.41.13/Moo.pm line 49.
BEGIN failed--compilation aborted at t/TestModuleManifestSkip.pm line 6.
Compilation failed in require at t/recreate.t line 3.
BEGIN failed--compilation aborted at t/recreate.t line 3.
t/recreate.t ............
Dubious, test returned 255 (wstat 65280, 0xff00)
No subtests run
t/release-pod-syntax.t .. skipped: these tests are for release candidate testing
Can't locate object method "_install_subs" via package "Module::Manifest::Skip" at /home/cpan/bin/perl/lib/site_perl/5.41.13/Moo.pm line 49.
BEGIN failed--compilation aborted at t/TestModuleManifestSkip.pm line 6.
Compilation failed in require at t/skip1.t line 3.
BEGIN failed--compilation aborted at t/skip1.t line 3.
t/skip1.t ...............
Dubious, test returned 255 (wstat 65280, 0xff00)
No subtests run
Can't locate object method "_install_subs" via package "Module::Manifest::Skip" at /home/cpan/bin/perl/lib/site_perl/5.41.13/Moo.pm line 49.
BEGIN failed--compilation aborted at t/TestModuleManifestSkip.pm line 6.
Compilation failed in require at t/update.t line 3.
BEGIN failed--compilation aborted at t/update.t line 3.
t/update.t ..............
Dubious, test returned 255 (wstat 65280, 0xff00)
No subtests run
Test Summary Report
-------------------
t/create.t (Wstat: 65280 (exited 255) Tests: 0 Failed: 0)
Non-zero exit status: 255
Parse errors: No plan found in TAP output
t/recreate.t (Wstat: 65280 (exited 255) Tests: 0 Failed: 0)
Non-zero exit status: 255
Parse errors: No plan found in TAP output
t/skip1.t (Wstat: 65280 (exited 255) Tests: 0 Failed: 0)
Non-zero exit status: 255
Parse errors: No plan found in TAP output
t/update.t (Wstat: 65280 (exited 255) Tests: 0 Failed: 0)
Non-zero exit status: 255
Parse errors: No plan found in TAP output
Files=5, Tests=0, 0 wallclock secs ( 0.02 usr 0.00 sys + 0.05 cusr 0.05 csys = 0.12 CPU)
Result: FAIL
Failed 4/5 test programs. 0/0 subtests failed.
*** Error code 255
Stop.
make: stopped in /home/cpan/.cpan/build/Module-Manifest-Skip-0.23-0
------------------------------
PREREQUISITES
------------------------------
Prerequisite modules loaded:
requires:
Module Need Have
----------------------- -------- --------
Moo 0.091013 2.005005
build_requires:
Module Need Have
----------------------- -------- --------
ExtUtils::MakeMaker 0 7.74
configure_requires:
Module Need Have
----------------------- -------- --------
ExtUtils::MakeMaker 6.30 7.74
File::ShareDir::Install 0.06 0.14
------------------------------
ENVIRONMENT AND OTHER CONTEXT
------------------------------
Environment variables:
AUTOMATED_TESTING = 1
DATE_MANIP_TEST_DM5 = 1
LANG = C.UTF-8
LC_ALL = C
NONINTERACTIVE_TESTING = 1
NO_NETWORK_TESTING = 1
PATH = /home/cpan/bin/perl/bin:/home/cpan/bin:/sbin:/bin:/usr/sbin:/usr/bin:/usr/local/sbin:/usr/local/bin:/home/cpan/bin
PERL5LIB =
PERL5OPT =
PERL5_CPANPLUS_IS_RUNNING = 24365
PERL5_CPAN_IS_RUNNING = 24365
PERL_MM_USE_DEFAULT = 1
PERL_USE_UNSAFE_INC = 1
SHELL = /usr/local/bin/bash
TERM = screen
TMPDIR = /home/cpan/tmp
Perl special variables (and OS-specific diagnostics, for MSWin32):
$^X = /home/cpan/bin/perl/bin/perl5.41.13
$UID/$EUID = 1002 / 1002
$GID = 1002 1002
$EGID = 1002 1002
Perl module toolchain versions installed:
Module Have
------------------- --------
CPAN 2.38
CPAN::Meta 2.150010
Cwd 3.94
ExtUtils::CBuilder 0.280241
ExtUtils::Command 7.74
ExtUtils::Install 2.22
ExtUtils::MakeMaker 7.74
ExtUtils::Manifest 1.75
ExtUtils::ParseXS 3.57
File::Spec 3.94
JSON 4.10
JSON::PP 4.16
Module::Build 0.4234
Module::Signature 0.89
Parse::CPAN::Meta 2.150010
Test2 1.302210
Test::Harness 3.50
Test::More 1.302210
YAML 1.31
YAML::Syck 1.34
version 0.9933
--
Summary of my perl5 (revision 5 version 41 subversion 13) configuration:
Commit id: 25cdb82c7fa0e23b8162c04081a5a0162d2346ef
Platform:
osname=freebsd
osvers=14.2-release-p1
archname=amd64-freebsd-thread-multi
uname='freebsd cjg-freebsd14 14.2-release-p1 freebsd 14.2-release-p1 generic amd64 '
config_args='-des -Dprefix=/home/cpan/bin/perl -Dscriptdir=/home/cpan/bin/perl/bin -Dusedevel -Duse64bitall -Duseithreads'
hint=recommended
useposix=true
d_sigaction=define
useithreads=define
usemultiplicity=define
use64bitint=define
use64bitall=define
uselongdouble=undef
usemymalloc=n
default_inc_excludes_dot=define
Compiler:
cc='cc'
ccflags ='-DHAS_FPSETMASK -DHAS_FLOATINGPOINT_H -DNO_POSIX_2008_LOCALE -fno-strict-aliasing -pipe -fstack-protector-strong -I/usr/local/include'
optimize='-O2'
cppflags='-DHAS_FPSETMASK -DHAS_FLOATINGPOINT_H -DNO_POSIX_2008_LOCALE -fno-strict-aliasing -pipe -fstack-protector-strong -I/usr/local/include'
ccversion=''
gccversion='FreeBSD Clang 18.1.6 (https://github.com/llvm/llvm-project.git llvmorg-18.1.6-0-g1118c2e05e67)'
gccosandvers=''
intsize=4
longsize=8
ptrsize=8
doublesize=8
byteorder=12345678
doublekind=3
d_longlong=define
longlongsize=8
d_longdbl=define
longdblsize=16
longdblkind=3
ivtype='long'
ivsize=8
nvtype='double'
nvsize=8
Off_t='off_t'
lseeksize=8
alignbytes=8
prototype=define
Linker and Libraries:
ld='cc'
ldflags ='-pthread -Wl,-E -fstack-protector-strong -L/usr/local/lib'
libpth=/usr/lib /usr/local/lib /usr/lib/clang/18/lib
libs=-lpthread -lgdbm -ldl -lm -lcrypt -lutil
perllibs=-lpthread -ldl -lm -lcrypt -lutil
libc=
so=so
useshrplib=false
libperl=libperl.a
gnulibc_version=''
Dynamic Linking:
dlsrc=dl_dlopen.xs
dlext=so
d_dlsymun=undef
ccdlflags=' '
cccdlflags='-DPIC -fPIC'
lddlflags='-shared -L/usr/local/lib -fstack-protector-strong'
Characteristics of this binary (from libperl):
Compile-time options:
HAS_LONG_DOUBLE
HAS_STRTOLD
HAS_TIMES
MULTIPLICITY
PERLIO_LAYERS
PERL_COPY_ON_WRITE
PERL_DONT_CREATE_GVSV
PERL_HASH_FUNC_SIPHASH13
PERL_HASH_USE_SBOX32
PERL_MALLOC_WRAP
PERL_OP_PARENT
PERL_PRESERVE_IVUV
PERL_USE_DEVEL
PERL_USE_SAFE_PUTENV
USE_64_BIT_ALL
USE_64_BIT_INT
USE_ITHREADS
USE_LARGE_FILES
USE_LOCALE
USE_LOCALE_COLLATE
USE_LOCALE_CTYPE
USE_LOCALE_NUMERIC
USE_LOCALE_TIME
USE_PERLIO
USE_PERL_ATOF
USE_REENTRANT_API
Built under freebsd
Compiled at Apr 28 2025 00:53:25
%ENV:
PERL5LIB=""
PERL5OPT=""
PERL5_CPANPLUS_IS_RUNNING="24365"
PERL5_CPAN_IS_RUNNING="24365"
PERL_MM_USE_DEFAULT="1"
PERL_USE_UNSAFE_INC="1"
@INC:
/home/cpan/bin/perl/lib/site_perl/5.41.13/amd64-freebsd-thread-multi
/home/cpan/bin/perl/lib/site_perl/5.41.13
/home/cpan/bin/perl/lib/5.41.13/amd64-freebsd-thread-multi
/home/cpan/bin/perl/lib/5.41.13
.