Signals-XSIG v1.00 Perl 5 v5.24.0 i386-freebsd-64int

Status
Fail
From
Chris Williams (BINGOS)
Dist
Signals-XSIG v1.00
Platform
Perl 5 v5.24.0 i386-freebsd-64int
Date
2022-05-31 16:14:23
ID
bbe9ddc4-e0fc-11ec-8f4e-c962458f5e5b
This distribution has been tested as part of the CPAN Testers
project, supporting the Perl programming language.  See
http://wiki.cpantesters.org/ for more information or email
questions to cpan-testers-discuss@perl.org


--

Dear MOB,

This is a computer-generated error report created automatically by
CPANPLUS, version 0.9914. Testers personal comments may appear
at the end of this report.


Thank you for uploading your work to CPAN.  However, it appears that
there were some problems testing your distribution.

TEST RESULTS:

Below is the error stack from stage 'make test':

PERL_DL_NONLAZY=1 "/usr/home/cpan/pit/64bit/perl-5.24.0/bin/perl" "-MExtUtils::Command::MM" "-MTest::Harness" "-e" "undef *Test::Harness::Switches; test_harness(0, 'blib/lib', 'blib/arch')" t/*.t
# Testing Signals::XSIG 1.00, Perl 5.024000, /usr/home/cpan/pit/64bit/perl-5.24.0/bin/perl
t/00-load.t ............... ok
No such signal: SIGxyz at /usr/home/cpan/pit/64bit/conf/perl-5.24.0/.cpanplus/5.24.0/build/TdOdOl_z45/Signals-XSIG-1.00/blib/lib/Signals/XSIG.pm line 247, <DATA> line 292.
t/01-SIG.t ................ ok
t/02-SIGhash.t ............ ok
t/03-XSIG.t ............... ok
t/04-XSIGarray.t .......... ok
t/05-XSIGhash.t ........... ok
t/10-handlers.t ........... ok
# local %SIG is not tied on 5.024000
t/11-local.t .............. ok
t/12-unimport.t ........... ok
t/20a-defaults.t .......... ok

#   Failed test 'SIGTSTP exit status match: 9 == 0'
#   at t/20-defaults.tt line 277.

#   Failed test 'program output with SIGTSTP match: system: [] ; module: [Hello world
# Foo!] ; 0 === 16'
#   at t/20-defaults.tt line 293.

#   Failed test 'suspend behavior for SIGTSTP matches (0 33458 / 33469 33469)'
#   at t/20-defaults.tt line 298.
# Default behavior failures for SIGTSTP

#   Failed test 'SIGTTIN exit status match: 9 == 0'
#   at t/20-defaults.tt line 277.

#   Failed test 'program output with SIGTTIN match: system: [] ; module: [Hello world
# Foo!] ; 0 === 16'
#   at t/20-defaults.tt line 293.

#   Failed test 'suspend behavior for SIGTTIN matches (0 33548 / 33661 33661)'
#   at t/20-defaults.tt line 298.
# Default behavior failures for SIGTTIN

#   Failed test 'SIGTTOU exit status match: 9 == 0'
#   at t/20-defaults.tt line 277.

#   Failed test 'program output with SIGTTOU match: system: [] ; module: [Hello world
# Foo!] ; 0 === 16'
#   at t/20-defaults.tt line 293.

#   Failed test 'suspend behavior for SIGTTOU matches (0 33752 / 33843 33843)'
#   at t/20-defaults.tt line 298.
# Default behavior failures for SIGTTOU
# Failures detected with PAUSE_TIME=5
# If these are intermittent failures, they might go away if you
# increase the pause time. Try
# 
#      PAUSE_TIME=10 make test
# 
Can't open perl script "spike/analyze_default_signal_behavior1.pl": No such file or directory
# Looks like you failed 9 tests of 15.
t/20b-defaults.t .......... 
Dubious, test returned 9 (wstat 2304, 0x900)
Failed 9/15 subtests 
t/20c-defaults.t .......... ok
t/21-override-defaults.t .. ok
t/manifest.t .............. skipped: Author tests not required for installation
t/pod-coverage.t .......... skipped: Test::Pod::Coverage 1.08 required for testing POD coverage
t/pod.t ................... skipped: Test::Pod 1.22 required for testing POD

Test Summary Report
-------------------
t/20b-defaults.t        (Wstat: 2304 Tests: 15 Failed: 9)
  Failed tests:  4-12
  Non-zero exit status: 9
Files=16, Tests=397, 187 wallclock secs ( 0.32 usr  0.15 sys +  8.13 cusr  4.39 csys = 12.99 CPU)
Result: FAIL
Failed 1/16 test programs. 9/397 subtests failed.
*** Error code 255

Stop.
make: stopped in /usr/home/cpan/pit/64bit/conf/perl-5.24.0/.cpanplus/5.24.0/build/TdOdOl_z45/Signals-XSIG-1.00


PREREQUISITES:

Here is a list of prerequisites you specified and versions we
managed to load:

	  Module Name                        Have     Want
	  ExtUtils::MakeMaker                7.64        0
	  Test::More                     1.302190        0

Perl module toolchain versions installed:
	Module Name                        Have
	CPANPLUS                         0.9914
	CPANPLUS::Dist::Build              0.90
	Cwd                                3.75
	ExtUtils::CBuilder             0.280236
	ExtUtils::Command                  7.64
	ExtUtils::Install                  2.20
	ExtUtils::MakeMaker                7.64
	ExtUtils::Manifest                 1.73
	ExtUtils::ParseXS                  3.44
	File::Spec                         3.75
	Module::Build                    0.4231
	Pod::Parser                        1.63
	Pod::Simple                        3.32
	Test2                          1.302190
	Test::Harness                      3.42
	Test::More                     1.302190
	version                          0.9929

******************************** NOTE ********************************
The comments above are created mechanically, possibly without manual
checking by the sender.  As there are many people performing automatic
tests on each upload to CPAN, it is likely that you will receive
identical messages about the same problem.

If you believe that the message is mistaken, please reply to the first
one with correction and/or additional informations, and do not take
it personally.  We appreciate your patience. :)
**********************************************************************

Additional comments:


This report was machine-generated by CPANPLUS::Dist::YACSmoke 1.08.
Powered by minismokebox version 0.68

CPANPLUS is prefering Build.PL

------------------------------
ENVIRONMENT AND OTHER CONTEXT
------------------------------

Environment variables:

    AUTOMATED_TESTING = 1
    LANG = C.UTF-8
    NONINTERACTIVE_TESTING = 1
    PATH = /usr/home/cpan/pit/jail/MyBPoMMBIt/bin:/sbin:/bin:/usr/sbin:/usr/bin:/usr/local/sbin:/usr/local/bin:/home/cpan/bin
    PERL5LIB = /usr/home/cpan/pit/jail/MyBPoMMBIt/lib/perl5:/usr/home/cpan/pit/64bit/conf/perl-5.24.0/.cpanplus/5.24.0/build/TdOdOl_z45/Signals-XSIG-1.00/blib/lib:/usr/home/cpan/pit/64bit/conf/perl-5.24.0/.cpanplus/5.24.0/build/TdOdOl_z45/Signals-XSIG-1.00/blib/arch
    PERL5_CPANPLUS_IS_RUNNING = 22733
    PERL5_CPANPLUS_IS_VERSION = 0.9914
    PERL5_MINISMOKEBOX = 0.68
    PERL5_YACSMOKE_BASE = /usr/home/cpan/pit/64bit/conf/perl-5.24.0
    PERL_EXTUTILS_AUTOINSTALL = --defaultdeps
    PERL_LOCAL_LIB_ROOT = /usr/home/cpan/pit/jail/MyBPoMMBIt
    PERL_MB_OPT = --install_base "/usr/home/cpan/pit/jail/MyBPoMMBIt"
    PERL_MM_OPT = INSTALL_BASE=/usr/home/cpan/pit/jail/MyBPoMMBIt
    PERL_MM_USE_DEFAULT = 1
    SHELL = /usr/local/bin/bash
    TERM = screen

Perl special variables (and OS-specific diagnostics, for MSWin32):

    Perl: $^X = /usr/home/cpan/pit/64bit/perl-5.24.0/bin/perl
    UID:  $<  = 1002
    EUID: $>  = 1002
    GID:  $(  = 1002 1002
    EGID: $)  = 1002 1002


-------------------------------


--

Summary of my perl5 (revision 5 version 24 subversion 0) configuration:
   
  Platform:
    osname=freebsd, osvers=13.0-release, archname=i386-freebsd-64int
    uname='freebsd fiat 13.0-release freebsd 13.0-release #0 releng13.0-n244733-ea31abc261f: fri apr 9 04:04:45 utc 2021 root@releng1.nyi.freebsd.org:usrobjusrsrci386.i386sysgeneric i386 '
    config_args='-des -Dprefix=/usr/home/cpan/pit/64bit/perl-5.24.0 -Duse64bitint'
    hint=recommended, useposix=true, d_sigaction=define
    useithreads=undef, usemultiplicity=undef
    use64bitint=define, use64bitall=undef, uselongdouble=undef
    usemymalloc=n, bincompat5005=undef
  Compiler:
    cc='cc', ccflags ='-DHAS_FPSETMASK -DHAS_FLOATINGPOINT_H -fno-strict-aliasing -pipe -fstack-protector-strong -I/usr/local/include',
    optimize='-O2',
    cppflags='-DHAS_FPSETMASK -DHAS_FLOATINGPOINT_H -fno-strict-aliasing -pipe -fstack-protector-strong -I/usr/local/include'
    ccversion='', gccversion='FreeBSD Clang 11.0.1 (git@github.com:llvm/llvm-project.git llvmorg-11.0.1-0-g43ff75f2c3fe)', gccosandvers=''
    intsize=4, longsize=4, ptrsize=4, doublesize=8, byteorder=12345678, doublekind=3
    d_longlong=define, longlongsize=8, d_longdbl=define, longdblsize=12, longdblkind=3
    ivtype='long long', ivsize=8, nvtype='double', nvsize=8, Off_t='off_t', lseeksize=8
    alignbytes=4, prototype=define
  Linker and Libraries:
    ld='cc', ldflags ='-Wl,-E  -fstack-protector-strong -L/usr/local/lib'
    libpth=/usr/lib /usr/local/lib /usr/lib/clang/11.0.1/lib /usr/lib
    libs=-lpthread -lgdbm -ldl -lm -lcrypt -lutil -lc
    perllibs=-lpthread -ldl -lm -lcrypt -lutil -lc
    libc=, so=so, useshrplib=false, libperl=libperl.a
    gnulibc_version=''
  Dynamic Linking:
    dlsrc=dl_dlopen.xs, dlext=so, d_dlsymun=undef, ccdlflags=' '
    cccdlflags='-DPIC -fPIC', lddlflags='-shared  -L/usr/local/lib -fstack-protector-strong'


Characteristics of this binary (from libperl): 
  Compile-time options: HAS_TIMES PERLIO_LAYERS PERL_COPY_ON_WRITE
                        PERL_DONT_CREATE_GVSV
                        PERL_HASH_FUNC_ONE_AT_A_TIME_HARD PERL_MALLOC_WRAP
                        PERL_PRESERVE_IVUV USE_64_BIT_INT USE_LARGE_FILES
                        USE_LOCALE USE_LOCALE_COLLATE USE_LOCALE_CTYPE
                        USE_LOCALE_NUMERIC USE_LOCALE_TIME USE_PERLIO
                        USE_PERL_ATOF
  Locally applied patches:
	Devel::PatchPerl 2.08
  Built under freebsd
  Compiled at Apr 20 2021 00:03:29
  %ENV:
    PERL5LIB="/usr/home/cpan/pit/jail/MyBPoMMBIt/lib/perl5:/usr/home/cpan/pit/64bit/conf/perl-5.24.0/.cpanplus/5.24.0/build/TdOdOl_z45/Signals-XSIG-1.00/blib/lib:/usr/home/cpan/pit/64bit/conf/perl-5.24.0/.cpanplus/5.24.0/build/TdOdOl_z45/Signals-XSIG-1.00/blib/arch"
    PERL5_CPANPLUS_IS_RUNNING="22733"
    PERL5_CPANPLUS_IS_VERSION="0.9914"
    PERL5_MINISMOKEBOX="0.68"
    PERL5_YACSMOKE_BASE="/usr/home/cpan/pit/64bit/conf/perl-5.24.0"
    PERL_EXTUTILS_AUTOINSTALL="--defaultdeps"
    PERL_LOCAL_LIB_ROOT="/usr/home/cpan/pit/jail/MyBPoMMBIt"
    PERL_MB_OPT="--install_base "/usr/home/cpan/pit/jail/MyBPoMMBIt""
    PERL_MM_OPT="INSTALL_BASE=/usr/home/cpan/pit/jail/MyBPoMMBIt"
    PERL_MM_USE_DEFAULT="1"
  @INC:
    /usr/home/cpan/pit/jail/MyBPoMMBIt/lib/perl5/5.24.0/i386-freebsd-64int
    /usr/home/cpan/pit/jail/MyBPoMMBIt/lib/perl5/5.24.0
    /usr/home/cpan/pit/jail/MyBPoMMBIt/lib/perl5/i386-freebsd-64int
    /usr/home/cpan/pit/jail/MyBPoMMBIt/lib/perl5
    /usr/home/cpan/pit/64bit/conf/perl-5.24.0/.cpanplus/5.24.0/build/TdOdOl_z45/Signals-XSIG-1.00/blib/lib
    /usr/home/cpan/pit/64bit/conf/perl-5.24.0/.cpanplus/5.24.0/build/TdOdOl_z45/Signals-XSIG-1.00/blib/arch
    /usr/home/cpan/pit/64bit/perl-5.24.0/lib/site_perl/5.24.0/i386-freebsd-64int
    /usr/home/cpan/pit/64bit/perl-5.24.0/lib/site_perl/5.24.0
    /usr/home/cpan/pit/64bit/perl-5.24.0/lib/5.24.0/i386-freebsd-64int
    /usr/home/cpan/pit/64bit/perl-5.24.0/lib/5.24.0
    .