Back
From: metabase:user:322078bc-2aae-11df-837a-5e0a49663a4f
Subject: FAIL Regexp-Optimizer-0.16_001 v5.12.3 FreeBSD
Date: 2011-12-11T01:44:59Z
This distribution has been tested as part of the CPAN Testers
project, supporting the Perl programming language. See
http://wiki.cpantesters.org/ for more information or email
questions to cpan-testers-discuss@perl.org
--
Dear KZYS,
This is a computer-generated error report created automatically by
CPANPLUS, version 0.9112. Testers personal comments may appear
at the end of this report.
Thank you for uploading your work to CPAN. However, it appears that
there were some problems testing your distribution.
TEST RESULTS:
Below is the error stack from stage 'make test':
[MSG] [Sun Dec 11 01:44:58 2011] cp README.pod blib/lib/Regexp/README.pod
cp lib/Regexp/List.pm blib/lib/Regexp/List.pm
cp lib/Regexp/Optimizer.pm blib/lib/Regexp/Optimizer.pm
Manifying blib/man3/Regexp::README.3
Manifying blib/man3/Regexp::List.3
Manifying blib/man3/Regexp::Optimizer.3
[ERROR] [Sun Dec 11 01:44:58 2011] MAKE TEST failed: PERL_DL_NONLAZY=1 /usr/home/cpan/pit/thr/perl-5.12.3/bin/perl "-MExtUtils::Command::MM" "-e" "test_harness(0, 'blib/lib', 'blib/arch')" t/*.t
t/01-use.t ......... ok
t/02-list.t ........ ok
# Failed test 'o->o(\N{SNOWMAN}) eq (?^u:\x{2603})'
# at t/03-utf8.t line 62.
# got: '(?-xism:\x{2603})'
# expected: '(?^u:\x{2603})'
# Failed test 'o->o(\N{DIGIT ONE}|\N{DIGIT TWO}) eq (?^:[\x{31}\x{32}])'
# at t/03-utf8.t line 62.
# got: '(?-xism:[\x{31}\x{32}])'
# expected: '(?^:[\x{31}\x{32}])'
# Looks like you failed 2 tests of 21.
t/03-utf8.t ........
Dubious, test returned 2 (wstat 512, 0x200)
Failed 2/21 subtests
t/04-quantifier.t .. ok
Test Summary Report
-------------------
t/03-utf8.t (Wstat: 512 Tests: 21 Failed: 2)
Failed tests: 9, 18
Non-zero exit status: 2
Files=4, Tests=48, 0 wallclock secs ( 0.02 usr 0.02 sys + 0.32 cusr 0.05 csys = 0.41 CPU)
Result: FAIL
Failed 1/4 test programs. 2/48 subtests failed.
*** Error code 255
Stop in /usr/home/cpan/pit/thr/conf/perl-5.12.3/.cpanplus/5.12.3/build/Regexp-Optimizer-0.16_001.
[MSG] [Sun Dec 11 01:44:58 2011] DEFAULT 'proceed_on_test_failure' HANDLER RETURNING 'sub return value'
PREREQUISITES:
Here is a list of prerequisites you specified and versions we
managed to load:
Module Name Have Want
ExtUtils::MakeMaker 6.62 0
Perl module toolchain versions installed:
Module Name Have
CPANPLUS 0.9112
CPANPLUS::Dist::Build 0.60
Cwd 3.33
ExtUtils::CBuilder 0.280202
ExtUtils::Command 1.16
ExtUtils::Install 1.55
ExtUtils::MakeMaker 6.62
ExtUtils::Manifest 1.60
ExtUtils::ParseXS 3.05
File::Spec 3.33
Module::Build 0.3800
Test::Harness 3.23
Test::More 0.98
version 0.95
******************************** NOTE ********************************
The comments above are created mechanically, possibly without manual
checking by the sender. As there are many people performing automatic
tests on each upload to CPAN, it is likely that you will receive
identical messages about the same problem.
If you believe that the message is mistaken, please reply to the first
one with correction and/or additional informations, and do not take
it personally. We appreciate your patience. :)
**********************************************************************
Additional comments:
This report was machine-generated by CPANPLUS::Dist::YACSmoke 0.66.
Powered by minismokebox version 0.54
------------------------------
ENVIRONMENT AND OTHER CONTEXT
------------------------------
Environment variables:
AUTOMATED_TESTING = 1
PATH = /sbin:/bin:/usr/sbin:/usr/bin:/usr/games:/usr/local/sbin:/usr/local/bin:/home/cpan/bin
PERL5LIB = :/usr/home/cpan/pit/thr/conf/perl-5.12.3/.cpanplus/5.12.3/build/Regexp-Optimizer-0.16_001/blib/lib:/usr/home/cpan/pit/thr/conf/perl-5.12.3/.cpanplus/5.12.3/build/Regexp-Optimizer-0.16_001/blib/arch
PERL5_CPANPLUS_IS_RUNNING = 20793
PERL5_CPANPLUS_IS_VERSION = 0.9112
PERL5_MINISMOKEBOX = 0.54
PERL5_YACSMOKE_BASE = /usr/home/cpan/pit/thr/conf/perl-5.12.3
PERL_EXTUTILS_AUTOINSTALL = --defaultdeps
PERL_MM_USE_DEFAULT = 1
SHELL = /usr/local/bin/bash
TERM = screen
Perl special variables (and OS-specific diagnostics, for MSWin32):
Perl: $^X = /usr/home/cpan/pit/thr/perl-5.12.3/bin/perl
UID: $< = 1002
EUID: $> = 1002
GID: $( = 1002 1002
EGID: $) = 1002 1002
-------------------------------
--
Summary of my perl5 (revision 5 version 12 subversion 3) configuration:
Platform:
osname=freebsd, osvers=9.0-rc2, archname=amd64-freebsd-thread-multi
uname='freebsd fremen 9.0-rc2 freebsd 9.0-rc2 #0: sat nov 12 18:35:25 utc 2011 root@farrell.cse.buffalo.edu:usrobjusrsrcsysgeneric amd64 '
config_args='-des -Dprefix=/usr/home/cpan/pit/thr/perl-5.12.3 -Dusethreads'
hint=recommended, useposix=true, d_sigaction=define
useithreads=define, usemultiplicity=define
useperlio=define, d_sfio=undef, uselargefiles=define, usesocks=undef
use64bitint=define, use64bitall=define, uselongdouble=undef
usemymalloc=n, bincompat5005=undef
Compiler:
cc='cc', ccflags ='-DHAS_FPSETMASK -DHAS_FLOATINGPOINT_H -fno-strict-aliasing -pipe -fstack-protector -I/usr/local/include',
optimize='-O',
cppflags='-DHAS_FPSETMASK -DHAS_FLOATINGPOINT_H -fno-strict-aliasing -pipe -fstack-protector -I/usr/local/include'
ccversion='', gccversion='4.2.1 20070831 patched [FreeBSD]', gccosandvers=''
intsize=4, longsize=8, ptrsize=8, doublesize=8, byteorder=12345678
d_longlong=define, longlongsize=8, d_longdbl=define, longdblsize=16
ivtype='long', ivsize=8, nvtype='double', nvsize=8, Off_t='off_t', lseeksize=8
alignbytes=8, prototype=define
Linker and Libraries:
ld='cc', ldflags ='-pthread -Wl,-E -fstack-protector -L/usr/local/lib'
libpth=/usr/lib /usr/local/lib
libs=-lgdbm -lm -lcrypt
perllibs=-lm -lcrypt
libc=, so=so, useshrplib=false, libperl=libperl.a
gnulibc_version=''
Dynamic Linking:
dlsrc=dl_dlopen.xs, dlext=so, d_dlsymun=undef, ccdlflags=' '
cccdlflags='-DPIC -fPIC', lddlflags='-shared -L/usr/local/lib -fstack-protector'
Characteristics of this binary (from libperl):
Compile-time options: MULTIPLICITY PERL_DONT_CREATE_GVSV
PERL_IMPLICIT_CONTEXT PERL_MALLOC_WRAP USE_64_BIT_ALL
USE_64_BIT_INT USE_ITHREADS USE_LARGE_FILES
USE_PERLIO USE_PERL_ATOF USE_REENTRANT_API
Built under freebsd
Compiled at Dec 7 2011 01:20:48
%ENV:
PERL5LIB=":/usr/home/cpan/pit/thr/conf/perl-5.12.3/.cpanplus/5.12.3/build/Regexp-Optimizer-0.16_001/blib/lib:/usr/home/cpan/pit/thr/conf/perl-5.12.3/.cpanplus/5.12.3/build/Regexp-Optimizer-0.16_001/blib/arch"
PERL5_CPANPLUS_IS_RUNNING="20793"
PERL5_CPANPLUS_IS_VERSION="0.9112"
PERL5_MINISMOKEBOX="0.54"
PERL5_YACSMOKE_BASE="/usr/home/cpan/pit/thr/conf/perl-5.12.3"
PERL_EXTUTILS_AUTOINSTALL="--defaultdeps"
PERL_MM_USE_DEFAULT="1"
@INC:
/usr/home/cpan/pit/thr/conf/perl-5.12.3/.cpanplus/5.12.3/build/Regexp-Optimizer-0.16_001/blib/lib
/usr/home/cpan/pit/thr/conf/perl-5.12.3/.cpanplus/5.12.3/build/Regexp-Optimizer-0.16_001/blib/arch
/usr/home/cpan/pit/thr/perl-5.12.3/lib/site_perl/5.12.3/amd64-freebsd-thread-multi
/usr/home/cpan/pit/thr/perl-5.12.3/lib/site_perl/5.12.3
/usr/home/cpan/pit/thr/perl-5.12.3/lib/5.12.3/amd64-freebsd-thread-multi
/usr/home/cpan/pit/thr/perl-5.12.3/lib/5.12.3
.