Report for Module-Info-0.35_02

Back
From: metabase:user:322078bc-2aae-11df-837a-5e0a49663a4f
Subject: FAIL Module-Info-0.35_02 v5.22.0 Dragonfly BSD
Date: 2015-06-22T06:55:58Z

This distribution has been tested as part of the CPAN Testers
project, supporting the Perl programming language.  See
http://wiki.cpantesters.org/ for more information or email
questions to cpan-testers-discuss@perl.org


--

Dear NEILB,

This is a computer-generated error report created automatically by
CPANPLUS, version 0.9152. Testers personal comments may appear
at the end of this report.


Thank you for uploading your work to CPAN.  However, it appears that
there were some problems testing your distribution.

TEST RESULTS:

Below is the error stack from stage 'make test':

PERL_DL_NONLAZY=1 "/usr/home/cpan/pit/bare/perl-5.22.0/bin/perl5.22.0" "-MExtUtils::Command::MM" "-MTest::Harness" "-e" "undef *Test::Harness::Switches; test_harness(0, 'blib/lib', 'blib/arch')" t/*.t
#     Failed test (t/Module-Info.t at line 82)
#          got: '4'
#     expected: '3'
#     Failed test (t/Module-Info.t at line 83)
#     Structures begin differing at:
#          $got->[3] = 'Subroutine B::OP::parent redefined at /usr/home/cpan/pit/bare/conf/perl-5.22.0/.cpanplus/5.22.0/build/B-Utils-0.26/blib/lib/B/Utils.pm line 186.'
#     $expected->[3] = Does not exist
#     Failed test (t/Module-Info.t at line 88)
#          got: '4'
#     expected: '3'
#     Failed test (t/Module-Info.t at line 89)
#          got: 'Unknown regexp modifier "/h" at -e line 1, at end of line'
#     expected: '0.3502'
#     Failed test (t/Module-Info.t at line 185)
#          got: '3'
#     expected: '2'
#     Failed test (t/Module-Info.t at line 186)
#     Failed test (t/Module-Info.t at line 189)
#          got: '3'
#     expected: '2'
#     Failed test (t/Module-Info.t at line 190)
#          got: 'Unknown regexp modifier "/e" at -e line 1, at end of line'
#     expected: '7.254'
#     Failed test (t/Module-Info.t at line 191)
#          got: 'Unknown regexp modifier "/h" at -e line 1, at end of line'
#     expected: undef
B::Module::Info,subs_called use failed with 255 saying:
Subroutine B::OP::parent redefined at /usr/home/cpan/pit/bare/conf/perl-5.22.0/.cpanplus/5.22.0/build/B-Utils-0.26/blib/lib/B/Utils.pm line 186.

function call to wibble at "/usr/home/cpan/pit/bare/conf/perl-5.22.0/.cpanplus/5.22.0/build/Module-Info-0.35_02/t/lib/Foo.pm" line 25

function call using symbolic ref at "/usr/home/cpan/pit/bare/conf/perl-5.22.0/.cpanplus/5.22.0/build/Module-Info-0.35_02/t/lib/Foo.pm" line 26

Can't locate object method "PV" via package "B::SPECIAL" at blib/lib/B/Module/Info.pm line 388.

CHECK failed--call queue aborted.
#     Failed test (t/Module-Info.t at line 296)
#     Structures begin differing at:
#          $got->[0] = Does not exist
#     $expected->[0] = 'HASH(0x80215cf18)'
B::Module::Info,subs_called use failed with 255 saying:
Subroutine B::OP::parent redefined at /usr/home/cpan/pit/bare/conf/perl-5.22.0/.cpanplus/5.22.0/build/B-Utils-0.26/blib/lib/B/Utils.pm line 186.

function call to wibble at "/usr/home/cpan/pit/bare/conf/perl-5.22.0/.cpanplus/5.22.0/build/Module-Info-0.35_02/t/lib/Foo.pm" line 25

function call using symbolic ref at "/usr/home/cpan/pit/bare/conf/perl-5.22.0/.cpanplus/5.22.0/build/Module-Info-0.35_02/t/lib/Foo.pm" line 26

Can't locate object method "PV" via package "B::SPECIAL" at blib/lib/B/Module/Info.pm line 388.

CHECK failed--call queue aborted.
#     Failed test (t/Module-Info.t at line 298)
#     Structures begin differing at:
#          $got->[0] = Does not exist
#     $expected->[0] = 'HASH(0x80215d1f8)'
# Looks like you failed 11 tests of 59.
t/Module-Info.t .......... 
Dubious, test returned 11 (wstat 2816, 0xb00)
Failed 11/59 subtests 
t/n0_die_on_error.t ...... ok
#     Failed test (t/n1_modules_required.t at line 17)
#     Structures begin differing at:
#          $got->[0] = Does not exist
#     $expected->[0] = '1'
# Looks like you failed 1 tests of 3.
t/n1_modules_required.t .. 
Dubious, test returned 1 (wstat 256, 0x100)
Failed 1/3 subtests 
t/n2_safe.t .............. ok
t/n3_version.t ........... ok
t/zy_pod_coverage.t ...... skipped: Test::Pod::Coverage 1.00 required for testing POD coverage
t/zz_pod.t ............... skipped: Test::Pod 1.00 required for testing POD

Test Summary Report
-------------------
t/Module-Info.t        (Wstat: 2816 Tests: 59 Failed: 11)
  Failed tests:  10-13, 43-47, 56-57
  Non-zero exit status: 11
t/n1_modules_required.t (Wstat: 256 Tests: 3 Failed: 1)
  Failed test:  2
  Non-zero exit status: 1
Files=7, Tests=88,  2 wallclock secs ( 0.01 usr  0.12 sys +  1.12 cusr  0.65 csys =  1.89 CPU)
Result: FAIL
*** Error code 255

Stop.
make: stopped in /usr/home/cpan/pit/bare/conf/perl-5.22.0/.cpanplus/5.22.0/build/Module-Info-0.35_02
Failed 2/7 test programs. 12/88 subtests failed.


PREREQUISITES:

Here is a list of prerequisites you specified and versions we
managed to load:

	  Module Name                        Have     Want
	  B                                  1.58        0
	  B::Utils                           0.26     0.26
	  Carp                               1.36        0
	  ExtUtils::MakeMaker             7.04_01        0
	  File::Spec                         3.56      0.8
	  strict                             1.09        0

Perl module toolchain versions installed:
	Module Name                        Have
	CPANPLUS                         0.9152
	CPANPLUS::Dist::Build              0.78
	Cwd                                3.56
	ExtUtils::CBuilder             0.280223
	ExtUtils::Command                  1.20
	ExtUtils::Install                  2.04
	ExtUtils::MakeMaker             7.04_01
	ExtUtils::Manifest                 1.70
	ExtUtils::ParseXS                  3.28
	File::Spec                         3.56
	Module::Build                    0.4214
	Pod::Parser                        1.63
	Pod::Simple                        3.29
	Test::Harness                      3.35
	Test::More                     1.001014
	version                          0.9912

******************************** NOTE ********************************
The comments above are created mechanically, possibly without manual
checking by the sender.  As there are many people performing automatic
tests on each upload to CPAN, it is likely that you will receive
identical messages about the same problem.

If you believe that the message is mistaken, please reply to the first
one with correction and/or additional informations, and do not take
it personally.  We appreciate your patience. :)
**********************************************************************

Additional comments:


This report was machine-generated by CPANPLUS::Dist::YACSmoke 0.94.
Powered by minismokebox version 0.58

------------------------------
ENVIRONMENT AND OTHER CONTEXT
------------------------------

Environment variables:

    AUTOMATED_TESTING = 1
    NONINTERACTIVE_TESTING = 1
    PATH = /usr/home/cpan/pit/bare/conf/perl-5.22.0/.cpanplus/5.22.0/build/Module-Info-0.35_02/blib/script:/sbin:/bin:/usr/sbin:/usr/bin:/usr/games:/usr/local/sbin:/usr/local/bin:/usr/pkg/sbin:/usr/pkg/bin:/home/cpan/bin
    PERL5LIB = :/usr/home/cpan/pit/bare/conf/perl-5.22.0/.cpanplus/5.22.0/build/ExtUtils-Depends-0.404/blib/lib:/usr/home/cpan/pit/bare/conf/perl-5.22.0/.cpanplus/5.22.0/build/ExtUtils-Depends-0.404/blib/arch:/usr/home/cpan/pit/bare/conf/perl-5.22.0/.cpanplus/5.22.0/build/Task-Weaken-1.04/blib/lib:/usr/home/cpan/pit/bare/conf/perl-5.22.0/.cpanplus/5.22.0/build/Task-Weaken-1.04/blib/arch:/usr/home/cpan/pit/bare/conf/perl-5.22.0/.cpanplus/5.22.0/build/B-Utils-0.26/blib/lib:/usr/home/cpan/pit/bare/conf/perl-5.22.0/.cpanplus/5.22.0/build/B-Utils-0.26/blib/arch:/usr/home/cpan/pit/bare/conf/perl-5.22.0/.cpanplus/5.22.0/build/Module-Info-0.35_02/blib/lib:/usr/home/cpan/pit/bare/conf/perl-5.22.0/.cpanplus/5.22.0/build/Module-Info-0.35_02/blib/arch
    PERL5_CPANPLUS_IS_RUNNING = 156459
    PERL5_CPANPLUS_IS_VERSION = 0.9152
    PERL5_MINISMOKEBOX = 0.58
    PERL5_YACSMOKE_BASE = /usr/home/cpan/pit/bare/conf/perl-5.22.0
    PERL_EXTUTILS_AUTOINSTALL = --defaultdeps
    PERL_MM_USE_DEFAULT = 1
    SHELL = /usr/local/bin/bash
    TERM = screen

Perl special variables (and OS-specific diagnostics, for MSWin32):

    Perl: $^X = /usr/home/cpan/pit/bare/perl-5.22.0/bin/perl5.22.0
    UID:  $<  = 1002
    EUID: $>  = 1002
    GID:  $(  = 1002 1002
    EGID: $)  = 1002 1002


-------------------------------


--

Summary of my perl5 (revision 5 version 22 subversion 0) configuration:
   
  Platform:
    osname=dragonfly, osvers=4.0-release, archname=x86_64-dragonfly
    uname='dragonfly dogn.bingosnet.co.uk 4.0-release dragonfly v4.0.6-release #0: sat jun 13 22:10:08 bst 2015 root@dogn.bingosnet.co.uk:usrobjusrsrcsysx86_64_generic x86_64 '
    config_args='-des -Dprefix=/usr/home/cpan/pit/bare/perl-5.22.0'
    hint=recommended, useposix=true, d_sigaction=define
    useithreads=undef, usemultiplicity=undef
    use64bitint=define, use64bitall=define, uselongdouble=undef
    usemymalloc=n, bincompat5005=undef
  Compiler:
    cc='cc', ccflags ='-DHAS_FPSETMASK -DHAS_FLOATINGPOINT_H -fwrapv -fno-strict-aliasing -pipe -I/usr/local/include -D_FORTIFY_SOURCE=2',
    optimize='-O',
    cppflags='-DHAS_FPSETMASK -DHAS_FLOATINGPOINT_H -fwrapv -fno-strict-aliasing -pipe -I/usr/local/include'
    ccversion='', gccversion='4.7.4 [DragonFly] Release/2014-06-12', gccosandvers=''
    intsize=4, longsize=8, ptrsize=8, doublesize=8, byteorder=12345678, doublekind=3
    d_longlong=define, longlongsize=8, d_longdbl=define, longdblsize=16, longdblkind=3
    ivtype='long', ivsize=8, nvtype='double', nvsize=8, Off_t='off_t', lseeksize=8
    alignbytes=8, prototype=define
  Linker and Libraries:
    ld='cc', ldflags ='-Wl,-E  -L/usr/local/lib'
    libpth=/usr/lib /usr/local/lib /usr/lib
    libs=-lpthread -lgdbm -ldl -lm -lcrypt -lutil -lc
    perllibs=-lpthread -ldl -lm -lcrypt -lutil -lc
    libc=, so=so, useshrplib=false, libperl=libperl.a
    gnulibc_version=''
  Dynamic Linking:
    dlsrc=dl_dlopen.xs, dlext=so, d_dlsymun=undef, ccdlflags=' '
    cccdlflags='-DPIC -fPIC', lddlflags='-shared  -L/usr/local/lib'


Characteristics of this binary (from libperl): 
  Compile-time options: HAS_TIMES PERLIO_LAYERS PERL_DONT_CREATE_GVSV
                        PERL_HASH_FUNC_ONE_AT_A_TIME_HARD PERL_MALLOC_WRAP
                        PERL_NEW_COPY_ON_WRITE PERL_PRESERVE_IVUV
                        USE_64_BIT_ALL USE_64_BIT_INT USE_LARGE_FILES
                        USE_LOCALE USE_LOCALE_COLLATE USE_LOCALE_CTYPE
                        USE_LOCALE_NUMERIC USE_LOCALE_TIME USE_PERLIO
                        USE_PERL_ATOF
  Locally applied patches:
	Devel::PatchPerl 1.34
  Built under dragonfly
  Compiled at Jun 15 2015 22:46:34
  %ENV:
    PERL5LIB=":/usr/home/cpan/pit/bare/conf/perl-5.22.0/.cpanplus/5.22.0/build/ExtUtils-Depends-0.404/blib/lib:/usr/home/cpan/pit/bare/conf/perl-5.22.0/.cpanplus/5.22.0/build/ExtUtils-Depends-0.404/blib/arch:/usr/home/cpan/pit/bare/conf/perl-5.22.0/.cpanplus/5.22.0/build/Task-Weaken-1.04/blib/lib:/usr/home/cpan/pit/bare/conf/perl-5.22.0/.cpanplus/5.22.0/build/Task-Weaken-1.04/blib/arch:/usr/home/cpan/pit/bare/conf/perl-5.22.0/.cpanplus/5.22.0/build/B-Utils-0.26/blib/lib:/usr/home/cpan/pit/bare/conf/perl-5.22.0/.cpanplus/5.22.0/build/B-Utils-0.26/blib/arch:/usr/home/cpan/pit/bare/conf/perl-5.22.0/.cpanplus/5.22.0/build/Module-Info-0.35_02/blib/lib:/usr/home/cpan/pit/bare/conf/perl-5.22.0/.cpanplus/5.22.0/build/Module-Info-0.35_02/blib/arch"
    PERL5_CPANPLUS_IS_RUNNING="156459"
    PERL5_CPANPLUS_IS_VERSION="0.9152"
    PERL5_MINISMOKEBOX="0.58"
    PERL5_YACSMOKE_BASE="/usr/home/cpan/pit/bare/conf/perl-5.22.0"
    PERL_EXTUTILS_AUTOINSTALL="--defaultdeps"
    PERL_MM_USE_DEFAULT="1"
  @INC:
    /usr/home/cpan/pit/bare/conf/perl-5.22.0/.cpanplus/5.22.0/build/ExtUtils-Depends-0.404/blib/lib
    /usr/home/cpan/pit/bare/conf/perl-5.22.0/.cpanplus/5.22.0/build/ExtUtils-Depends-0.404/blib/arch
    /usr/home/cpan/pit/bare/conf/perl-5.22.0/.cpanplus/5.22.0/build/Task-Weaken-1.04/blib/lib
    /usr/home/cpan/pit/bare/conf/perl-5.22.0/.cpanplus/5.22.0/build/Task-Weaken-1.04/blib/arch
    /usr/home/cpan/pit/bare/conf/perl-5.22.0/.cpanplus/5.22.0/build/B-Utils-0.26/blib/lib
    /usr/home/cpan/pit/bare/conf/perl-5.22.0/.cpanplus/5.22.0/build/B-Utils-0.26/blib/arch
    /usr/home/cpan/pit/bare/conf/perl-5.22.0/.cpanplus/5.22.0/build/Module-Info-0.35_02/blib/lib
    /usr/home/cpan/pit/bare/conf/perl-5.22.0/.cpanplus/5.22.0/build/Module-Info-0.35_02/blib/arch
    /usr/home/cpan/pit/bare/perl-5.22.0/lib/site_perl/5.22.0/x86_64-dragonfly
    /usr/home/cpan/pit/bare/perl-5.22.0/lib/site_perl/5.22.0
    /usr/home/cpan/pit/bare/perl-5.22.0/lib/5.22.0/x86_64-dragonfly
    /usr/home/cpan/pit/bare/perl-5.22.0/lib/5.22.0
    .