Template-Toolkit v3.007 Perl 5 v5.22.1 MSWin32-x86-multi-thread-64int

Status
Fail
From
Alexandr Ciornii (CHORNY)
Dist
Template-Toolkit v3.007
Platform
Perl 5 v5.22.1 MSWin32-x86-multi-thread-64int
Date
2020-01-27 16:41:50
ID
bc9671db-6bfb-1014-a98e-ff2fd4faa97a
This distribution has been tested as part of the CPAN Testers
project, supporting the Perl programming language.  See
http://wiki.cpantesters.org/ for more information or email
questions to cpan-testers-discuss@perl.org


--
Dear icolas .,

This is a computer-generated report for Template-Toolkit-3.007
on perl 5.22.1, created by CPAN-Reporter-1.2018_01.

Thank you for uploading your work to CPAN.  However, there was a problem
testing your distribution.

If you think this report is invalid, please consult the CPAN Testers Wiki
for suggestions on how to avoid getting FAIL reports for missing library
or binary dependencies, unsupported operating systems, and so on:

http://wiki.cpantesters.org/wiki/CPANAuthorNotes

Sections of this report:

    * Tester comments
    * Program output
    * Prerequisites
    * Environment and other context

------------------------------
TESTER COMMENTS
------------------------------

Additional comments from tester:

this report is from an automated smoke testing program
and was not reviewed by a human for accuracy

------------------------------
PROGRAM OUTPUT
------------------------------

Output from 'C:\STRAWB~1\c\bin\dmake.exe test':

"C:\Strawberry221\perl\bin\perl.exe" "-MExtUtils::Command::MM" "-MTest::Harness" "-e" "undef *Test::Harness::Switches; test_harness(0, 'blib\lib', 'blib\arch')" t/anycase.t t/args.t t/assert.t t/base.t t/binop.t t/block.t t/block_duplicate.t t/blocks.t t/capture.t t/case.t t/cgi.t t/chomp.t t/compile1.t t/compile2.t t/compile3.t t/compile4.t t/compile5.t t/config.t t/constants.t t/context.t t/datafile.t t/date.t t/date_offset.t t/debug.t t/directive.t t/directry.t t/document.t t/dumper.t t/error.t t/evalperl.t t/exception.t t/factory.t t/file.t t/fileline.t t/filter.t t/foreach.t t/format.t t/html.t t/image.t t/include.t t/iterator.t t/leak.t t/list.t t/macro.t t/math.t t/math_rand.t t/mtime-zero.t t/object.t t/outline.t t/output.t t/parser.t t/parser2.t t/plugins.t t/plusfile.t t/pod.t t/prefix.t t/proc.t t/process-relative.t t/process.t t/process_dir.t t/provider.t t/ref.t t/scalar.t t/service.t t/skel.t t/stash-xs-unicode.t t/stash-xs.t t/stash.t t/stashc.t t/stop.t t/strcat.t t/strict.t t/string.t t/switch.t t/table.t t/tags.t t/template.t t/text.t t/throw.t t/tiedhash.t t/trace_vars.t t/try.t t/unicode.t t/url.t t/vars.t t/varsv1.t t/view.t t/while.t t/wrap.t t/wrapper.t t/zz-plugin-cycle.t t/zz-plugin-leak-gh-213.t t/zz-plugin-leak-rt-46691.t t/zz-plugin-leak.t t/zz-pmv.t t/zz-pod-coverage.t t/zz-pod-kwalitee.t t/zz-stash-xs-leak.t t/zz-url2.t t/vmethods/hash.t t/vmethods/list.t t/vmethods/replace.t t/vmethods/text.t
t/compile1.t ................. ok
t/compile2.t ................. ok
t/compile3.t ................. ok
t/compile4.t ................. ok
t/compile5.t ................. ok
t/anycase.t .................. ok
t/args.t ..................... ok
t/assert.t ................... ok
t/base.t ..................... ok
t/binop.t .................... ok
t/block.t .................... ok
t/block_duplicate.t .......... ok
t/blocks.t ................... ok
t/capture.t .................. ok
t/case.t ..................... ok
t/cgi.t ...................... ok
t/chomp.t .................... ok
t/config.t ................... ok
t/constants.t ................ ok
t/context.t .................. ok
t/datafile.t ................. ok
t/date.t ..................... ok
t/date_offset.t .............. skipped: TZ GMT not showing as +0000
t/debug.t .................... ok
t/directive.t ................ ok
t/directry.t ................. skipped: skipping tests on MS Win 32 platform
t/document.t ................. ok
t/dumper.t ................... ok
t/error.t .................... ok
t/evalperl.t ................. ok
t/exception.t ................ ok
t/factory.t .................. ok
t/file.t ..................... skipped: skipping tests on MS Win 32 platform
t/fileline.t ................. ok
t/filter.t ................... ok
t/foreach.t .................. ok
t/format.t ................... ok
t/html.t ..................... ok
t/image.t .................... ok
t/include.t .................. ok
t/iterator.t ................. ok
t/leak.t ..................... ok
t/list.t ..................... ok
t/macro.t .................... ok
t/math.t ..................... ok
t/math_rand.t ................ ok
t/mtime-zero.t ............... ok
t/object.t ................... ok
t/outline.t .................. ok
t/output.t ................... ok
t/parser.t ................... ok
t/parser2.t .................. ok
t/plugins.t .................. ok
t/plusfile.t ................. ok
t/pod.t ...................... ok
t/prefix.t ................... ok
t/proc.t ..................... ok
t/process-relative.t ......... ok
t/process.t .................. ok
t/process_dir.t .............. ok
t/provider.t ................. ok
t/ref.t ...................... ok
t/scalar.t ................... ok
t/service.t .................. ok
t/skel.t ..................... ok
t/stash-xs-unicode.t ......... ok
t/stash-xs.t ................. ok
t/stash.t .................... ok
t/stashc.t ................... ok
t/stop.t ..................... ok
t/strcat.t ................... ok
t/strict.t ................... ok
t/string.t ................... ok
t/switch.t ................... ok
t/table.t .................... ok
t/tags.t ..................... ok
t/template.t ................. ok
t/text.t ..................... ok
t/throw.t .................... ok
t/tiedhash.t ................. ok
t/trace_vars.t ............... ok
t/try.t ...................... ok
t/unicode.t .................. ok
t/url.t ...................... ok
t/vars.t ..................... ok
t/varsv1.t ................... ok
t/view.t ..................... ok
t/vmethods/hash.t ............ ok
t/vmethods/list.t ............ ok
t/vmethods/replace.t ......... ok
t/vmethods/text.t ............ ok
t/while.t .................... ok
t/wrap.t ..................... ok
t/wrapper.t .................. ok
plugin error - Can't locate object method "load" via package "test::Simple" (perhaps you forgot to load "test::Simple"?) at lib/Template/Plugins.pm line 217.
# Looks like your test exited with 255 before it could output anything.
t/zz-plugin-cycle.t .......... 
Dubious, test returned 255 (wstat 65280, 0xff00)
Failed 1/1 subtests 
t/zz-plugin-leak-gh-213.t .... skipped: Broken on older perls. We need to sort this out once everything is passing
Unrecognized escape \T passed through in regex; marked by <-- HERE in m/^Can\'t locate C:\DOCUME~1\c\LOCALS~1\T <-- HERE emp\dqO8ScsM2v/checkleak\.pm/ at C:\STRAWB~1\cpan\build\Template-Toolkit-3.007-XnAvIr\blib\lib/Template/Plugins.pm line 209.

#   Failed test 'Template processed correctly using Plugin checkleak twice'
#   at t/zz-plugin-leak-rt-46691.t line 108.
#          got: '
# test 1: **jason**
# 
# test 2: **fred**
# 
# test 3: **jim**
# '
#     expected: '
# test 1: **jason**
# 
# test 2: **fred**
# 
# test 3: **jim**
# '
# Looks like you failed 1 test of 2.
t/zz-plugin-leak-rt-46691.t .. 
Dubious, test returned 1 (wstat 256, 0x100)
Failed 1/2 subtests 
t/zz-plugin-leak.t ........... skipped: Internal test for developer, add the --dev flag to run
t/zz-pmv.t ................... skipped: These aren't the tests you're looking for... move along
t/zz-pod-coverage.t .......... skipped: Author tests not required for installation
t/zz-pod-kwalitee.t .......... skipped: Author tests not required for installation
t/zz-stash-xs-leak.t ......... skipped: Internal test for developer, add the --dev flag to run
t/zz-url2.t .................. skipped: We can't agree on the right joint for the URL plugin

Test Summary Report
-------------------
t/zz-plugin-cycle.t        (Wstat: 65280 Tests: 0 Failed: 0)
  Non-zero exit status: 255
  Parse errors: Bad plan.  You planned 1 tests but ran 0.
t/zz-plugin-leak-rt-46691.t (Wstat: 256 Tests: 2 Failed: 1)
  Failed test:  2
  Non-zero exit status: 1
Files=103, Tests=2885, 60 wallclock secs ( 0.68 usr +  0.61 sys =  1.29 CPU)
Result: FAIL
Failed 2/103 test programs. 1/2885 subtests failed.
dmake.exe:  Error code 255, while making 'test_dynamic'

------------------------------
PREREQUISITES
------------------------------

Prerequisite modules loaded:

requires:

    Module              Need Have  
    ------------------- ---- ------
    AppConfig           1.56 1.71  
    File::Spec          0.8  3.62  
    File::Temp          0.12 0.2304
    Scalar::Util        0    1.45  

build_requires:

    Module              Need Have  
    ------------------- ---- ------
    CGI                 0    4.28  
    ExtUtils::MakeMaker 0    7.10  
    Test::LeakTrace     0    0.15  


------------------------------
ENVIRONMENT AND OTHER CONTEXT
------------------------------

Environment variables:

    AUTOMATED_TESTING = 1
    COMSPEC = C:\WINDOWS\system32\cmd.exe
    NUMBER_OF_PROCESSORS = 1
    PATH = C:\WINDOWS\system32;C:\WINDOWS;C:\WINDOWS\System32\Wbem;C:\Strawberry221\c\bin;C:\Strawberry221\perl\site\bin;C:\Strawberry221\perl\bin;C:\Git\cmd
    PERL5LIB = 
    PERL5OPT = 
    PERL5_CPANPLUS_IS_RUNNING = 812
    PERL5_CPAN_IS_RUNNING = 812
    PERL5_CPAN_IS_RUNNING_IN_RECURSION = 1732,812
    PERL_CR_SMOKER_CURRENT = Template-Toolkit-3.007
    PERL_CR_SMOKER_RUNONCE = 1
    PERL_EXTUTILS_AUTOINSTALL = --defaultdeps
    PERL_HASH_SEED = 0x11111111
    PERL_MM_USE_DEFAULT = 1
    PROCESSOR_IDENTIFIER = x86 Family 16 Model 5 Stepping 3, AuthenticAMD
    TEMP = C:\DOCUME~1\c\LOCALS~1\Temp

Perl special variables (and OS-specific diagnostics, for MSWin32):

    $^X = C:\Strawberry221\perl\bin\perl.exe
    $UID/$EUID = 0 / 0
    $GID = 0
    $EGID = 0
    Win32::GetOSName = WinXP/.Net
    Win32::GetOSVersion = Service Pack 3, 5, 1, 2600, 2, 3, 0, 256, 1
    Win32::FsType = NTFS
    Win32::IsAdminUser = 1

Perl module toolchain versions installed:

    Module              Have    
    ------------------- --------
    CPAN                2.11    
    CPAN::Meta          2.150005
    Cwd                 3.62    
    ExtUtils::CBuilder  0.280224
    ExtUtils::Command   7.10    
    ExtUtils::Install   2.04    
    ExtUtils::MakeMaker 7.10    
    ExtUtils::Manifest  1.70    
    ExtUtils::ParseXS   3.30    
    File::Spec          3.62    
    JSON                2.90    
    JSON::PP            2.27300 
    Module::Build       0.4216  
    Module::Signature   0.79    
    Parse::CPAN::Meta   1.4417  
    Test::Harness       3.36    
    Test::More          1.001014
    YAML                1.15    
    YAML::Syck          1.29    
    version             0.9916  


--

Summary of my perl5 (revision 5 version 22 subversion 1) configuration:
   
  Platform:
    osname=MSWin32, osvers=4.0, archname=MSWin32-x86-multi-thread-64int
    uname='Win32 strawberry-perl 5.22.1.4 #1 Sat Mar 26 14:08:02 2016 i386'
    config_args='undef'
    hint=recommended, useposix=true, d_sigaction=undef
    useithreads=define, usemultiplicity=define
    use64bitint=define, use64bitall=undef, uselongdouble=undef
    usemymalloc=n, bincompat5005=undef
  Compiler:
    cc='gcc', ccflags =' -s -O2 -DWIN32  -DPERL_TEXTMODE_SCRIPTS -DPERL_IMPLICIT_CONTEXT -DPERL_IMPLICIT_SYS -fwrapv -fno-strict-aliasing -mms-bitfields',
    optimize='-s -O2',
    cppflags='-DWIN32'
    ccversion='', gccversion='4.9.2', gccosandvers=''
    intsize=4, longsize=4, ptrsize=4, doublesize=8, byteorder=12345678, doublekind=3
    d_longlong=define, longlongsize=8, d_longdbl=define, longdblsize=12, longdblkind=3
    ivtype='long long', ivsize=8, nvtype='double', nvsize=8, Off_t='long long', lseeksize=8
    alignbytes=8, prototype=define
  Linker and Libraries:
    ld='g++', ldflags ='-s -L"C:\STRAWB~1\perl\lib\CORE" -L"C:\STRAWB~1\c\lib"'
    libpth=C:\STRAWB~1\c\lib C:\STRAWB~1\c\i686-w64-mingw32\lib C:\STRAWB~1\c\lib\gcc\i686-w64-mingw32\4.9.2
    libs=-lmoldname -lkernel32 -luser32 -lgdi32 -lwinspool -lcomdlg32 -ladvapi32 -lshell32 -lole32 -loleaut32 -lnetapi32 -luuid -lws2_32 -lmpr -lwinmm -lversion -lodbc32 -lodbccp32 -lcomctl32
    perllibs=-lmoldname -lkernel32 -luser32 -lgdi32 -lwinspool -lcomdlg32 -ladvapi32 -lshell32 -lole32 -loleaut32 -lnetapi32 -luuid -lws2_32 -lmpr -lwinmm -lversion -lodbc32 -lodbccp32 -lcomctl32
    libc=, so=dll, useshrplib=true, libperl=libperl522.a
    gnulibc_version=''
  Dynamic Linking:
    dlsrc=dl_win32.xs, dlext=xs.dll, d_dlsymun=undef, ccdlflags=' '
    cccdlflags=' ', lddlflags='-mdll -s -L"C:\STRAWB~1\perl\lib\CORE" -L"C:\STRAWB~1\c\lib"'


Characteristics of this binary (from libperl): 
  Compile-time options: HAS_TIMES HAVE_INTERP_INTERN MULTIPLICITY
                        PERLIO_LAYERS PERL_DONT_CREATE_GVSV
                        PERL_HASH_FUNC_ONE_AT_A_TIME_HARD
                        PERL_IMPLICIT_CONTEXT PERL_IMPLICIT_SYS
                        PERL_MALLOC_WRAP PERL_NEW_COPY_ON_WRITE
                        PERL_PRESERVE_IVUV USE_64_BIT_INT USE_ITHREADS
                        USE_LARGE_FILES USE_LOCALE USE_LOCALE_COLLATE
                        USE_LOCALE_CTYPE USE_LOCALE_NUMERIC USE_LOCALE_TIME
                        USE_PERLIO USE_PERL_ATOF
  Built under MSWin32
  Compiled at Mar 26 2016 14:12:26
  %ENV:
    PERL5_CPANPLUS_IS_RUNNING="812"
    PERL5_CPAN_IS_RUNNING="812"
    PERL5_CPAN_IS_RUNNING_IN_RECURSION="1732,812"
    PERL_CR_SMOKER_CURRENT="Template-Toolkit-3.007"
    PERL_CR_SMOKER_RUNONCE="1"
    PERL_EXTUTILS_AUTOINSTALL="--defaultdeps"
    PERL_HASH_SEED="0x11111111"
    PERL_MM_USE_DEFAULT="1"
  @INC:
    C:/Strawberry221/perl/site/lib
    C:/Strawberry221/perl/vendor/lib
    C:/Strawberry221/perl/lib
    .