Time-Format v1.13 Perl 5 v5.8.4 x86_64-linux

Status
Fail
From
Nigel Horne
Dist
Time-Format v1.13
Platform
Perl 5 v5.8.4 x86_64-linux
Date
2019-07-18 21:12:23
ID
bc9c60e8-a9a0-11e9-8fa9-99a29f1e7dde
This distribution has been tested as part of the CPAN Testers
project, supporting the Perl programming language.  See
http://wiki.cpantesters.org/ for more information or email
questions to cpan-testers-discuss@perl.org


--
Dear Eric J. Roode,

This is a computer-generated report for Time-Format-1.13
on perl 5.8.4, created by CPAN-Reporter-1.2018.

Thank you for uploading your work to CPAN.  However, there was a problem
testing your distribution.

If you think this report is invalid, please consult the CPAN Testers Wiki
for suggestions on how to avoid getting FAIL reports for missing library
or binary dependencies, unsupported operating systems, and so on:

http://wiki.cpantesters.org/wiki/CPANAuthorNotes

Sections of this report:

    * Tester comments
    * Program output
    * Prerequisites
    * Environment and other context

------------------------------
TESTER COMMENTS
------------------------------

Additional comments from tester:

this report is from an automated smoke testing program
and was not reviewed by a human for accuracy

------------------------------
PROGRAM OUTPUT
------------------------------

Output from './Build test':

t/0-signature.t .. ok
t/1-load.t ....... ok
Global symbol "$rv" requires explicit package name at /tmp/build/Time-Format-1.13-50/t/tf_modcheck.pl line 38.
Global symbol "$code1" requires explicit package name at /tmp/build/Time-Format-1.13-50/t/tf_modcheck.pl line 38.
Global symbol "$code2" requires explicit package name at /tmp/build/Time-Format-1.13-50/t/tf_modcheck.pl line 38.
Global symbol "$code1" requires explicit package name at /tmp/build/Time-Format-1.13-50/t/tf_modcheck.pl line 38.
Global symbol "$code2" requires explicit package name at /tmp/build/Time-Format-1.13-50/t/tf_modcheck.pl line 38.
Global symbol "$rv" requires explicit package name at /tmp/build/Time-Format-1.13-50/t/tf_modcheck.pl line 38.
Global symbol "$rv" requires explicit package name at /tmp/build/Time-Format-1.13-50/t/tf_modcheck.pl line 38.
Global symbol "$code1" requires explicit package name at /tmp/build/Time-Format-1.13-50/t/tf_modcheck.pl line 38.
Global symbol "$code2" requires explicit package name at /tmp/build/Time-Format-1.13-50/t/tf_modcheck.pl line 38.
Global symbol "$rv" requires explicit package name at /tmp/build/Time-Format-1.13-50/t/tf_modcheck.pl line 38.
Global symbol "$code1" requires explicit package name at /tmp/build/Time-Format-1.13-50/t/tf_modcheck.pl line 38.
Global symbol "$code2" requires explicit package name at /tmp/build/Time-Format-1.13-50/t/tf_modcheck.pl line 38.
Global symbol "$rv" requires explicit package name at /tmp/build/Time-Format-1.13-50/t/tf_modcheck.pl line 38.
Execution of /tmp/build/Time-Format-1.13-50/t/tf_modcheck.pl aborted due to compilation errors.
t/DateManip.t .... ok
t/DateTime.t ..... ok
t/die.t .......... ok
Global symbol "$rv" requires explicit package name at /tmp/build/Time-Format-1.13-50/t/tf_modcheck.pl line 38.
Global symbol "$code1" requires explicit package name at /tmp/build/Time-Format-1.13-50/t/tf_modcheck.pl line 38.
Global symbol "$code2" requires explicit package name at /tmp/build/Time-Format-1.13-50/t/tf_modcheck.pl line 38.
Global symbol "$code1" requires explicit package name at /tmp/build/Time-Format-1.13-50/t/tf_modcheck.pl line 38.
Global symbol "$code2" requires explicit package name at /tmp/build/Time-Format-1.13-50/t/tf_modcheck.pl line 38.
Global symbol "$rv" requires explicit package name at /tmp/build/Time-Format-1.13-50/t/tf_modcheck.pl line 38.
Global symbol "$rv" requires explicit package name at /tmp/build/Time-Format-1.13-50/t/tf_modcheck.pl line 38.
Global symbol "$code1" requires explicit package name at /tmp/build/Time-Format-1.13-50/t/tf_modcheck.pl line 38.
Global symbol "$code2" requires explicit package name at /tmp/build/Time-Format-1.13-50/t/tf_modcheck.pl line 38.
Global symbol "$rv" requires explicit package name at /tmp/build/Time-Format-1.13-50/t/tf_modcheck.pl line 38.
Global symbol "$code1" requires explicit package name at /tmp/build/Time-Format-1.13-50/t/tf_modcheck.pl line 38.
Global symbol "$code2" requires explicit package name at /tmp/build/Time-Format-1.13-50/t/tf_modcheck.pl line 38.
Global symbol "$rv" requires explicit package name at /tmp/build/Time-Format-1.13-50/t/tf_modcheck.pl line 38.
Execution of /tmp/build/Time-Format-1.13-50/t/tf_modcheck.pl aborted due to compilation errors.
Global symbol "$rv" requires explicit package name at /tmp/build/Time-Format-1.13-50/t/tf_modcheck.pl line 38.
Global symbol "$code1" requires explicit package name at /tmp/build/Time-Format-1.13-50/t/tf_modcheck.pl line 38.
Global symbol "$code2" requires explicit package name at /tmp/build/Time-Format-1.13-50/t/tf_modcheck.pl line 38.
Global symbol "$code1" requires explicit package name at /tmp/build/Time-Format-1.13-50/t/tf_modcheck.pl line 38.
Global symbol "$code2" requires explicit package name at /tmp/build/Time-Format-1.13-50/t/tf_modcheck.pl line 38.
Global symbol "$rv" requires explicit package name at /tmp/build/Time-Format-1.13-50/t/tf_modcheck.pl line 38.
Global symbol "$rv" requires explicit package name at /tmp/build/Time-Format-1.13-50/t/tf_modcheck.pl line 38.
Global symbol "$code1" requires explicit package name at /tmp/build/Time-Format-1.13-50/t/tf_modcheck.pl line 38.
Global symbol "$code2" requires explicit package name at /tmp/build/Time-Format-1.13-50/t/tf_modcheck.pl line 38.
Global symbol "$rv" requires explicit package name at /tmp/build/Time-Format-1.13-50/t/tf_modcheck.pl line 38.
Global symbol "$code1" requires explicit package name at /tmp/build/Time-Format-1.13-50/t/tf_modcheck.pl line 38.
Global symbol "$code2" requires explicit package name at /tmp/build/Time-Format-1.13-50/t/tf_modcheck.pl line 38.
Global symbol "$rv" requires explicit package name at /tmp/build/Time-Format-1.13-50/t/tf_modcheck.pl line 38.
Execution of /tmp/build/Time-Format-1.13-50/t/tf_modcheck.pl aborted due to compilation errors.
Multiple values returned, but tf_modcheck called in scalar context at /tmp/build/Time-Format-1.13-50/t/TimeFormat_MC.pm line 52.
# Looks like your test exited with 255 just after 1.
t/doc.t .......... 
Dubious, test returned 255 (wstat 65280, 0xff00)
Failed 25/26 subtests 
t/epoch.t ........ ok
t/export1.t ...... ok
t/export2.t ...... ok
t/export3.t ...... ok
Global symbol "$rv" requires explicit package name at /tmp/build/Time-Format-1.13-50/t/tf_modcheck.pl line 38.
Global symbol "$code1" requires explicit package name at /tmp/build/Time-Format-1.13-50/t/tf_modcheck.pl line 38.
Global symbol "$code2" requires explicit package name at /tmp/build/Time-Format-1.13-50/t/tf_modcheck.pl line 38.
Global symbol "$code1" requires explicit package name at /tmp/build/Time-Format-1.13-50/t/tf_modcheck.pl line 38.
Global symbol "$code2" requires explicit package name at /tmp/build/Time-Format-1.13-50/t/tf_modcheck.pl line 38.
Global symbol "$rv" requires explicit package name at /tmp/build/Time-Format-1.13-50/t/tf_modcheck.pl line 38.
Global symbol "$rv" requires explicit package name at /tmp/build/Time-Format-1.13-50/t/tf_modcheck.pl line 38.
Global symbol "$code1" requires explicit package name at /tmp/build/Time-Format-1.13-50/t/tf_modcheck.pl line 38.
Global symbol "$code2" requires explicit package name at /tmp/build/Time-Format-1.13-50/t/tf_modcheck.pl line 38.
Global symbol "$rv" requires explicit package name at /tmp/build/Time-Format-1.13-50/t/tf_modcheck.pl line 38.
Global symbol "$code1" requires explicit package name at /tmp/build/Time-Format-1.13-50/t/tf_modcheck.pl line 38.
Global symbol "$code2" requires explicit package name at /tmp/build/Time-Format-1.13-50/t/tf_modcheck.pl line 38.
Global symbol "$rv" requires explicit package name at /tmp/build/Time-Format-1.13-50/t/tf_modcheck.pl line 38.
Execution of /tmp/build/Time-Format-1.13-50/t/tf_modcheck.pl aborted due to compilation errors.
Multiple values returned, but tf_modcheck called in scalar context at /tmp/build/Time-Format-1.13-50/t/TimeFormat_MC.pm line 52.
# Looks like your test exited with 255 just after 1.
t/funcs.t ........ 
Dubious, test returned 255 (wstat 65280, 0xff00)
Failed 17/18 subtests 
t/locale.t ....... ok
Global symbol "$rv" requires explicit package name at /tmp/build/Time-Format-1.13-50/t/tf_modcheck.pl line 38.
Global symbol "$code1" requires explicit package name at /tmp/build/Time-Format-1.13-50/t/tf_modcheck.pl line 38.
Global symbol "$code2" requires explicit package name at /tmp/build/Time-Format-1.13-50/t/tf_modcheck.pl line 38.
Global symbol "$code1" requires explicit package name at /tmp/build/Time-Format-1.13-50/t/tf_modcheck.pl line 38.
Global symbol "$code2" requires explicit package name at /tmp/build/Time-Format-1.13-50/t/tf_modcheck.pl line 38.
Global symbol "$rv" requires explicit package name at /tmp/build/Time-Format-1.13-50/t/tf_modcheck.pl line 38.
Global symbol "$rv" requires explicit package name at /tmp/build/Time-Format-1.13-50/t/tf_modcheck.pl line 38.
Global symbol "$code1" requires explicit package name at /tmp/build/Time-Format-1.13-50/t/tf_modcheck.pl line 38.
Global symbol "$code2" requires explicit package name at /tmp/build/Time-Format-1.13-50/t/tf_modcheck.pl line 38.
Global symbol "$rv" requires explicit package name at /tmp/build/Time-Format-1.13-50/t/tf_modcheck.pl line 38.
Global symbol "$code1" requires explicit package name at /tmp/build/Time-Format-1.13-50/t/tf_modcheck.pl line 38.
Global symbol "$code2" requires explicit package name at /tmp/build/Time-Format-1.13-50/t/tf_modcheck.pl line 38.
Global symbol "$rv" requires explicit package name at /tmp/build/Time-Format-1.13-50/t/tf_modcheck.pl line 38.
Execution of /tmp/build/Time-Format-1.13-50/t/tf_modcheck.pl aborted due to compilation errors.
t/manip.t ........ ok
t/msec.t ......... 
Failed 40/41 subtests 
t/past.t ......... ok
t/quot.t ......... ok
Global symbol "$rv" requires explicit package name at /tmp/build/Time-Format-1.13-50/t/tf_modcheck.pl line 38.
Global symbol "$code1" requires explicit package name at /tmp/build/Time-Format-1.13-50/t/tf_modcheck.pl line 38.
Global symbol "$code2" requires explicit package name at /tmp/build/Time-Format-1.13-50/t/tf_modcheck.pl line 38.
Global symbol "$code1" requires explicit package name at /tmp/build/Time-Format-1.13-50/t/tf_modcheck.pl line 38.
Global symbol "$code2" requires explicit package name at /tmp/build/Time-Format-1.13-50/t/tf_modcheck.pl line 38.
Global symbol "$rv" requires explicit package name at /tmp/build/Time-Format-1.13-50/t/tf_modcheck.pl line 38.
Global symbol "$rv" requires explicit package name at /tmp/build/Time-Format-1.13-50/t/tf_modcheck.pl line 38.
Global symbol "$code1" requires explicit package name at /tmp/build/Time-Format-1.13-50/t/tf_modcheck.pl line 38.
Global symbol "$code2" requires explicit package name at /tmp/build/Time-Format-1.13-50/t/tf_modcheck.pl line 38.
Global symbol "$rv" requires explicit package name at /tmp/build/Time-Format-1.13-50/t/tf_modcheck.pl line 38.
Global symbol "$code1" requires explicit package name at /tmp/build/Time-Format-1.13-50/t/tf_modcheck.pl line 38.
Global symbol "$code2" requires explicit package name at /tmp/build/Time-Format-1.13-50/t/tf_modcheck.pl line 38.
Global symbol "$rv" requires explicit package name at /tmp/build/Time-Format-1.13-50/t/tf_modcheck.pl line 38.
Execution of /tmp/build/Time-Format-1.13-50/t/tf_modcheck.pl aborted due to compilation errors.
Multiple values returned, but tf_modcheck called in scalar context at /tmp/build/Time-Format-1.13-50/t/TimeFormat_MC.pm line 52.
# Looks like your test exited with 255 just after 1.
t/strftime.t ..... 
Dubious, test returned 255 (wstat 65280, 0xff00)
Failed 5/6 subtests 
t/string.t ....... ok
t/time.t ......... ok
Global symbol "$rv" requires explicit package name at /tmp/build/Time-Format-1.13-50/t/tf_modcheck.pl line 38.
Global symbol "$code1" requires explicit package name at /tmp/build/Time-Format-1.13-50/t/tf_modcheck.pl line 38.
Global symbol "$code2" requires explicit package name at /tmp/build/Time-Format-1.13-50/t/tf_modcheck.pl line 38.
Global symbol "$code1" requires explicit package name at /tmp/build/Time-Format-1.13-50/t/tf_modcheck.pl line 38.
Global symbol "$code2" requires explicit package name at /tmp/build/Time-Format-1.13-50/t/tf_modcheck.pl line 38.
Global symbol "$rv" requires explicit package name at /tmp/build/Time-Format-1.13-50/t/tf_modcheck.pl line 38.
Global symbol "$rv" requires explicit package name at /tmp/build/Time-Format-1.13-50/t/tf_modcheck.pl line 38.
Global symbol "$code1" requires explicit package name at /tmp/build/Time-Format-1.13-50/t/tf_modcheck.pl line 38.
Global symbol "$code2" requires explicit package name at /tmp/build/Time-Format-1.13-50/t/tf_modcheck.pl line 38.
Global symbol "$rv" requires explicit package name at /tmp/build/Time-Format-1.13-50/t/tf_modcheck.pl line 38.
Global symbol "$code1" requires explicit package name at /tmp/build/Time-Format-1.13-50/t/tf_modcheck.pl line 38.
Global symbol "$code2" requires explicit package name at /tmp/build/Time-Format-1.13-50/t/tf_modcheck.pl line 38.
Global symbol "$rv" requires explicit package name at /tmp/build/Time-Format-1.13-50/t/tf_modcheck.pl line 38.
Execution of /tmp/build/Time-Format-1.13-50/t/tf_modcheck.pl aborted due to compilation errors.
Multiple values returned, but tf_modcheck called in scalar context at /tmp/build/Time-Format-1.13-50/t/TimeFormat_MC.pm line 52.
# Looks like your test exited with 255 just after 1.
t/xs_DateTime.t .. 
Dubious, test returned 255 (wstat 65280, 0xff00)
Failed 11/12 subtests 
t/xs_doc.t ....... ok
t/xs_funcs.t ..... ok
t/xs_locale.t .... ok
t/xs_quot.t ...... ok
t/xs_time.t ...... ok

Test Summary Report
-------------------
t/doc.t        (Wstat: 65280 Tests: 1 Failed: 0)
  Non-zero exit status: 255
  Parse errors: Bad plan.  You planned 26 tests but ran 1.
t/funcs.t      (Wstat: 65280 Tests: 1 Failed: 0)
  Non-zero exit status: 255
  Parse errors: Bad plan.  You planned 18 tests but ran 1.
t/msec.t       (Wstat: 11 Tests: 1 Failed: 0)
  Non-zero wait status: 11
  Parse errors: Bad plan.  You planned 41 tests but ran 1.
t/strftime.t   (Wstat: 65280 Tests: 1 Failed: 0)
  Non-zero exit status: 255
  Parse errors: Bad plan.  You planned 6 tests but ran 1.
t/xs_DateTime.t (Wstat: 65280 Tests: 1 Failed: 0)
  Non-zero exit status: 255
  Parse errors: Bad plan.  You planned 12 tests but ran 1.
Files=25, Tests=375,  1 wallclock secs ( 0.11 usr  0.06 sys +  1.24 cusr  0.24 csys =  1.65 CPU)
Result: FAIL
Failed 5/25 test programs. 0/375 subtests failed.

------------------------------
PREREQUISITES
------------------------------

Prerequisite modules loaded:

requires:

    Module        Need Have    
    ------------- ---- --------
    Time::Local   1.07 1.07    

build_requires:

    Module        Need Have    
    ------------- ---- --------
    FindBin       0    1.44    
    Symbol        0    1.05    
    Test::Simple  0.40 1.302140

configure_requires:

    Module        Need Have    
    ------------- ---- --------
    Module::Build 0.4  0.4224  


------------------------------
ENVIRONMENT AND OTHER CONTEXT
------------------------------

Environment variables:

    AUTOMATED_TESTING = 1
    HARNESS_OPTIONS = j2
    LANG = en_US.UTF-8
    PATH = /home/njh/perl5/perlbrew/bin:/home/njh/perl5/perlbrew/perls/perl-5.8.4/bin:/home/njh/src/njh/smoker/bin:/usr/bin:/bin
    PERL5LIB = 
    PERL5OPT = 
    PERL5_CPANPLUS_IS_RUNNING = 1101
    PERL5_CPAN_IS_RUNNING = 1101
    PERL5_CPAN_IS_RUNNING_IN_RECURSION = 1084,1101
    PERLBREW_HOME = /home/njh/.perlbrew
    PERLBREW_MANPATH = /home/njh/perl5/perlbrew/perls/perl-5.8.4/man
    PERLBREW_PATH = /home/njh/perl5/perlbrew/bin:/home/njh/perl5/perlbrew/perls/perl-5.8.4/bin
    PERLBREW_PERL = perl-5.8.4
    PERLBREW_ROOT = /home/njh/perl5/perlbrew
    PERLBREW_SHELLRC_VERSION = 0.86
    PERLBREW_VERSION = 0.86
    PERL_USE_UNSAFE_INC = 1
    SHELL = /bin/sh
    TEMP = /tmp/user/1000
    TMPDIR = /tmp/user/1000/testwrapper.1087

Perl special variables (and OS-specific diagnostics, for MSWin32):

    $^X = /home/njh/perl5/perlbrew/perls/perl-5.8.4/bin/perl
    $UID/$EUID = 1000 / 1000
    $GID = 1000 1000 996 123 115 108 103 46 44 30 29 25 24 4
    $EGID = 1000 1000 996 123 115 108 103 46 44 30 29 25 24 4

Perl module toolchain versions installed:

    Module              Have    
    ------------------- --------
    CPAN                2.25    
    CPAN::Meta          2.143240
    Cwd                 3.75    
    ExtUtils::CBuilder  0.280230
    ExtUtils::Command   7.34    
    ExtUtils::Install   2.06    
    ExtUtils::MakeMaker 7.34    
    ExtUtils::Manifest  1.70    
    ExtUtils::ParseXS   3.35    
    File::Spec          3.75    
    JSON                4.02    
    JSON::PP            2.27203 
    Module::Build       0.4224  
    Module::Signature   n/a     
    Parse::CPAN::Meta   1.4414  
    Test::Harness       3.42    
    Test::More          1.302140
    YAML                n/a     
    YAML::Syck          1.31    
    version             0.9924  


--

Summary of my perl5 (revision 5 version 8 subversion 4) configuration:
  Platform:
    osname=linux, osvers=4.16.0-2-amd64, archname=x86_64-linux
    uname='linux amelia 4.16.0-2-amd64 #1 smp debian 4.16.16-2 (2018-06-22) x86_64 gnulinux '
    config_args='-de -Dprefix=/home/njh/perl5/perlbrew/perls/perl-5.8.4 -Aeval:scriptdir=/home/njh/perl5/perlbrew/perls/perl-5.8.4/bin'
    hint=recommended, useposix=true, d_sigaction=define
    usethreads=undef use5005threads=undef useithreads=undef usemultiplicity=undef
    useperlio=define d_sfio=undef uselargefiles=define usesocks=undef
    use64bitint=define use64bitall=define uselongdouble=undef
    usemymalloc=n, bincompat5005=undef
  Compiler:
    cc='cc', ccflags ='-fno-strict-aliasing -I/usr/local/include -D_LARGEFILE_SOURCE -D_FILE_OFFSET_BITS=64',
    optimize='-O2',
    cppflags='-fno-strict-aliasing -I/usr/local/include'
    ccversion='', gccversion='8.2.0', gccosandvers=''
    intsize=4, longsize=8, ptrsize=8, doublesize=8, byteorder=12345678
    d_longlong=define, longlongsize=8, d_longdbl=define, longdblsize=16
    ivtype='long', ivsize=8, nvtype='double', nvsize=8, Off_t='off_t', lseeksize=8
    alignbytes=8, prototype=define
  Linker and Libraries:
    ld='cc', ldflags =' -L/usr/local/lib'
    libpth=/usr/local/lib /lib/x86_64-linux-gnu /lib/../lib /usr/lib/x86_64-linux-gnu /usr/lib/../lib /lib /usr/lib
    libs=-lnsl -lgdbm -ldb -ldl -lm -lcrypt -lutil -lc
    perllibs=-lnsl -ldl -lm -lcrypt -lutil -lc
    libc=libc-2.27.so, so=so, useshrplib=false, libperl=libperl.a
    gnulibc_version='2.27'
  Dynamic Linking:
    dlsrc=dl_dlopen.xs, dlext=so, d_dlsymun=undef, ccdlflags='-Wl,-E'
    cccdlflags='-fpic', lddlflags='-shared -L/usr/local/lib'


Characteristics of this binary (from libperl): 
  Compile-time options: USE_64_BIT_INT USE_64_BIT_ALL USE_LARGE_FILES
  Locally applied patches:
  	Devel::PatchPerl 1.48
  Built under linux
  Compiled at Sep 16 2018 00:33:02
  %ENV:
    PERL5LIB=""
    PERL5OPT=""
    PERL5_CPANPLUS_IS_RUNNING="1101"
    PERL5_CPAN_IS_RUNNING="1101"
    PERL5_CPAN_IS_RUNNING_IN_RECURSION="1084,1101"
    PERLBREW_HOME="/home/njh/.perlbrew"
    PERLBREW_MANPATH="/home/njh/perl5/perlbrew/perls/perl-5.8.4/man"
    PERLBREW_PATH="/home/njh/perl5/perlbrew/bin:/home/njh/perl5/perlbrew/perls/perl-5.8.4/bin"
    PERLBREW_PERL="perl-5.8.4"
    PERLBREW_ROOT="/home/njh/perl5/perlbrew"
    PERLBREW_SHELLRC_VERSION="0.86"
    PERLBREW_VERSION="0.86"
    PERL_USE_UNSAFE_INC="1"
  @INC:
    /home/njh/perl5/perlbrew/perls/perl-5.8.4/lib/5.8.4/x86_64-linux
    /home/njh/perl5/perlbrew/perls/perl-5.8.4/lib/5.8.4
    /home/njh/perl5/perlbrew/perls/perl-5.8.4/lib/site_perl/5.8.4/x86_64-linux
    /home/njh/perl5/perlbrew/perls/perl-5.8.4/lib/site_perl/5.8.4
    /home/njh/perl5/perlbrew/perls/perl-5.8.4/lib/site_perl
    .