Report for DBIx-Class-Graph-1.05

Back
From: metabase:user:314402c4-2aae-11df-837a-5e0a49663a4f
Subject: FAIL DBIx-Class-Graph-1.05 v5.26.0 FreeBSD
Date: 2017-07-01T20:49:12Z

This distribution has been tested as part of the CPAN Testers
project, supporting the Perl programming language.  See
http://wiki.cpantesters.org/ for more information or email
questions to cpan-testers-discuss@perl.org


--
Dear Moritz Onken,

This is a computer-generated report for DBIx-Class-Graph-1.05
on perl 5.26.0, created by CPAN-Reporter-1.2018.

Thank you for uploading your work to CPAN.  However, there was a problem
testing your distribution.

If you think this report is invalid, please consult the CPAN Testers Wiki
for suggestions on how to avoid getting FAIL reports for missing library
or binary dependencies, unsupported operating systems, and so on:

http://wiki.cpantesters.org/wiki/CPANAuthorNotes

Sections of this report:

    * Tester comments
    * Program output
    * Prerequisites
    * Environment and other context

------------------------------
TESTER COMMENTS
------------------------------

Additional comments from tester:

none provided

------------------------------
PROGRAM OUTPUT
------------------------------

Output from './Build test':

Could not generate inline handles for _graph->("" because : Failed to compile source: syntax error at (eval 198) line 21, near """( "


source:
#line 1 "inline delegation in DBIx::Class::ResultSet::Graph for _graph->("" (attribute declared in lib/DBIx/Class/Graph/Role/ResultSet.pm at line 22)"
sub {
    my $self = shift;

    my $proxy = $self->_graph;
    if ( !defined $proxy ) {
        die Module::Runtime::use_module("Moose::Exception::AttributeValueIsNotDefined")->new(method    => $self->meta->find_method_by_name("(\"\""),
instance  => $self,
attribute => $self->meta->find_attribute_by_name("_graph"),
);
    }
    elsif ( ref $proxy && !Scalar::Util::blessed($proxy) ) {
        die Module::Runtime::use_module("Moose::Exception::AttributeValueIsNotAnObject")->new(method      => $self->meta->find_method_by_name("(\"\""),
instance    => $self,
attribute   => $self->meta->find_attribute_by_name("_graph"),
given_value => $proxy,
);
    }
    return $proxy->(""( @_ );
}
 at /usr/perl5.26.0p/lib/site_perl/5.26.0/amd64-freebsd/Class/MOP/Method/Generated.pm line 56.
 at /usr/perl5.26.0p/lib/site_perl/5.26.0/amd64-freebsd/Moose/Meta/Method/Delegation.pm line 154
	Moose::Meta::Method::Delegation::catch {...} ('Failed to compile source: syntax error at (eval 198) line 21, near """( "^J^J^Jsource:^J#line 1 "inline delegation in DBIx::Class::ResultSet::Graph for _graph->("" (attribute declared in lib/DBIx/Class/Graph/Role/ResultSet.pm at line 22)"^Jsub {^J    my $self = shift;^J^J    my $proxy = $self->_graph;^J    if ( !defined $proxy ) {^J        die Module::Runtime::use_module("Moose::Exception::AttributeValueIsNotDefined")->new(method    => $self->meta->find_method_by_name("(\"\""),^Jinstance  => $self,^Jattribute => $self->meta->find_attribute_by_name("_graph"),^J);^J    }^J    elsif ( ref $proxy && !Scalar::Util::blessed($proxy) ) {^J        die Module::Runtime::use_module("Moose::Exception::AttributeValueIsNotAnObject")->new(method      => $self->meta->find_method_by_name("(\"\""),^Jinstance    => $self,^Jattribute   => $self->meta->find_attribute_by_name("_graph"),^Jgiven_value => $proxy,^J);^J    }^J    return $proxy->(""( @_ );^J}^J at /usr/perl5.26.0p/lib/site_perl/5.26.0/amd64-freebsd/Class/MOP/Method/Generated.pm line 56.^J') called at /usr/perl5.26.0p/lib/site_perl/5.26.0/Try/Tiny.pm line 124
	Try::Tiny::try('CODE(0x462cd9f0)', 'Try::Tiny::Catch=REF(0x46289d50)') called at /usr/perl5.26.0p/lib/site_perl/5.26.0/amd64-freebsd/Moose/Meta/Method/Delegation.pm line 160
	Moose::Meta::Method::Delegation::_generate_inline_method('Moose::Meta::Method::Delegation=HASH(0x438816d8)') called at /usr/perl5.26.0p/lib/site_perl/5.26.0/amd64-freebsd/Moose/Meta/Method/Delegation.pm line 82
	Moose::Meta::Method::Delegation::_initialize_body('Moose::Meta::Method::Delegation=HASH(0x438816d8)') called at /usr/perl5.26.0p/lib/site_perl/5.26.0/amd64-freebsd/Moose/Meta/Method/Delegation.pm line 54
	Moose::Meta::Method::Delegation::new('Moose::Meta::Method::Delegation', 'name', '(""', 'package_name', 'DBIx::Class::ResultSet::Graph', 'attribute', 'Moose::Meta::Attribute=HASH(0x46253a38)', 'delegate_to_method', '(""', 'curried_arguments', 'ARRAY(0x43b61ee8)') called at /usr/perl5.26.0p/lib/site_perl/5.26.0/amd64-freebsd/Moose/Meta/Attribute.pm line 1301
	Moose::Meta::Attribute::_make_delegation_method('Moose::Meta::Attribute=HASH(0x46253a38)', '(""', '(""') called at /usr/perl5.26.0p/lib/site_perl/5.26.0/amd64-freebsd/Moose/Meta/Attribute.pm line 1168
	Moose::Meta::Attribute::install_delegation('Moose::Meta::Attribute=HASH(0x46253a38)') called at /usr/perl5.26.0p/lib/site_perl/5.26.0/amd64-freebsd/Moose/Meta/Attribute.pm line 1017
	Moose::Meta::Attribute::install_accessors('Moose::Meta::Attribute=HASH(0x46253a38)') called at /usr/perl5.26.0p/lib/site_perl/5.26.0/amd64-freebsd/Class/MOP/Class.pm line 899
	Class::MOP::Class::try {...}  at /usr/perl5.26.0p/lib/site_perl/5.26.0/Try/Tiny.pm line 103
	eval {...} at /usr/perl5.26.0p/lib/site_perl/5.26.0/Try/Tiny.pm line 94
	Try::Tiny::try('CODE(0x4626ca20)', 'Try::Tiny::Catch=REF(0x4604dde0)') called at /usr/perl5.26.0p/lib/site_perl/5.26.0/amd64-freebsd/Class/MOP/Class.pm line 904
	Class::MOP::Class::_post_add_attribute('Moose::Meta::Class=HASH(0x44602b40)', 'Moose::Meta::Attribute=HASH(0x46253a38)') called at /usr/perl5.26.0p/lib/site_perl/5.26.0/amd64-freebsd/Class/MOP/Mixin/HasAttributes.pm line 39
	Class::MOP::Mixin::HasAttributes::add_attribute('Moose::Meta::Class=HASH(0x44602b40)', 'Moose::Meta::Attribute=HASH(0x46253a38)') called at /usr/perl5.26.0p/lib/site_perl/5.26.0/amd64-freebsd/Moose/Meta/Class.pm line 583
	Moose::Meta::Class::add_attribute('Moose::Meta::Class=HASH(0x44602b40)', 'Moose::Meta::Attribute=HASH(0x46253a38)') called at /usr/perl5.26.0p/lib/site_perl/5.26.0/amd64-freebsd/Moose/Meta/Role/Application/ToClass.pm line 126
	Moose::Meta::Role::Application::ToClass::apply_attributes('Moose::Meta::Role::Application::ToClass=HASH(0x420c7258)', 'Moose::Meta::Role=HASH(0x462594b0)', 'Moose::Meta::Class=HASH(0x44602b40)') called at /usr/perl5.26.0p/lib/site_perl/5.26.0/amd64-freebsd/Moose/Meta/Role/Application.pm line 59
	Moose::Meta::Role::Application::apply('Moose::Meta::Role::Application::ToClass=HASH(0x420c7258)', 'Moose::Meta::Role=HASH(0x462594b0)', 'Moose::Meta::Class=HASH(0x44602b40)') called at /usr/perl5.26.0p/lib/site_perl/5.26.0/amd64-freebsd/Moose/Meta/Role/Application/ToClass.pm line 31
	Moose::Meta::Role::Application::ToClass::apply('Moose::Meta::Role::Application::ToClass=HASH(0x420c7258)', 'Moose::Meta::Role=HASH(0x462594b0)', 'Moose::Meta::Class=HASH(0x44602b40)', 'HASH(0x43bf9438)') called at /usr/perl5.26.0p/lib/site_perl/5.26.0/amd64-freebsd/Moose/Meta/Role.pm line 472
	Moose::Meta::Role::apply('Moose::Meta::Role=HASH(0x462594b0)', 'Moose::Meta::Class=HASH(0x44602b40)') called at /usr/perl5.26.0p/lib/site_perl/5.26.0/amd64-freebsd/Moose/Util.pm line 172
	Moose::Util::_apply_all_roles('Moose::Meta::Class=HASH(0x44602b40)', undef, 'DBIx::Class::Graph::Role::ResultSet') called at /usr/perl5.26.0p/lib/site_perl/5.26.0/amd64-freebsd/Moose/Util.pm line 114
	Moose::Util::apply_all_roles('Moose::Meta::Class=HASH(0x44602b40)', 'DBIx::Class::Graph::Role::ResultSet') called at /usr/perl5.26.0p/lib/site_perl/5.26.0/amd64-freebsd/Moose.pm line 57
	Moose::with('Moose::Meta::Class=HASH(0x44602b40)', 'DBIx::Class::Graph::Role::ResultSet') called at /usr/perl5.26.0p/lib/site_perl/5.26.0/amd64-freebsd/Moose/Exporter.pm line 419
	Moose::with('DBIx::Class::Graph::Role::ResultSet') called at lib/DBIx/Class/ResultSet/Graph.pm line 19
	require DBIx/Class/ResultSet/Graph.pm at -e line 1
Compilation failed in require at -e line 1.

#   Failed test 'DBIx::Class::ResultSet::Graph loaded ok'
#   at t/00-compile.t line 71.
#                   ''
#     doesn't match '(?^s:^\s*DBIx::Class::ResultSet::Graph ok)'
# Looks like you failed 1 test of 5.
t/00-compile.t ................ 
Dubious, test returned 1 (wstat 256, 0x100)
Failed 1/5 subtests 
# 
# 
# perl: v5.26.0 (wanted any version) on freebsd from /usr/perl5.26.0p/bin/perl5.26.0
# 
# Class::C3                                     => 0.33       (want any version)
# DBIx::Class                                   => 0.082840   (want any version)
# DBIx::Class::ResultSet                        => <undef>    (want any version)
# DBIx::Class::Schema                           => <undef>    (want any version)
# File::Find                                    => 1.34       (want any version)
# File::Temp                                    => 0.2304     (want any version)
# Graph                                         => 0.9704     (want 0.94)   
# List::MoreUtils                               => 0.419      (want any version)
# Module::Build                                 => 0.4224     (want 0.3601) 
# Moose                                         => 2.2005     (want any version)
# Moose::Role                                   => 2.2005     (want any version)
# Scalar::Util                                  => 1.48       (want any version)
# Test::Memory::Cycle                           => 1.06       (want any version)
# Test::More                                    => 1.302086   (want 0.88)   
# base                                          => 2.25       (want any version)
# strict                                        => 1.11       (want any version)
# warnings                                      => 1.37       (want any version)
# 
# Thanks for using my code.  I hope it works for you.
# If not, please try and include this output in the bug report.
# That will help me reproduce the issue and solve you problem.
# 
t/000-report-versions-tiny.t .. ok
{UNKNOWN}: Could not generate inline handles for _graph->("" because : Failed to compile source: syntax error at (eval 757) line 21, near """( "


source:
#line 1 "inline delegation in DBIx::Class::ResultSet::Graph for _graph->("" (attribute declared in /home/cpansand/.cpan/build/2017070121/DBIx-Class-Graph-1.05-1/blib/lib/DBIx/Class/Graph/Role/ResultSet.pm at line 22)"
sub {
    my $self = shift;

    my $proxy = $self->_graph;
    if ( !defined $proxy ) {
        die Module::Runtime::use_module("Moose::Exception::AttributeValueIsNotDefined")->new(method    => $self->meta->find_method_by_name("(\"\""),
instance  => $self,
attribute => $self->meta->find_attribute_by_name("_graph"),
);
    }
    elsif ( ref $proxy && !Scalar::Util::blessed($proxy) ) {
        die Module::Runtime::use_module("Moose::Exception::AttributeValueIsNotAnObject")->new(method      => $self->meta->find_method_by_name("(\"\""),
instance    => $self,
attribute   => $self->meta->find_attribute_by_name("_graph"),
given_value => $proxy,
);
    }
    return $proxy->(""( @_ );
}
 at /usr/perl5.26.0p/lib/site_perl/5.26.0/amd64-freebsd/Class/MOP/Method/Generated.pm line 56.
 at /usr/perl5.26.0p/lib/site_perl/5.26.0/amd64-freebsd/Moose/Meta/Method/Delegation.pm line 154
	Moose::Meta::Method::Delegation::catch {...} ('Failed to compile source: syntax error at (eval 757) line 21, near """( "^J^J^Jsource:^J#line 1 "inline delegation in DBIx::Class::ResultSet::Graph for _graph->("" (attribute declared in /home/cpansand/.cpan/build/2017070121/DBIx-Class-Graph-1.05-1/blib/lib/DBIx/Class/Graph/Role/ResultSet.pm at line 22)"^Jsub {^J    my $self = shift;^J^J    my $proxy = $self->_graph;^J    if ( !defined $proxy ) {^J        die Module::Runtime::use_module("Moose::Exception::AttributeValueIsNotDefined")->new(method    => $self->meta->find_method_by_name("(\"\""),^Jinstance  => $self,^Jattribute => $self->meta->find_attribute_by_name("_graph"),^J);^J    }^J    elsif ( ref $proxy && !Scalar::Util::blessed($proxy) ) {^J        die Module::Runtime::use_module("Moose::Exception::AttributeValueIsNotAnObject")->new(method      => $self->meta->find_method_by_name("(\"\""),^Jinstance    => $self,^Jattribute   => $self->meta->find_attribute_by_name("_graph"),^Jgiven_value => $proxy,^J);^J    }^J    return $proxy->(""( @_ );^J}^J at /usr/perl5.26.0p/lib/site_perl/5.26.0/amd64-freebsd/Class/MOP/Method/Generated.pm line 56.^J') called at /usr/perl5.26.0p/lib/site_perl/5.26.0/Try/Tiny.pm line 124
	Try::Tiny::try('CODE(0x48f8d168)', 'Try::Tiny::Catch=REF(0x47bf6fa8)') called at /usr/perl5.26.0p/lib/site_perl/5.26.0/amd64-freebsd/Moose/Meta/Method/Delegation.pm line 160
	Moose::Meta::Method::Delegation::_generate_inline_method('Moose::Meta::Method::Delegation=HASH(0x44ff1468)') called at /usr/perl5.26.0p/lib/site_perl/5.26.0/amd64-freebsd/Moose/Meta/Method/Delegation.pm line 82
	Moose::Meta::Method::Delegation::_initialize_body('Moose::Meta::Method::Delegation=HASH(0x44ff1468)') called at /usr/perl5.26.0p/lib/site_perl/5.26.0/amd64-freebsd/Moose/Meta/Method/Delegation.pm line 54
	Moose::Meta::Method::Delegation::new('Moose::Meta::Method::Delegation', 'name', '(""', 'package_name', 'DBIx::Class::ResultSet::Graph', 'attribute', 'Moose::Meta::Attribute=HASH(0x47bf6450)', 'delegate_to_method', '(""', 'curried_arguments', 'ARRAY(0x452d4c78)') called at /usr/perl5.26.0p/lib/site_perl/5.26.0/amd64-freebsd/Moose/Meta/Attribute.pm line 1301
	Moose::Meta::Attribute::_make_delegation_method('Moose::Meta::Attribute=HASH(0x47bf6450)', '(""', '(""') called at /usr/perl5.26.0p/lib/site_perl/5.26.0/amd64-freebsd/Moose/Meta/Attribute.pm line 1168
	Moose::Meta::Attribute::install_delegation('Moose::Meta::Attribute=HASH(0x47bf6450)') called at /usr/perl5.26.0p/lib/site_perl/5.26.0/amd64-freebsd/Moose/Meta/Attribute.pm line 1017
	Moose::Meta::Attribute::install_accessors('Moose::Meta::Attribute=HASH(0x47bf6450)') called at /usr/perl5.26.0p/lib/site_perl/5.26.0/amd64-freebsd/Class/MOP/Class.pm line 899
	Class::MOP::Class::try {...}  at /usr/perl5.26.0p/lib/site_perl/5.26.0/Try/Tiny.pm line 103
	eval {...} at /usr/perl5.26.0p/lib/site_perl/5.26.0/Try/Tiny.pm line 94
	Try::Tiny::try('CODE(0x48c67840)', 'Try::Tiny::Catch=REF(0x47bba540)') called at /usr/perl5.26.0p/lib/site_perl/5.26.0/amd64-freebsd/Class/MOP/Class.pm line 904
	Class::MOP::Class::_post_add_attribute('Moose::Meta::Class=HASH(0x47b4f948)', 'Moose::Meta::Attribute=HASH(0x47bf6450)') called at /usr/perl5.26.0p/lib/site_perl/5.26.0/amd64-freebsd/Class/MOP/Mixin/HasAttributes.pm line 39
	Class::MOP::Mixin::HasAttributes::add_attribute('Moose::Meta::Class=HASH(0x47b4f948)', 'Moose::Meta::Attribute=HASH(0x47bf6450)') called at /usr/perl5.26.0p/lib/site_perl/5.26.0/amd64-freebsd/Moose/Meta/Class.pm line 583
	Moose::Meta::Class::add_attribute('Moose::Meta::Class=HASH(0x47b4f948)', 'Moose::Meta::Attribute=HASH(0x47bf6450)') called at /usr/perl5.26.0p/lib/site_perl/5.26.0/amd64-freebsd/Moose/Meta/Role/Application/ToClass.pm line 126
	Moose::Meta::Role::Application::ToClass::apply_attributes('Moose::Meta::Role::Application::ToClass=HASH(0x47ba9900)', 'Moose::Meta::Role=HASH(0x48dfec48)', 'Moose::Meta::Class=HASH(0x47b4f948)') called at /usr/perl5.26.0p/lib/site_perl/5.26.0/amd64-freebsd/Moose/Meta/Role/Application.pm line 59
	Moose::Meta::Role::Application::apply('Moose::Meta::Role::Application::ToClass=HASH(0x47ba9900)', 'Moose::Meta::Role=HASH(0x48dfec48)', 'Moose::Meta::Class=HASH(0x47b4f948)') called at /usr/perl5.26.0p/lib/site_perl/5.26.0/amd64-freebsd/Moose/Meta/Role/Application/ToClass.pm line 31
	Moose::Meta::Role::Application::ToClass::apply('Moose::Meta::Role::Application::ToClass=HASH(0x47ba9900)', 'Moose::Meta::Role=HASH(0x48dfec48)', 'Moose::Meta::Class=HASH(0x47b4f948)', 'HASH(0x459baae0)') called at /usr/perl5.26.0p/lib/site_perl/5.26.0/amd64-freebsd/Moose/Meta/Role.pm line 472
	Moose::Meta::Role::apply('Moose::Meta::Role=HASH(0x48dfec48)', 'Moose::Meta::Class=HASH(0x47b4f948)') called at /usr/perl5.26.0p/lib/site_perl/5.26.0/amd64-freebsd/Moose/Util.pm line 172
	Moose::Util::_apply_all_roles('Moose::Meta::Class=HASH(0x47b4f948)', undef, 'DBIx::Class::Graph::Role::ResultSet') called at /usr/perl5.26.0p/lib/site_perl/5.26.0/amd64-freebsd/Moose/Util.pm line 114
	Moose::Util::apply_all_roles('Moose::Meta::Class=HASH(0x47b4f948)', 'DBIx::Class::Graph::Role::ResultSet') called at /usr/perl5.26.0p/lib/site_perl/5.26.0/amd64-freebsd/Moose.pm line 57
	Moose::with('Moose::Meta::Class=HASH(0x47b4f948)', 'DBIx::Class::Graph::Role::ResultSet') called at /usr/perl5.26.0p/lib/site_perl/5.26.0/amd64-freebsd/Moose/Exporter.pm line 419
	Moose::with('DBIx::Class::Graph::Role::ResultSet') called at /home/cpansand/.cpan/build/2017070121/DBIx-Class-Graph-1.05-1/blib/lib/DBIx/Class/ResultSet/Graph.pm line 19
	require DBIx/Class/ResultSet/Graph.pm at /usr/perl5.26.0p/lib/site_perl/5.26.0/Class/C3/Componentised.pm line 150
	eval {...} at /usr/perl5.26.0p/lib/site_perl/5.26.0/Class/C3/Componentised.pm line 150
	Class::C3::Componentised::ensure_class_loaded('DBIx::Class::ResultSource::Table=HASH(0x45f0e918)', 'DBIx::Class::ResultSet::Graph') called at /usr/perl5.26.0p/lib/site_perl/5.26.0/DBIx/Class/AccessorGroup.pm line 19
	DBIx::Class::AccessorGroup::get_component_class('DBIx::Class::ResultSource::Table=HASH(0x45f0e918)', 'resultset_class') called at (eval 192) line 2
	DBIx::Class::ResultSource::resultset_class('DBIx::Class::ResultSource::Table=HASH(0x45f0e918)') called at /usr/perl5.26.0p/lib/site_perl/5.26.0/DBIx/Class/ResultSource.pm line 1135
	DBIx::Class::ResultSource::resultset('DBIx::Class::ResultSource::Table=HASH(0x45f0e918)') called at /usr/perl5.26.0p/lib/site_perl/5.26.0/DBIx/Class/Schema.pm line 547
	DBIx::Class::Schema::resultset('TestLib::Schema=HASH(0x420b55d0)', 'Simple') called at /usr/perl5.26.0p/lib/site_perl/5.26.0/DBIx/Class/Schema.pm line 769
	DBIx::Class::Schema::populate('TestLib::Schema=HASH(0x420b55d0)', 'Simple', 'ARRAY(0x47b4fe28)') called at t/lib/TestLib.pm line 20
	TestLib::new('TestLib') called at t/complex.t line 7
Compilation failed in require at /usr/perl5.26.0p/lib/site_perl/5.26.0/Class/C3/Componentised.pm line 150. at /usr/perl5.26.0p/lib/site_perl/5.26.0/Class/C3/Componentised.pm line 155
t/complex.t ................... 
Dubious, test returned 255 (wstat 65280, 0xff00)
No subtests run 
{UNKNOWN}: Could not generate inline handles for _graph->("" because : Failed to compile source: syntax error at (eval 758) line 21, near """( "


source:
#line 1 "inline delegation in DBIx::Class::ResultSet::Graph for _graph->("" (attribute declared in /home/cpansand/.cpan/build/2017070121/DBIx-Class-Graph-1.05-1/blib/lib/DBIx/Class/Graph/Role/ResultSet.pm at line 22)"
sub {
    my $self = shift;

    my $proxy = $self->_graph;
    if ( !defined $proxy ) {
        die Module::Runtime::use_module("Moose::Exception::AttributeValueIsNotDefined")->new(method    => $self->meta->find_method_by_name("(\"\""),
instance  => $self,
attribute => $self->meta->find_attribute_by_name("_graph"),
);
    }
    elsif ( ref $proxy && !Scalar::Util::blessed($proxy) ) {
        die Module::Runtime::use_module("Moose::Exception::AttributeValueIsNotAnObject")->new(method      => $self->meta->find_method_by_name("(\"\""),
instance    => $self,
attribute   => $self->meta->find_attribute_by_name("_graph"),
given_value => $proxy,
);
    }
    return $proxy->(""( @_ );
}
 at /usr/perl5.26.0p/lib/site_perl/5.26.0/amd64-freebsd/Class/MOP/Method/Generated.pm line 56.
 at /usr/perl5.26.0p/lib/site_perl/5.26.0/amd64-freebsd/Moose/Meta/Method/Delegation.pm line 154
	Moose::Meta::Method::Delegation::catch {...} ('Failed to compile source: syntax error at (eval 758) line 21, near """( "^J^J^Jsource:^J#line 1 "inline delegation in DBIx::Class::ResultSet::Graph for _graph->("" (attribute declared in /home/cpansand/.cpan/build/2017070121/DBIx-Class-Graph-1.05-1/blib/lib/DBIx/Class/Graph/Role/ResultSet.pm at line 22)"^Jsub {^J    my $self = shift;^J^J    my $proxy = $self->_graph;^J    if ( !defined $proxy ) {^J        die Module::Runtime::use_module("Moose::Exception::AttributeValueIsNotDefined")->new(method    => $self->meta->find_method_by_name("(\"\""),^Jinstance  => $self,^Jattribute => $self->meta->find_attribute_by_name("_graph"),^J);^J    }^J    elsif ( ref $proxy && !Scalar::Util::blessed($proxy) ) {^J        die Module::Runtime::use_module("Moose::Exception::AttributeValueIsNotAnObject")->new(method      => $self->meta->find_method_by_name("(\"\""),^Jinstance    => $self,^Jattribute   => $self->meta->find_attribute_by_name("_graph"),^Jgiven_value => $proxy,^J);^J    }^J    return $proxy->(""( @_ );^J}^J at /usr/perl5.26.0p/lib/site_perl/5.26.0/amd64-freebsd/Class/MOP/Method/Generated.pm line 56.^J') called at /usr/perl5.26.0p/lib/site_perl/5.26.0/Try/Tiny.pm line 124
	Try::Tiny::try('CODE(0x493e7840)', 'Try::Tiny::Catch=REF(0x4939d3c0)') called at /usr/perl5.26.0p/lib/site_perl/5.26.0/amd64-freebsd/Moose/Meta/Method/Delegation.pm line 160
	Moose::Meta::Method::Delegation::_generate_inline_method('Moose::Meta::Method::Delegation=HASH(0x45423d38)') called at /usr/perl5.26.0p/lib/site_perl/5.26.0/amd64-freebsd/Moose/Meta/Method/Delegation.pm line 82
	Moose::Meta::Method::Delegation::_initialize_body('Moose::Meta::Method::Delegation=HASH(0x45423d38)') called at /usr/perl5.26.0p/lib/site_perl/5.26.0/amd64-freebsd/Moose/Meta/Method/Delegation.pm line 54
	Moose::Meta::Method::Delegation::new('Moose::Meta::Method::Delegation', 'name', '(""', 'package_name', 'DBIx::Class::ResultSet::Graph', 'attribute', 'Moose::Meta::Attribute=HASH(0x47fee828)', 'delegate_to_method', '(""', 'curried_arguments', 'ARRAY(0x45712570)') called at /usr/perl5.26.0p/lib/site_perl/5.26.0/amd64-freebsd/Moose/Meta/Attribute.pm line 1301
	Moose::Meta::Attribute::_make_delegation_method('Moose::Meta::Attribute=HASH(0x47fee828)', '(""', '(""') called at /usr/perl5.26.0p/lib/site_perl/5.26.0/amd64-freebsd/Moose/Meta/Attribute.pm line 1168
	Moose::Meta::Attribute::install_delegation('Moose::Meta::Attribute=HASH(0x47fee828)') called at /usr/perl5.26.0p/lib/site_perl/5.26.0/amd64-freebsd/Moose/Meta/Attribute.pm line 1017
	Moose::Meta::Attribute::install_accessors('Moose::Meta::Attribute=HASH(0x47fee828)') called at /usr/perl5.26.0p/lib/site_perl/5.26.0/amd64-freebsd/Class/MOP/Class.pm line 899
	Class::MOP::Class::try {...}  at /usr/perl5.26.0p/lib/site_perl/5.26.0/Try/Tiny.pm line 103
	eval {...} at /usr/perl5.26.0p/lib/site_perl/5.26.0/Try/Tiny.pm line 94
	Try::Tiny::try('CODE(0x492a07b0)', 'Try::Tiny::Catch=REF(0x47fee480)') called at /usr/perl5.26.0p/lib/site_perl/5.26.0/amd64-freebsd/Class/MOP/Class.pm line 904
	Class::MOP::Class::_post_add_attribute('Moose::Meta::Class=HASH(0x47fde8a0)', 'Moose::Meta::Attribute=HASH(0x47fee828)') called at /usr/perl5.26.0p/lib/site_perl/5.26.0/amd64-freebsd/Class/MOP/Mixin/HasAttributes.pm line 39
	Class::MOP::Mixin::HasAttributes::add_attribute('Moose::Meta::Class=HASH(0x47fde8a0)', 'Moose::Meta::Attribute=HASH(0x47fee828)') called at /usr/perl5.26.0p/lib/site_perl/5.26.0/amd64-freebsd/Moose/Meta/Class.pm line 583
	Moose::Meta::Class::add_attribute('Moose::Meta::Class=HASH(0x47fde8a0)', 'Moose::Meta::Attribute=HASH(0x47fee828)') called at /usr/perl5.26.0p/lib/site_perl/5.26.0/amd64-freebsd/Moose/Meta/Role/Application/ToClass.pm line 126
	Moose::Meta::Role::Application::ToClass::apply_attributes('Moose::Meta::Role::Application::ToClass=HASH(0x47fa5468)', 'Moose::Meta::Role=HASH(0x4921db88)', 'Moose::Meta::Class=HASH(0x47fde8a0)') called at /usr/perl5.26.0p/lib/site_perl/5.26.0/amd64-freebsd/Moose/Meta/Role/Application.pm line 59
	Moose::Meta::Role::Application::apply('Moose::Meta::Role::Application::ToClass=HASH(0x47fa5468)', 'Moose::Meta::Role=HASH(0x4921db88)', 'Moose::Meta::Class=HASH(0x47fde8a0)') called at /usr/perl5.26.0p/lib/site_perl/5.26.0/amd64-freebsd/Moose/Meta/Role/Application/ToClass.pm line 31
	Moose::Meta::Role::Application::ToClass::apply('Moose::Meta::Role::Application::ToClass=HASH(0x47fa5468)', 'Moose::Meta::Role=HASH(0x4921db88)', 'Moose::Meta::Class=HASH(0x47fde8a0)', 'HASH(0x45dddaf8)') called at /usr/perl5.26.0p/lib/site_perl/5.26.0/amd64-freebsd/Moose/Meta/Role.pm line 472
	Moose::Meta::Role::apply('Moose::Meta::Role=HASH(0x4921db88)', 'Moose::Meta::Class=HASH(0x47fde8a0)') called at /usr/perl5.26.0p/lib/site_perl/5.26.0/amd64-freebsd/Moose/Util.pm line 172
	Moose::Util::_apply_all_roles('Moose::Meta::Class=HASH(0x47fde8a0)', undef, 'DBIx::Class::Graph::Role::ResultSet') called at /usr/perl5.26.0p/lib/site_perl/5.26.0/amd64-freebsd/Moose/Util.pm line 114
	Moose::Util::apply_all_roles('Moose::Meta::Class=HASH(0x47fde8a0)', 'DBIx::Class::Graph::Role::ResultSet') called at /usr/perl5.26.0p/lib/site_perl/5.26.0/amd64-freebsd/Moose.pm line 57
	Moose::with('Moose::Meta::Class=HASH(0x47fde8a0)', 'DBIx::Class::Graph::Role::ResultSet') called at /usr/perl5.26.0p/lib/site_perl/5.26.0/amd64-freebsd/Moose/Exporter.pm line 419
	Moose::with('DBIx::Class::Graph::Role::ResultSet') called at /home/cpansand/.cpan/build/2017070121/DBIx-Class-Graph-1.05-1/blib/lib/DBIx/Class/ResultSet/Graph.pm line 19
	require DBIx/Class/ResultSet/Graph.pm at /usr/perl5.26.0p/lib/site_perl/5.26.0/Class/C3/Componentised.pm line 150
	eval {...} at /usr/perl5.26.0p/lib/site_perl/5.26.0/Class/C3/Componentised.pm line 150
	Class::C3::Componentised::ensure_class_loaded('DBIx::Class::ResultSource::Table=HASH(0x420db618)', 'DBIx::Class::ResultSet::Graph') called at /usr/perl5.26.0p/lib/site_perl/5.26.0/DBIx/Class/AccessorGroup.pm line 19
	DBIx::Class::AccessorGroup::get_component_class('DBIx::Class::ResultSource::Table=HASH(0x420db618)', 'resultset_class') called at (eval 192) line 2
	DBIx::Class::ResultSource::resultset_class('DBIx::Class::ResultSource::Table=HASH(0x420db618)') called at /usr/perl5.26.0p/lib/site_perl/5.26.0/DBIx/Class/ResultSource.pm line 1135
	DBIx::Class::ResultSource::resultset('DBIx::Class::ResultSource::Table=HASH(0x420db618)') called at /usr/perl5.26.0p/lib/site_perl/5.26.0/DBIx/Class/Schema.pm line 547
	DBIx::Class::Schema::resultset('TestLib::Schema=HASH(0x420b55d0)', 'Simple') called at /usr/perl5.26.0p/lib/site_perl/5.26.0/DBIx/Class/Schema.pm line 769
	DBIx::Class::Schema::populate('TestLib::Schema=HASH(0x420b55d0)', 'Simple', 'ARRAY(0x47e41180)') called at t/lib/TestLib.pm line 20
	TestLib::new('TestLib') called at t/leak.t line 8
Compilation failed in require at /usr/perl5.26.0p/lib/site_perl/5.26.0/Class/C3/Componentised.pm line 150. at /usr/perl5.26.0p/lib/site_perl/5.26.0/Class/C3/Componentised.pm line 155
t/leak.t ...................... 
Dubious, test returned 255 (wstat 65280, 0xff00)
No subtests run 
t/release-has-version.t ....... skipped: these tests are for release candidate testing
t/release-kwalitee.t .......... skipped: these tests are for release candidate testing
t/release-minimum-version.t ... skipped: these tests are for release candidate testing
t/release-pod-coverage.t ...... skipped: these tests are for release candidate testing
t/release-pod-syntax.t ........ skipped: these tests are for release candidate testing
{UNKNOWN}: Could not generate inline handles for _graph->("" because : Failed to compile source: syntax error at (eval 757) line 21, near """( "


source:
#line 1 "inline delegation in DBIx::Class::ResultSet::Graph for _graph->("" (attribute declared in /home/cpansand/.cpan/build/2017070121/DBIx-Class-Graph-1.05-1/blib/lib/DBIx/Class/Graph/Role/ResultSet.pm at line 22)"
sub {
    my $self = shift;

    my $proxy = $self->_graph;
    if ( !defined $proxy ) {
        die Module::Runtime::use_module("Moose::Exception::AttributeValueIsNotDefined")->new(method    => $self->meta->find_method_by_name("(\"\""),
instance  => $self,
attribute => $self->meta->find_attribute_by_name("_graph"),
);
    }
    elsif ( ref $proxy && !Scalar::Util::blessed($proxy) ) {
        die Module::Runtime::use_module("Moose::Exception::AttributeValueIsNotAnObject")->new(method      => $self->meta->find_method_by_name("(\"\""),
instance    => $self,
attribute   => $self->meta->find_attribute_by_name("_graph"),
given_value => $proxy,
);
    }
    return $proxy->(""( @_ );
}
 at /usr/perl5.26.0p/lib/site_perl/5.26.0/amd64-freebsd/Class/MOP/Method/Generated.pm line 56.
 at /usr/perl5.26.0p/lib/site_perl/5.26.0/amd64-freebsd/Moose/Meta/Method/Delegation.pm line 154
	Moose::Meta::Method::Delegation::catch {...} ('Failed to compile source: syntax error at (eval 757) line 21, near """( "^J^J^Jsource:^J#line 1 "inline delegation in DBIx::Class::ResultSet::Graph for _graph->("" (attribute declared in /home/cpansand/.cpan/build/2017070121/DBIx-Class-Graph-1.05-1/blib/lib/DBIx/Class/Graph/Role/ResultSet.pm at line 22)"^Jsub {^J    my $self = shift;^J^J    my $proxy = $self->_graph;^J    if ( !defined $proxy ) {^J        die Module::Runtime::use_module("Moose::Exception::AttributeValueIsNotDefined")->new(method    => $self->meta->find_method_by_name("(\"\""),^Jinstance  => $self,^Jattribute => $self->meta->find_attribute_by_name("_graph"),^J);^J    }^J    elsif ( ref $proxy && !Scalar::Util::blessed($proxy) ) {^J        die Module::Runtime::use_module("Moose::Exception::AttributeValueIsNotAnObject")->new(method      => $self->meta->find_method_by_name("(\"\""),^Jinstance    => $self,^Jattribute   => $self->meta->find_attribute_by_name("_graph"),^Jgiven_value => $proxy,^J);^J    }^J    return $proxy->(""( @_ );^J}^J at /usr/perl5.26.0p/lib/site_perl/5.26.0/amd64-freebsd/Class/MOP/Method/Generated.pm line 56.^J') called at /usr/perl5.26.0p/lib/site_perl/5.26.0/Try/Tiny.pm line 124
	Try::Tiny::try('CODE(0x48f86408)', 'Try::Tiny::Catch=REF(0x48a7d6a8)') called at /usr/perl5.26.0p/lib/site_perl/5.26.0/amd64-freebsd/Moose/Meta/Method/Delegation.pm line 160
	Moose::Meta::Method::Delegation::_generate_inline_method('Moose::Meta::Method::Delegation=HASH(0x44ff1468)') called at /usr/perl5.26.0p/lib/site_perl/5.26.0/amd64-freebsd/Moose/Meta/Method/Delegation.pm line 82
	Moose::Meta::Method::Delegation::_initialize_body('Moose::Meta::Method::Delegation=HASH(0x44ff1468)') called at /usr/perl5.26.0p/lib/site_perl/5.26.0/amd64-freebsd/Moose/Meta/Method/Delegation.pm line 54
	Moose::Meta::Method::Delegation::new('Moose::Meta::Method::Delegation', 'name', '(""', 'package_name', 'DBIx::Class::ResultSet::Graph', 'attribute', 'Moose::Meta::Attribute=HASH(0x47be6b28)', 'delegate_to_method', '(""', 'curried_arguments', 'ARRAY(0x452d4c78)') called at /usr/perl5.26.0p/lib/site_perl/5.26.0/amd64-freebsd/Moose/Meta/Attribute.pm line 1301
	Moose::Meta::Attribute::_make_delegation_method('Moose::Meta::Attribute=HASH(0x47be6b28)', '(""', '(""') called at /usr/perl5.26.0p/lib/site_perl/5.26.0/amd64-freebsd/Moose/Meta/Attribute.pm line 1168
	Moose::Meta::Attribute::install_delegation('Moose::Meta::Attribute=HASH(0x47be6b28)') called at /usr/perl5.26.0p/lib/site_perl/5.26.0/amd64-freebsd/Moose/Meta/Attribute.pm line 1017
	Moose::Meta::Attribute::install_accessors('Moose::Meta::Attribute=HASH(0x47be6b28)') called at /usr/perl5.26.0p/lib/site_perl/5.26.0/amd64-freebsd/Class/MOP/Class.pm line 899
	Class::MOP::Class::try {...}  at /usr/perl5.26.0p/lib/site_perl/5.26.0/Try/Tiny.pm line 103
	eval {...} at /usr/perl5.26.0p/lib/site_perl/5.26.0/Try/Tiny.pm line 94
	Try::Tiny::try('CODE(0x48b95f18)', 'Try::Tiny::Catch=REF(0x47ba81c8)') called at /usr/perl5.26.0p/lib/site_perl/5.26.0/amd64-freebsd/Class/MOP/Class.pm line 904
	Class::MOP::Class::_post_add_attribute('Moose::Meta::Class=HASH(0x47bbd7b0)', 'Moose::Meta::Attribute=HASH(0x47be6b28)') called at /usr/perl5.26.0p/lib/site_perl/5.26.0/amd64-freebsd/Class/MOP/Mixin/HasAttributes.pm line 39
	Class::MOP::Mixin::HasAttributes::add_attribute('Moose::Meta::Class=HASH(0x47bbd7b0)', 'Moose::Meta::Attribute=HASH(0x47be6b28)') called at /usr/perl5.26.0p/lib/site_perl/5.26.0/amd64-freebsd/Moose/Meta/Class.pm line 583
	Moose::Meta::Class::add_attribute('Moose::Meta::Class=HASH(0x47bbd7b0)', 'Moose::Meta::Attribute=HASH(0x47be6b28)') called at /usr/perl5.26.0p/lib/site_perl/5.26.0/amd64-freebsd/Moose/Meta/Role/Application/ToClass.pm line 126
	Moose::Meta::Role::Application::ToClass::apply_attributes('Moose::Meta::Role::Application::ToClass=HASH(0x47ba1e70)', 'Moose::Meta::Role=HASH(0x48dfc348)', 'Moose::Meta::Class=HASH(0x47bbd7b0)') called at /usr/perl5.26.0p/lib/site_perl/5.26.0/amd64-freebsd/Moose/Meta/Role/Application.pm line 59
	Moose::Meta::Role::Application::apply('Moose::Meta::Role::Application::ToClass=HASH(0x47ba1e70)', 'Moose::Meta::Role=HASH(0x48dfc348)', 'Moose::Meta::Class=HASH(0x47bbd7b0)') called at /usr/perl5.26.0p/lib/site_perl/5.26.0/amd64-freebsd/Moose/Meta/Role/Application/ToClass.pm line 31
	Moose::Meta::Role::Application::ToClass::apply('Moose::Meta::Role::Application::ToClass=HASH(0x47ba1e70)', 'Moose::Meta::Role=HASH(0x48dfc348)', 'Moose::Meta::Class=HASH(0x47bbd7b0)', 'HASH(0x459ba8d0)') called at /usr/perl5.26.0p/lib/site_perl/5.26.0/amd64-freebsd/Moose/Meta/Role.pm line 472
	Moose::Meta::Role::apply('Moose::Meta::Role=HASH(0x48dfc348)', 'Moose::Meta::Class=HASH(0x47bbd7b0)') called at /usr/perl5.26.0p/lib/site_perl/5.26.0/amd64-freebsd/Moose/Util.pm line 172
	Moose::Util::_apply_all_roles('Moose::Meta::Class=HASH(0x47bbd7b0)', undef, 'DBIx::Class::Graph::Role::ResultSet') called at /usr/perl5.26.0p/lib/site_perl/5.26.0/amd64-freebsd/Moose/Util.pm line 114
	Moose::Util::apply_all_roles('Moose::Meta::Class=HASH(0x47bbd7b0)', 'DBIx::Class::Graph::Role::ResultSet') called at /usr/perl5.26.0p/lib/site_perl/5.26.0/amd64-freebsd/Moose.pm line 57
	Moose::with('Moose::Meta::Class=HASH(0x47bbd7b0)', 'DBIx::Class::Graph::Role::ResultSet') called at /usr/perl5.26.0p/lib/site_perl/5.26.0/amd64-freebsd/Moose/Exporter.pm line 419
	Moose::with('DBIx::Class::Graph::Role::ResultSet') called at /home/cpansand/.cpan/build/2017070121/DBIx-Class-Graph-1.05-1/blib/lib/DBIx/Class/ResultSet/Graph.pm line 19
	require DBIx/Class/ResultSet/Graph.pm at /usr/perl5.26.0p/lib/site_perl/5.26.0/Class/C3/Componentised.pm line 150
	eval {...} at /usr/perl5.26.0p/lib/site_perl/5.26.0/Class/C3/Componentised.pm line 150
	Class::C3::Componentised::ensure_class_loaded('DBIx::Class::ResultSource::Table=HASH(0x45f09db0)', 'DBIx::Class::ResultSet::Graph') called at /usr/perl5.26.0p/lib/site_perl/5.26.0/DBIx/Class/AccessorGroup.pm line 19
	DBIx::Class::AccessorGroup::get_component_class('DBIx::Class::ResultSource::Table=HASH(0x45f09db0)', 'resultset_class') called at (eval 192) line 2
	DBIx::Class::ResultSource::resultset_class('DBIx::Class::ResultSource::Table=HASH(0x45f09db0)') called at /usr/perl5.26.0p/lib/site_perl/5.26.0/DBIx/Class/ResultSource.pm line 1135
	DBIx::Class::ResultSource::resultset('DBIx::Class::ResultSource::Table=HASH(0x45f09db0)') called at /usr/perl5.26.0p/lib/site_perl/5.26.0/DBIx/Class/Schema.pm line 547
	DBIx::Class::Schema::resultset('TestLib::Schema=HASH(0x420b55d0)', 'Simple') called at /usr/perl5.26.0p/lib/site_perl/5.26.0/DBIx/Class/Schema.pm line 769
	DBIx::Class::Schema::populate('TestLib::Schema=HASH(0x420b55d0)', 'Simple', 'ARRAY(0x47b96888)') called at t/lib/TestLib.pm line 20
	TestLib::new('TestLib') called at t/result.t line 7
Compilation failed in require at /usr/perl5.26.0p/lib/site_perl/5.26.0/Class/C3/Componentised.pm line 150. at /usr/perl5.26.0p/lib/site_perl/5.26.0/Class/C3/Componentised.pm line 155
t/result.t .................... 
Dubious, test returned 255 (wstat 65280, 0xff00)
No subtests run 
{UNKNOWN}: Could not generate inline handles for _graph->("" because : Failed to compile source: syntax error at (eval 757) line 21, near """( "


source:
#line 1 "inline delegation in DBIx::Class::ResultSet::Graph for _graph->("" (attribute declared in /home/cpansand/.cpan/build/2017070121/DBIx-Class-Graph-1.05-1/blib/lib/DBIx/Class/Graph/Role/ResultSet.pm at line 22)"
sub {
    my $self = shift;

    my $proxy = $self->_graph;
    if ( !defined $proxy ) {
        die Module::Runtime::use_module("Moose::Exception::AttributeValueIsNotDefined")->new(method    => $self->meta->find_method_by_name("(\"\""),
instance  => $self,
attribute => $self->meta->find_attribute_by_name("_graph"),
);
    }
    elsif ( ref $proxy && !Scalar::Util::blessed($proxy) ) {
        die Module::Runtime::use_module("Moose::Exception::AttributeValueIsNotAnObject")->new(method      => $self->meta->find_method_by_name("(\"\""),
instance    => $self,
attribute   => $self->meta->find_attribute_by_name("_graph"),
given_value => $proxy,
);
    }
    return $proxy->(""( @_ );
}
 at /usr/perl5.26.0p/lib/site_perl/5.26.0/amd64-freebsd/Class/MOP/Method/Generated.pm line 56.
 at /usr/perl5.26.0p/lib/site_perl/5.26.0/amd64-freebsd/Moose/Meta/Method/Delegation.pm line 154
	Moose::Meta::Method::Delegation::catch {...} ('Failed to compile source: syntax error at (eval 757) line 21, near """( "^J^J^Jsource:^J#line 1 "inline delegation in DBIx::Class::ResultSet::Graph for _graph->("" (attribute declared in /home/cpansand/.cpan/build/2017070121/DBIx-Class-Graph-1.05-1/blib/lib/DBIx/Class/Graph/Role/ResultSet.pm at line 22)"^Jsub {^J    my $self = shift;^J^J    my $proxy = $self->_graph;^J    if ( !defined $proxy ) {^J        die Module::Runtime::use_module("Moose::Exception::AttributeValueIsNotDefined")->new(method    => $self->meta->find_method_by_name("(\"\""),^Jinstance  => $self,^Jattribute => $self->meta->find_attribute_by_name("_graph"),^J);^J    }^J    elsif ( ref $proxy && !Scalar::Util::blessed($proxy) ) {^J        die Module::Runtime::use_module("Moose::Exception::AttributeValueIsNotAnObject")->new(method      => $self->meta->find_method_by_name("(\"\""),^Jinstance    => $self,^Jattribute   => $self->meta->find_attribute_by_name("_graph"),^Jgiven_value => $proxy,^J);^J    }^J    return $proxy->(""( @_ );^J}^J at /usr/perl5.26.0p/lib/site_perl/5.26.0/amd64-freebsd/Class/MOP/Method/Generated.pm line 56.^J') called at /usr/perl5.26.0p/lib/site_perl/5.26.0/Try/Tiny.pm line 124
	Try::Tiny::try('CODE(0x48f839c0)', 'Try::Tiny::Catch=REF(0x47bc55d0)') called at /usr/perl5.26.0p/lib/site_perl/5.26.0/amd64-freebsd/Moose/Meta/Method/Delegation.pm line 160
	Moose::Meta::Method::Delegation::_generate_inline_method('Moose::Meta::Method::Delegation=HASH(0x44ff1468)') called at /usr/perl5.26.0p/lib/site_perl/5.26.0/amd64-freebsd/Moose/Meta/Method/Delegation.pm line 82
	Moose::Meta::Method::Delegation::_initialize_body('Moose::Meta::Method::Delegation=HASH(0x44ff1468)') called at /usr/perl5.26.0p/lib/site_perl/5.26.0/amd64-freebsd/Moose/Meta/Method/Delegation.pm line 54
	Moose::Meta::Method::Delegation::new('Moose::Meta::Method::Delegation', 'name', '(""', 'package_name', 'DBIx::Class::ResultSet::Graph', 'attribute', 'Moose::Meta::Attribute=HASH(0x47bb1a50)', 'delegate_to_method', '(""', 'curried_arguments', 'ARRAY(0x452d4c78)') called at /usr/perl5.26.0p/lib/site_perl/5.26.0/amd64-freebsd/Moose/Meta/Attribute.pm line 1301
	Moose::Meta::Attribute::_make_delegation_method('Moose::Meta::Attribute=HASH(0x47bb1a50)', '(""', '(""') called at /usr/perl5.26.0p/lib/site_perl/5.26.0/amd64-freebsd/Moose/Meta/Attribute.pm line 1168
	Moose::Meta::Attribute::install_delegation('Moose::Meta::Attribute=HASH(0x47bb1a50)') called at /usr/perl5.26.0p/lib/site_perl/5.26.0/amd64-freebsd/Moose/Meta/Attribute.pm line 1017
	Moose::Meta::Attribute::install_accessors('Moose::Meta::Attribute=HASH(0x47bb1a50)') called at /usr/perl5.26.0p/lib/site_perl/5.26.0/amd64-freebsd/Class/MOP/Class.pm line 899
	Class::MOP::Class::try {...}  at /usr/perl5.26.0p/lib/site_perl/5.26.0/Try/Tiny.pm line 103
	eval {...} at /usr/perl5.26.0p/lib/site_perl/5.26.0/Try/Tiny.pm line 94
	Try::Tiny::try('CODE(0x48dc3e88)', 'Try::Tiny::Catch=REF(0x47bb4030)') called at /usr/perl5.26.0p/lib/site_perl/5.26.0/amd64-freebsd/Class/MOP/Class.pm line 904
	Class::MOP::Class::_post_add_attribute('Moose::Meta::Class=HASH(0x47b46180)', 'Moose::Meta::Attribute=HASH(0x47bb1a50)') called at /usr/perl5.26.0p/lib/site_perl/5.26.0/amd64-freebsd/Class/MOP/Mixin/HasAttributes.pm line 39
	Class::MOP::Mixin::HasAttributes::add_attribute('Moose::Meta::Class=HASH(0x47b46180)', 'Moose::Meta::Attribute=HASH(0x47bb1a50)') called at /usr/perl5.26.0p/lib/site_perl/5.26.0/amd64-freebsd/Moose/Meta/Class.pm line 583
	Moose::Meta::Class::add_attribute('Moose::Meta::Class=HASH(0x47b46180)', 'Moose::Meta::Attribute=HASH(0x47bb1a50)') called at /usr/perl5.26.0p/lib/site_perl/5.26.0/amd64-freebsd/Moose/Meta/Role/Application/ToClass.pm line 126
	Moose::Meta::Role::Application::ToClass::apply_attributes('Moose::Meta::Role::Application::ToClass=HASH(0x47b9c0d8)', 'Moose::Meta::Role=HASH(0x48dfb270)', 'Moose::Meta::Class=HASH(0x47b46180)') called at /usr/perl5.26.0p/lib/site_perl/5.26.0/amd64-freebsd/Moose/Meta/Role/Application.pm line 59
	Moose::Meta::Role::Application::apply('Moose::Meta::Role::Application::ToClass=HASH(0x47b9c0d8)', 'Moose::Meta::Role=HASH(0x48dfb270)', 'Moose::Meta::Class=HASH(0x47b46180)') called at /usr/perl5.26.0p/lib/site_perl/5.26.0/amd64-freebsd/Moose/Meta/Role/Application/ToClass.pm line 31
	Moose::Meta::Role::Application::ToClass::apply('Moose::Meta::Role::Application::ToClass=HASH(0x47b9c0d8)', 'Moose::Meta::Role=HASH(0x48dfb270)', 'Moose::Meta::Class=HASH(0x47b46180)', 'HASH(0x459ba8a0)') called at /usr/perl5.26.0p/lib/site_perl/5.26.0/amd64-freebsd/Moose/Meta/Role.pm line 472
	Moose::Meta::Role::apply('Moose::Meta::Role=HASH(0x48dfb270)', 'Moose::Meta::Class=HASH(0x47b46180)') called at /usr/perl5.26.0p/lib/site_perl/5.26.0/amd64-freebsd/Moose/Util.pm line 172
	Moose::Util::_apply_all_roles('Moose::Meta::Class=HASH(0x47b46180)', undef, 'DBIx::Class::Graph::Role::ResultSet') called at /usr/perl5.26.0p/lib/site_perl/5.26.0/amd64-freebsd/Moose/Util.pm line 114
	Moose::Util::apply_all_roles('Moose::Meta::Class=HASH(0x47b46180)', 'DBIx::Class::Graph::Role::ResultSet') called at /usr/perl5.26.0p/lib/site_perl/5.26.0/amd64-freebsd/Moose.pm line 57
	Moose::with('Moose::Meta::Class=HASH(0x47b46180)', 'DBIx::Class::Graph::Role::ResultSet') called at /usr/perl5.26.0p/lib/site_perl/5.26.0/amd64-freebsd/Moose/Exporter.pm line 419
	Moose::with('DBIx::Class::Graph::Role::ResultSet') called at /home/cpansand/.cpan/build/2017070121/DBIx-Class-Graph-1.05-1/blib/lib/DBIx/Class/ResultSet/Graph.pm line 19
	require DBIx/Class/ResultSet/Graph.pm at /usr/perl5.26.0p/lib/site_perl/5.26.0/Class/C3/Componentised.pm line 150
	eval {...} at /usr/perl5.26.0p/lib/site_perl/5.26.0/Class/C3/Componentised.pm line 150
	Class::C3::Componentised::ensure_class_loaded('DBIx::Class::ResultSource::Table=HASH(0x420da3c0)', 'DBIx::Class::ResultSet::Graph') called at /usr/perl5.26.0p/lib/site_perl/5.26.0/DBIx/Class/AccessorGroup.pm line 19
	DBIx::Class::AccessorGroup::get_component_class('DBIx::Class::ResultSource::Table=HASH(0x420da3c0)', 'resultset_class') called at (eval 192) line 2
	DBIx::Class::ResultSource::resultset_class('DBIx::Class::ResultSource::Table=HASH(0x420da3c0)') called at /usr/perl5.26.0p/lib/site_perl/5.26.0/DBIx/Class/ResultSource.pm line 1135
	DBIx::Class::ResultSource::resultset('DBIx::Class::ResultSource::Table=HASH(0x420da3c0)') called at /usr/perl5.26.0p/lib/site_perl/5.26.0/DBIx/Class/Schema.pm line 547
	DBIx::Class::Schema::resultset('TestLib::Schema=HASH(0x420b55d0)', 'Simple') called at /usr/perl5.26.0p/lib/site_perl/5.26.0/DBIx/Class/Schema.pm line 769
	DBIx::Class::Schema::populate('TestLib::Schema=HASH(0x420b55d0)', 'Simple', 'ARRAY(0x47bb49c0)') called at t/lib/TestLib.pm line 20
	TestLib::new('TestLib') called at t/resultset.t line 7
Compilation failed in require at /usr/perl5.26.0p/lib/site_perl/5.26.0/Class/C3/Componentised.pm line 150. at /usr/perl5.26.0p/lib/site_perl/5.26.0/Class/C3/Componentised.pm line 155
t/resultset.t ................. 
Dubious, test returned 255 (wstat 65280, 0xff00)
No subtests run 
{UNKNOWN}: Could not generate inline handles for _graph->("" because : Failed to compile source: syntax error at (eval 757) line 21, near """( "


source:
#line 1 "inline delegation in DBIx::Class::ResultSet::Graph for _graph->("" (attribute declared in /home/cpansand/.cpan/build/2017070121/DBIx-Class-Graph-1.05-1/blib/lib/DBIx/Class/Graph/Role/ResultSet.pm at line 22)"
sub {
    my $self = shift;

    my $proxy = $self->_graph;
    if ( !defined $proxy ) {
        die Module::Runtime::use_module("Moose::Exception::AttributeValueIsNotDefined")->new(method    => $self->meta->find_method_by_name("(\"\""),
instance  => $self,
attribute => $self->meta->find_attribute_by_name("_graph"),
);
    }
    elsif ( ref $proxy && !Scalar::Util::blessed($proxy) ) {
        die Module::Runtime::use_module("Moose::Exception::AttributeValueIsNotAnObject")->new(method      => $self->meta->find_method_by_name("(\"\""),
instance    => $self,
attribute   => $self->meta->find_attribute_by_name("_graph"),
given_value => $proxy,
);
    }
    return $proxy->(""( @_ );
}
 at /usr/perl5.26.0p/lib/site_perl/5.26.0/amd64-freebsd/Class/MOP/Method/Generated.pm line 56.
 at /usr/perl5.26.0p/lib/site_perl/5.26.0/amd64-freebsd/Moose/Meta/Method/Delegation.pm line 154
	Moose::Meta::Method::Delegation::catch {...} ('Failed to compile source: syntax error at (eval 757) line 21, near """( "^J^J^Jsource:^J#line 1 "inline delegation in DBIx::Class::ResultSet::Graph for _graph->("" (attribute declared in /home/cpansand/.cpan/build/2017070121/DBIx-Class-Graph-1.05-1/blib/lib/DBIx/Class/Graph/Role/ResultSet.pm at line 22)"^Jsub {^J    my $self = shift;^J^J    my $proxy = $self->_graph;^J    if ( !defined $proxy ) {^J        die Module::Runtime::use_module("Moose::Exception::AttributeValueIsNotDefined")->new(method    => $self->meta->find_method_by_name("(\"\""),^Jinstance  => $self,^Jattribute => $self->meta->find_attribute_by_name("_graph"),^J);^J    }^J    elsif ( ref $proxy && !Scalar::Util::blessed($proxy) ) {^J        die Module::Runtime::use_module("Moose::Exception::AttributeValueIsNotAnObject")->new(method      => $self->meta->find_method_by_name("(\"\""),^Jinstance    => $self,^Jattribute   => $self->meta->find_attribute_by_name("_graph"),^Jgiven_value => $proxy,^J);^J    }^J    return $proxy->(""( @_ );^J}^J at /usr/perl5.26.0p/lib/site_perl/5.26.0/amd64-freebsd/Class/MOP/Method/Generated.pm line 56.^J') called at /usr/perl5.26.0p/lib/site_perl/5.26.0/Try/Tiny.pm line 124
	Try::Tiny::try('CODE(0x48f87ee8)', 'Try::Tiny::Catch=REF(0x48beeae0)') called at /usr/perl5.26.0p/lib/site_perl/5.26.0/amd64-freebsd/Moose/Meta/Method/Delegation.pm line 160
	Moose::Meta::Method::Delegation::_generate_inline_method('Moose::Meta::Method::Delegation=HASH(0x44ff1468)') called at /usr/perl5.26.0p/lib/site_perl/5.26.0/amd64-freebsd/Moose/Meta/Method/Delegation.pm line 82
	Moose::Meta::Method::Delegation::_initialize_body('Moose::Meta::Method::Delegation=HASH(0x44ff1468)') called at /usr/perl5.26.0p/lib/site_perl/5.26.0/amd64-freebsd/Moose/Meta/Method/Delegation.pm line 54
	Moose::Meta::Method::Delegation::new('Moose::Meta::Method::Delegation', 'name', '(""', 'package_name', 'DBIx::Class::ResultSet::Graph', 'attribute', 'Moose::Meta::Attribute=HASH(0x489b4f60)', 'delegate_to_method', '(""', 'curried_arguments', 'ARRAY(0x452d4c78)') called at /usr/perl5.26.0p/lib/site_perl/5.26.0/amd64-freebsd/Moose/Meta/Attribute.pm line 1301
	Moose::Meta::Attribute::_make_delegation_method('Moose::Meta::Attribute=HASH(0x489b4f60)', '(""', '(""') called at /usr/perl5.26.0p/lib/site_perl/5.26.0/amd64-freebsd/Moose/Meta/Attribute.pm line 1168
	Moose::Meta::Attribute::install_delegation('Moose::Meta::Attribute=HASH(0x489b4f60)') called at /usr/perl5.26.0p/lib/site_perl/5.26.0/amd64-freebsd/Moose/Meta/Attribute.pm line 1017
	Moose::Meta::Attribute::install_accessors('Moose::Meta::Attribute=HASH(0x489b4f60)') called at /usr/perl5.26.0p/lib/site_perl/5.26.0/amd64-freebsd/Class/MOP/Class.pm line 899
	Class::MOP::Class::try {...}  at /usr/perl5.26.0p/lib/site_perl/5.26.0/Try/Tiny.pm line 103
	eval {...} at /usr/perl5.26.0p/lib/site_perl/5.26.0/Try/Tiny.pm line 94
	Try::Tiny::try('CODE(0x489b4390)', 'Try::Tiny::Catch=REF(0x47bc81e0)') called at /usr/perl5.26.0p/lib/site_perl/5.26.0/amd64-freebsd/Class/MOP/Class.pm line 904
	Class::MOP::Class::_post_add_attribute('Moose::Meta::Class=HASH(0x479e0300)', 'Moose::Meta::Attribute=HASH(0x489b4f60)') called at /usr/perl5.26.0p/lib/site_perl/5.26.0/amd64-freebsd/Class/MOP/Mixin/HasAttributes.pm line 39
	Class::MOP::Mixin::HasAttributes::add_attribute('Moose::Meta::Class=HASH(0x479e0300)', 'Moose::Meta::Attribute=HASH(0x489b4f60)') called at /usr/perl5.26.0p/lib/site_perl/5.26.0/amd64-freebsd/Moose/Meta/Class.pm line 583
	Moose::Meta::Class::add_attribute('Moose::Meta::Class=HASH(0x479e0300)', 'Moose::Meta::Attribute=HASH(0x489b4f60)') called at /usr/perl5.26.0p/lib/site_perl/5.26.0/amd64-freebsd/Moose/Meta/Role/Application/ToClass.pm line 126
	Moose::Meta::Role::Application::ToClass::apply_attributes('Moose::Meta::Role::Application::ToClass=HASH(0x47ba35a0)', 'Moose::Meta::Role=HASH(0x48dfa780)', 'Moose::Meta::Class=HASH(0x479e0300)') called at /usr/perl5.26.0p/lib/site_perl/5.26.0/amd64-freebsd/Moose/Meta/Role/Application.pm line 59
	Moose::Meta::Role::Application::apply('Moose::Meta::Role::Application::ToClass=HASH(0x47ba35a0)', 'Moose::Meta::Role=HASH(0x48dfa780)', 'Moose::Meta::Class=HASH(0x479e0300)') called at /usr/perl5.26.0p/lib/site_perl/5.26.0/amd64-freebsd/Moose/Meta/Role/Application/ToClass.pm line 31
	Moose::Meta::Role::Application::ToClass::apply('Moose::Meta::Role::Application::ToClass=HASH(0x47ba35a0)', 'Moose::Meta::Role=HASH(0x48dfa780)', 'Moose::Meta::Class=HASH(0x479e0300)', 'HASH(0x459ba9f0)') called at /usr/perl5.26.0p/lib/site_perl/5.26.0/amd64-freebsd/Moose/Meta/Role.pm line 472
	Moose::Meta::Role::apply('Moose::Meta::Role=HASH(0x48dfa780)', 'Moose::Meta::Class=HASH(0x479e0300)') called at /usr/perl5.26.0p/lib/site_perl/5.26.0/amd64-freebsd/Moose/Util.pm line 172
	Moose::Util::_apply_all_roles('Moose::Meta::Class=HASH(0x479e0300)', undef, 'DBIx::Class::Graph::Role::ResultSet') called at /usr/perl5.26.0p/lib/site_perl/5.26.0/amd64-freebsd/Moose/Util.pm line 114
	Moose::Util::apply_all_roles('Moose::Meta::Class=HASH(0x479e0300)', 'DBIx::Class::Graph::Role::ResultSet') called at /usr/perl5.26.0p/lib/site_perl/5.26.0/amd64-freebsd/Moose.pm line 57
	Moose::with('Moose::Meta::Class=HASH(0x479e0300)', 'DBIx::Class::Graph::Role::ResultSet') called at /usr/perl5.26.0p/lib/site_perl/5.26.0/amd64-freebsd/Moose/Exporter.pm line 419
	Moose::with('DBIx::Class::Graph::Role::ResultSet') called at /home/cpansand/.cpan/build/2017070121/DBIx-Class-Graph-1.05-1/blib/lib/DBIx/Class/ResultSet/Graph.pm line 19
	require DBIx/Class/ResultSet/Graph.pm at /usr/perl5.26.0p/lib/site_perl/5.26.0/Class/C3/Componentised.pm line 150
	eval {...} at /usr/perl5.26.0p/lib/site_perl/5.26.0/Class/C3/Componentised.pm line 150
	Class::C3::Componentised::ensure_class_loaded('DBIx::Class::ResultSource::Table=HASH(0x420e48d0)', 'DBIx::Class::ResultSet::Graph') called at /usr/perl5.26.0p/lib/site_perl/5.26.0/DBIx/Class/AccessorGroup.pm line 19
	DBIx::Class::AccessorGroup::get_component_class('DBIx::Class::ResultSource::Table=HASH(0x420e48d0)', 'resultset_class') called at (eval 192) line 2
	DBIx::Class::ResultSource::resultset_class('DBIx::Class::ResultSource::Table=HASH(0x420e48d0)') called at /usr/perl5.26.0p/lib/site_perl/5.26.0/DBIx/Class/ResultSource.pm line 1135
	DBIx::Class::ResultSource::resultset('DBIx::Class::ResultSource::Table=HASH(0x420e48d0)') called at /usr/perl5.26.0p/lib/site_perl/5.26.0/DBIx/Class/Schema.pm line 547
	DBIx::Class::Schema::resultset('TestLib::Schema=HASH(0x420b55d0)', 'Simple') called at /usr/perl5.26.0p/lib/site_perl/5.26.0/DBIx/Class/Schema.pm line 769
	DBIx::Class::Schema::populate('TestLib::Schema=HASH(0x420b55d0)', 'Simple', 'ARRAY(0x4600c738)') called at t/lib/TestLib.pm line 20
	TestLib::new('TestLib') called at t/simple01.t line 7
Compilation failed in require at /usr/perl5.26.0p/lib/site_perl/5.26.0/Class/C3/Componentised.pm line 150. at /usr/perl5.26.0p/lib/site_perl/5.26.0/Class/C3/Componentised.pm line 155
t/simple01.t .................. 
Dubious, test returned 255 (wstat 65280, 0xff00)
No subtests run 
{UNKNOWN}: Could not generate inline handles for _graph->("" because : Failed to compile source: syntax error at (eval 758) line 21, near """( "


source:
#line 1 "inline delegation in DBIx::Class::ResultSet::Graph for _graph->("" (attribute declared in lib/DBIx/Class/Graph/Role/ResultSet.pm at line 22)"
sub {
    my $self = shift;

    my $proxy = $self->_graph;
    if ( !defined $proxy ) {
        die Module::Runtime::use_module("Moose::Exception::AttributeValueIsNotDefined")->new(method    => $self->meta->find_method_by_name("(\"\""),
instance  => $self,
attribute => $self->meta->find_attribute_by_name("_graph"),
);
    }
    elsif ( ref $proxy && !Scalar::Util::blessed($proxy) ) {
        die Module::Runtime::use_module("Moose::Exception::AttributeValueIsNotAnObject")->new(method      => $self->meta->find_method_by_name("(\"\""),
instance    => $self,
attribute   => $self->meta->find_attribute_by_name("_graph"),
given_value => $proxy,
);
    }
    return $proxy->(""( @_ );
}
 at /usr/perl5.26.0p/lib/site_perl/5.26.0/amd64-freebsd/Class/MOP/Method/Generated.pm line 56.
 at /usr/perl5.26.0p/lib/site_perl/5.26.0/amd64-freebsd/Moose/Meta/Method/Delegation.pm line 154
	Moose::Meta::Method::Delegation::catch {...} ('Failed to compile source: syntax error at (eval 758) line 21, near """( "^J^J^Jsource:^J#line 1 "inline delegation in DBIx::Class::ResultSet::Graph for _graph->("" (attribute declared in lib/DBIx/Class/Graph/Role/ResultSet.pm at line 22)"^Jsub {^J    my $self = shift;^J^J    my $proxy = $self->_graph;^J    if ( !defined $proxy ) {^J        die Module::Runtime::use_module("Moose::Exception::AttributeValueIsNotDefined")->new(method    => $self->meta->find_method_by_name("(\"\""),^Jinstance  => $self,^Jattribute => $self->meta->find_attribute_by_name("_graph"),^J);^J    }^J    elsif ( ref $proxy && !Scalar::Util::blessed($proxy) ) {^J        die Module::Runtime::use_module("Moose::Exception::AttributeValueIsNotAnObject")->new(method      => $self->meta->find_method_by_name("(\"\""),^Jinstance    => $self,^Jattribute   => $self->meta->find_attribute_by_name("_graph"),^Jgiven_value => $proxy,^J);^J    }^J    return $proxy->(""( @_ );^J}^J at /usr/perl5.26.0p/lib/site_perl/5.26.0/amd64-freebsd/Class/MOP/Method/Generated.pm line 56.^J') called at /usr/perl5.26.0p/lib/site_perl/5.26.0/Try/Tiny.pm line 124
	Try::Tiny::try('CODE(0x48f88b40)', 'Try::Tiny::Catch=REF(0x48beddb0)') called at /usr/perl5.26.0p/lib/site_perl/5.26.0/amd64-freebsd/Moose/Meta/Method/Delegation.pm line 160
	Moose::Meta::Method::Delegation::_generate_inline_method('Moose::Meta::Method::Delegation=HASH(0x44ff2690)') called at /usr/perl5.26.0p/lib/site_perl/5.26.0/amd64-freebsd/Moose/Meta/Method/Delegation.pm line 82
	Moose::Meta::Method::Delegation::_initialize_body('Moose::Meta::Method::Delegation=HASH(0x44ff2690)') called at /usr/perl5.26.0p/lib/site_perl/5.26.0/amd64-freebsd/Moose/Meta/Method/Delegation.pm line 54
	Moose::Meta::Method::Delegation::new('Moose::Meta::Method::Delegation', 'name', '(""', 'package_name', 'DBIx::Class::ResultSet::Graph', 'attribute', 'Moose::Meta::Attribute=HASH(0x48bed240)', 'delegate_to_method', '(""', 'curried_arguments', 'ARRAY(0x452cce58)') called at /usr/perl5.26.0p/lib/site_perl/5.26.0/amd64-freebsd/Moose/Meta/Attribute.pm line 1301
	Moose::Meta::Attribute::_make_delegation_method('Moose::Meta::Attribute=HASH(0x48bed240)', '(""', '(""') called at /usr/perl5.26.0p/lib/site_perl/5.26.0/amd64-freebsd/Moose/Meta/Attribute.pm line 1168
	Moose::Meta::Attribute::install_delegation('Moose::Meta::Attribute=HASH(0x48bed240)') called at /usr/perl5.26.0p/lib/site_perl/5.26.0/amd64-freebsd/Moose/Meta/Attribute.pm line 1017
	Moose::Meta::Attribute::install_accessors('Moose::Meta::Attribute=HASH(0x48bed240)') called at /usr/perl5.26.0p/lib/site_perl/5.26.0/amd64-freebsd/Class/MOP/Class.pm line 899
	Class::MOP::Class::try {...}  at /usr/perl5.26.0p/lib/site_perl/5.26.0/Try/Tiny.pm line 103
	eval {...} at /usr/perl5.26.0p/lib/site_perl/5.26.0/Try/Tiny.pm line 94
	Try::Tiny::try('CODE(0x48ddf1e0)', 'Try::Tiny::Catch=REF(0x48ddfe70)') called at /usr/perl5.26.0p/lib/site_perl/5.26.0/amd64-freebsd/Class/MOP/Class.pm line 904
	Class::MOP::Class::_post_add_attribute('Moose::Meta::Class=HASH(0x479fc780)', 'Moose::Meta::Attribute=HASH(0x48bed240)') called at /usr/perl5.26.0p/lib/site_perl/5.26.0/amd64-freebsd/Class/MOP/Mixin/HasAttributes.pm line 39
	Class::MOP::Mixin::HasAttributes::add_attribute('Moose::Meta::Class=HASH(0x479fc780)', 'Moose::Meta::Attribute=HASH(0x48bed240)') called at /usr/perl5.26.0p/lib/site_perl/5.26.0/amd64-freebsd/Moose/Meta/Class.pm line 583
	Moose::Meta::Class::add_attribute('Moose::Meta::Class=HASH(0x479fc780)', 'Moose::Meta::Attribute=HASH(0x48bed240)') called at /usr/perl5.26.0p/lib/site_perl/5.26.0/amd64-freebsd/Moose/Meta/Role/Application/ToClass.pm line 126
	Moose::Meta::Role::Application::ToClass::apply_attributes('Moose::Meta::Role::Application::ToClass=HASH(0x48effab0)', 'Moose::Meta::Role=HASH(0x48df8780)', 'Moose::Meta::Class=HASH(0x479fc780)') called at /usr/perl5.26.0p/lib/site_perl/5.26.0/amd64-freebsd/Moose/Meta/Role/Application.pm line 59
	Moose::Meta::Role::Application::apply('Moose::Meta::Role::Application::ToClass=HASH(0x48effab0)', 'Moose::Meta::Role=HASH(0x48df8780)', 'Moose::Meta::Class=HASH(0x479fc780)') called at /usr/perl5.26.0p/lib/site_perl/5.26.0/amd64-freebsd/Moose/Meta/Role/Application/ToClass.pm line 31
	Moose::Meta::Role::Application::ToClass::apply('Moose::Meta::Role::Application::ToClass=HASH(0x48effab0)', 'Moose::Meta::Role=HASH(0x48df8780)', 'Moose::Meta::Class=HASH(0x479fc780)', 'HASH(0x459b9918)') called at /usr/perl5.26.0p/lib/site_perl/5.26.0/amd64-freebsd/Moose/Meta/Role.pm line 472
	Moose::Meta::Role::apply('Moose::Meta::Role=HASH(0x48df8780)', 'Moose::Meta::Class=HASH(0x479fc780)') called at /usr/perl5.26.0p/lib/site_perl/5.26.0/amd64-freebsd/Moose/Util.pm line 172
	Moose::Util::_apply_all_roles('Moose::Meta::Class=HASH(0x479fc780)', undef, 'DBIx::Class::Graph::Role::ResultSet') called at /usr/perl5.26.0p/lib/site_perl/5.26.0/amd64-freebsd/Moose/Util.pm line 114
	Moose::Util::apply_all_roles('Moose::Meta::Class=HASH(0x479fc780)', 'DBIx::Class::Graph::Role::ResultSet') called at /usr/perl5.26.0p/lib/site_perl/5.26.0/amd64-freebsd/Moose.pm line 57
	Moose::with('Moose::Meta::Class=HASH(0x479fc780)', 'DBIx::Class::Graph::Role::ResultSet') called at /usr/perl5.26.0p/lib/site_perl/5.26.0/amd64-freebsd/Moose/Exporter.pm line 419
	Moose::with('DBIx::Class::Graph::Role::ResultSet') called at lib/DBIx/Class/ResultSet/Graph.pm line 19
	require DBIx/Class/ResultSet/Graph.pm at /usr/perl5.26.0p/lib/site_perl/5.26.0/Class/C3/Componentised.pm line 150
	eval {...} at /usr/perl5.26.0p/lib/site_perl/5.26.0/Class/C3/Componentised.pm line 150
	Class::C3::Componentised::ensure_class_loaded('DBIx::Class::ResultSource::Table=HASH(0x420db6c0)', 'DBIx::Class::ResultSet::Graph') called at /usr/perl5.26.0p/lib/site_perl/5.26.0/DBIx/Class/AccessorGroup.pm line 19
	DBIx::Class::AccessorGroup::get_component_class('DBIx::Class::ResultSource::Table=HASH(0x420db6c0)', 'resultset_class') called at (eval 192) line 2
	DBIx::Class::ResultSource::resultset_class('DBIx::Class::ResultSource::Table=HASH(0x420db6c0)') called at /usr/perl5.26.0p/lib/site_perl/5.26.0/DBIx/Class/ResultSource.pm line 1135
	DBIx::Class::ResultSource::resultset('DBIx::Class::ResultSource::Table=HASH(0x420db6c0)') called at /usr/perl5.26.0p/lib/site_perl/5.26.0/DBIx/Class/Schema.pm line 547
	DBIx::Class::Schema::resultset('TestLib::Schema=HASH(0x420b55d0)', 'Simple') called at /usr/perl5.26.0p/lib/site_perl/5.26.0/DBIx/Class/Schema.pm line 769
	DBIx::Class::Schema::populate('TestLib::Schema=HASH(0x420b55d0)', 'Simple', 'ARRAY(0x479f1af8)') called at t/lib/TestLib.pm line 20
	TestLib::new('TestLib') called at t/simple02.t line 7
Compilation failed in require at /usr/perl5.26.0p/lib/site_perl/5.26.0/Class/C3/Componentised.pm line 150. at /usr/perl5.26.0p/lib/site_perl/5.26.0/Class/C3/Componentised.pm line 155
t/simple02.t .................. 
Dubious, test returned 255 (wstat 65280, 0xff00)
No subtests run 
{UNKNOWN}: Could not generate inline handles for _graph->("" because : Failed to compile source: syntax error at (eval 758) line 21, near """( "


source:
#line 1 "inline delegation in DBIx::Class::ResultSet::Graph for _graph->("" (attribute declared in /home/cpansand/.cpan/build/2017070121/DBIx-Class-Graph-1.05-1/blib/lib/DBIx/Class/Graph/Role/ResultSet.pm at line 22)"
sub {
    my $self = shift;

    my $proxy = $self->_graph;
    if ( !defined $proxy ) {
        die Module::Runtime::use_module("Moose::Exception::AttributeValueIsNotDefined")->new(method    => $self->meta->find_method_by_name("(\"\""),
instance  => $self,
attribute => $self->meta->find_attribute_by_name("_graph"),
);
    }
    elsif ( ref $proxy && !Scalar::Util::blessed($proxy) ) {
        die Module::Runtime::use_module("Moose::Exception::AttributeValueIsNotAnObject")->new(method      => $self->meta->find_method_by_name("(\"\""),
instance    => $self,
attribute   => $self->meta->find_attribute_by_name("_graph"),
given_value => $proxy,
);
    }
    return $proxy->(""( @_ );
}
 at /usr/perl5.26.0p/lib/site_perl/5.26.0/amd64-freebsd/Class/MOP/Method/Generated.pm line 56.
 at /usr/perl5.26.0p/lib/site_perl/5.26.0/amd64-freebsd/Moose/Meta/Method/Delegation.pm line 154
	Moose::Meta::Method::Delegation::catch {...} ('Failed to compile source: syntax error at (eval 758) line 21, near """( "^J^J^Jsource:^J#line 1 "inline delegation in DBIx::Class::ResultSet::Graph for _graph->("" (attribute declared in /home/cpansand/.cpan/build/2017070121/DBIx-Class-Graph-1.05-1/blib/lib/DBIx/Class/Graph/Role/ResultSet.pm at line 22)"^Jsub {^J    my $self = shift;^J^J    my $proxy = $self->_graph;^J    if ( !defined $proxy ) {^J        die Module::Runtime::use_module("Moose::Exception::AttributeValueIsNotDefined")->new(method    => $self->meta->find_method_by_name("(\"\""),^Jinstance  => $self,^Jattribute => $self->meta->find_attribute_by_name("_graph"),^J);^J    }^J    elsif ( ref $proxy && !Scalar::Util::blessed($proxy) ) {^J        die Module::Runtime::use_module("Moose::Exception::AttributeValueIsNotAnObject")->new(method      => $self->meta->find_method_by_name("(\"\""),^Jinstance    => $self,^Jattribute   => $self->meta->find_attribute_by_name("_graph"),^Jgiven_value => $proxy,^J);^J    }^J    return $proxy->(""( @_ );^J}^J at /usr/perl5.26.0p/lib/site_perl/5.26.0/amd64-freebsd/Class/MOP/Method/Generated.pm line 56.^J') called at /usr/perl5.26.0p/lib/site_perl/5.26.0/Try/Tiny.pm line 124
	Try::Tiny::try('CODE(0x48f8ee88)', 'Try::Tiny::Catch=REF(0x48b94078)') called at /usr/perl5.26.0p/lib/site_perl/5.26.0/amd64-freebsd/Moose/Meta/Method/Delegation.pm line 160
	Moose::Meta::Method::Delegation::_generate_inline_method('Moose::Meta::Method::Delegation=HASH(0x44ff1468)') called at /usr/perl5.26.0p/lib/site_perl/5.26.0/amd64-freebsd/Moose/Meta/Method/Delegation.pm line 82
	Moose::Meta::Method::Delegation::_initialize_body('Moose::Meta::Method::Delegation=HASH(0x44ff1468)') called at /usr/perl5.26.0p/lib/site_perl/5.26.0/amd64-freebsd/Moose/Meta/Method/Delegation.pm line 54
	Moose::Meta::Method::Delegation::new('Moose::Meta::Method::Delegation', 'name', '(""', 'package_name', 'DBIx::Class::ResultSet::Graph', 'attribute', 'Moose::Meta::Attribute=HASH(0x47bfc4e0)', 'delegate_to_method', '(""', 'curried_arguments', 'ARRAY(0x452d4c78)') called at /usr/perl5.26.0p/lib/site_perl/5.26.0/amd64-freebsd/Moose/Meta/Attribute.pm line 1301
	Moose::Meta::Attribute::_make_delegation_method('Moose::Meta::Attribute=HASH(0x47bfc4e0)', '(""', '(""') called at /usr/perl5.26.0p/lib/site_perl/5.26.0/amd64-freebsd/Moose/Meta/Attribute.pm line 1168
	Moose::Meta::Attribute::install_delegation('Moose::Meta::Attribute=HASH(0x47bfc4e0)') called at /usr/perl5.26.0p/lib/site_perl/5.26.0/amd64-freebsd/Moose/Meta/Attribute.pm line 1017
	Moose::Meta::Attribute::install_accessors('Moose::Meta::Attribute=HASH(0x47bfc4e0)') called at /usr/perl5.26.0p/lib/site_perl/5.26.0/amd64-freebsd/Class/MOP/Class.pm line 899
	Class::MOP::Class::try {...}  at /usr/perl5.26.0p/lib/site_perl/5.26.0/Try/Tiny.pm line 103
	eval {...} at /usr/perl5.26.0p/lib/site_perl/5.26.0/Try/Tiny.pm line 94
	Try::Tiny::try('CODE(0x48c67480)', 'Try::Tiny::Catch=REF(0x47bfc138)') called at /usr/perl5.26.0p/lib/site_perl/5.26.0/amd64-freebsd/Class/MOP/Class.pm line 904
	Class::MOP::Class::_post_add_attribute('Moose::Meta::Class=HASH(0x47b789d8)', 'Moose::Meta::Attribute=HASH(0x47bfc4e0)') called at /usr/perl5.26.0p/lib/site_perl/5.26.0/amd64-freebsd/Class/MOP/Mixin/HasAttributes.pm line 39
	Class::MOP::Mixin::HasAttributes::add_attribute('Moose::Meta::Class=HASH(0x47b789d8)', 'Moose::Meta::Attribute=HASH(0x47bfc4e0)') called at /usr/perl5.26.0p/lib/site_perl/5.26.0/amd64-freebsd/Moose/Meta/Class.pm line 583
	Moose::Meta::Class::add_attribute('Moose::Meta::Class=HASH(0x47b789d8)', 'Moose::Meta::Attribute=HASH(0x47bfc4e0)') called at /usr/perl5.26.0p/lib/site_perl/5.26.0/amd64-freebsd/Moose/Meta/Role/Application/ToClass.pm line 126
	Moose::Meta::Role::Application::ToClass::apply_attributes('Moose::Meta::Role::Application::ToClass=HASH(0x47b73f30)', 'Moose::Meta::Role=HASH(0x48dfe840)', 'Moose::Meta::Class=HASH(0x47b789d8)') called at /usr/perl5.26.0p/lib/site_perl/5.26.0/amd64-freebsd/Moose/Meta/Role/Application.pm line 59
	Moose::Meta::Role::Application::apply('Moose::Meta::Role::Application::ToClass=HASH(0x47b73f30)', 'Moose::Meta::Role=HASH(0x48dfe840)', 'Moose::Meta::Class=HASH(0x47b789d8)') called at /usr/perl5.26.0p/lib/site_perl/5.26.0/amd64-freebsd/Moose/Meta/Role/Application/ToClass.pm line 31
	Moose::Meta::Role::Application::ToClass::apply('Moose::Meta::Role::Application::ToClass=HASH(0x47b73f30)', 'Moose::Meta::Role=HASH(0x48dfe840)', 'Moose::Meta::Class=HASH(0x47b789d8)', 'HASH(0x459baa80)') called at /usr/perl5.26.0p/lib/site_perl/5.26.0/amd64-freebsd/Moose/Meta/Role.pm line 472
	Moose::Meta::Role::apply('Moose::Meta::Role=HASH(0x48dfe840)', 'Moose::Meta::Class=HASH(0x47b789d8)') called at /usr/perl5.26.0p/lib/site_perl/5.26.0/amd64-freebsd/Moose/Util.pm line 172
	Moose::Util::_apply_all_roles('Moose::Meta::Class=HASH(0x47b789d8)', undef, 'DBIx::Class::Graph::Role::ResultSet') called at /usr/perl5.26.0p/lib/site_perl/5.26.0/amd64-freebsd/Moose/Util.pm line 114
	Moose::Util::apply_all_roles('Moose::Meta::Class=HASH(0x47b789d8)', 'DBIx::Class::Graph::Role::ResultSet') called at /usr/perl5.26.0p/lib/site_perl/5.26.0/amd64-freebsd/Moose.pm line 57
	Moose::with('Moose::Meta::Class=HASH(0x47b789d8)', 'DBIx::Class::Graph::Role::ResultSet') called at /usr/perl5.26.0p/lib/site_perl/5.26.0/amd64-freebsd/Moose/Exporter.pm line 419
	Moose::with('DBIx::Class::Graph::Role::ResultSet') called at /home/cpansand/.cpan/build/2017070121/DBIx-Class-Graph-1.05-1/blib/lib/DBIx/Class/ResultSet/Graph.pm line 19
	require DBIx/Class/ResultSet/Graph.pm at /usr/perl5.26.0p/lib/site_perl/5.26.0/Class/C3/Componentised.pm line 150
	eval {...} at /usr/perl5.26.0p/lib/site_perl/5.26.0/Class/C3/Componentised.pm line 150
	Class::C3::Componentised::ensure_class_loaded('DBIx::Class::ResultSource::Table=HASH(0x420e44e0)', 'DBIx::Class::ResultSet::Graph') called at /usr/perl5.26.0p/lib/site_perl/5.26.0/DBIx/Class/AccessorGroup.pm line 19
	DBIx::Class::AccessorGroup::get_component_class('DBIx::Class::ResultSource::Table=HASH(0x420e44e0)', 'resultset_class') called at (eval 192) line 2
	DBIx::Class::ResultSource::resultset_class('DBIx::Class::ResultSource::Table=HASH(0x420e44e0)') called at /usr/perl5.26.0p/lib/site_perl/5.26.0/DBIx/Class/ResultSource.pm line 1135
	DBIx::Class::ResultSource::resultset('DBIx::Class::ResultSource::Table=HASH(0x420e44e0)') called at /usr/perl5.26.0p/lib/site_perl/5.26.0/DBIx/Class/Schema.pm line 547
	DBIx::Class::Schema::resultset('TestLib::Schema=HASH(0x420b55d0)', 'Simple') called at /usr/perl5.26.0p/lib/site_perl/5.26.0/DBIx/Class/Schema.pm line 769
	DBIx::Class::Schema::populate('TestLib::Schema=HASH(0x420b55d0)', 'Simple', 'ARRAY(0x479e5018)') called at t/lib/TestLib.pm line 20
	TestLib::new('TestLib') called at t/simplesucc.t line 7
Compilation failed in require at /usr/perl5.26.0p/lib/site_perl/5.26.0/Class/C3/Componentised.pm line 150. at /usr/perl5.26.0p/lib/site_perl/5.26.0/Class/C3/Componentised.pm line 155
t/simplesucc.t ................ 
Dubious, test returned 255 (wstat 65280, 0xff00)
No subtests run 
{UNKNOWN}: Could not generate inline handles for _graph->("" because : Failed to compile source: syntax error at (eval 758) line 21, near """( "


source:
#line 1 "inline delegation in DBIx::Class::ResultSet::Graph for _graph->("" (attribute declared in /home/cpansand/.cpan/build/2017070121/DBIx-Class-Graph-1.05-1/blib/lib/DBIx/Class/Graph/Role/ResultSet.pm at line 22)"
sub {
    my $self = shift;

    my $proxy = $self->_graph;
    if ( !defined $proxy ) {
        die Module::Runtime::use_module("Moose::Exception::AttributeValueIsNotDefined")->new(method    => $self->meta->find_method_by_name("(\"\""),
instance  => $self,
attribute => $self->meta->find_attribute_by_name("_graph"),
);
    }
    elsif ( ref $proxy && !Scalar::Util::blessed($proxy) ) {
        die Module::Runtime::use_module("Moose::Exception::AttributeValueIsNotAnObject")->new(method      => $self->meta->find_method_by_name("(\"\""),
instance    => $self,
attribute   => $self->meta->find_attribute_by_name("_graph"),
given_value => $proxy,
);
    }
    return $proxy->(""( @_ );
}
 at /usr/perl5.26.0p/lib/site_perl/5.26.0/amd64-freebsd/Class/MOP/Method/Generated.pm line 56.
 at /usr/perl5.26.0p/lib/site_perl/5.26.0/amd64-freebsd/Moose/Meta/Method/Delegation.pm line 154
	Moose::Meta::Method::Delegation::catch {...} ('Failed to compile source: syntax error at (eval 758) line 21, near """( "^J^J^Jsource:^J#line 1 "inline delegation in DBIx::Class::ResultSet::Graph for _graph->("" (attribute declared in /home/cpansand/.cpan/build/2017070121/DBIx-Class-Graph-1.05-1/blib/lib/DBIx/Class/Graph/Role/ResultSet.pm at line 22)"^Jsub {^J    my $self = shift;^J^J    my $proxy = $self->_graph;^J    if ( !defined $proxy ) {^J        die Module::Runtime::use_module("Moose::Exception::AttributeValueIsNotDefined")->new(method    => $self->meta->find_method_by_name("(\"\""),^Jinstance  => $self,^Jattribute => $self->meta->find_attribute_by_name("_graph"),^J);^J    }^J    elsif ( ref $proxy && !Scalar::Util::blessed($proxy) ) {^J        die Module::Runtime::use_module("Moose::Exception::AttributeValueIsNotAnObject")->new(method      => $self->meta->find_method_by_name("(\"\""),^Jinstance    => $self,^Jattribute   => $self->meta->find_attribute_by_name("_graph"),^Jgiven_value => $proxy,^J);^J    }^J    return $proxy->(""( @_ );^J}^J at /usr/perl5.26.0p/lib/site_perl/5.26.0/amd64-freebsd/Class/MOP/Method/Generated.pm line 56.^J') called at /usr/perl5.26.0p/lib/site_perl/5.26.0/Try/Tiny.pm line 124
	Try::Tiny::try('CODE(0x48f8ec00)', 'Try::Tiny::Catch=REF(0x48bf11b0)') called at /usr/perl5.26.0p/lib/site_perl/5.26.0/amd64-freebsd/Moose/Meta/Method/Delegation.pm line 160
	Moose::Meta::Method::Delegation::_generate_inline_method('Moose::Meta::Method::Delegation=HASH(0x44ff1468)') called at /usr/perl5.26.0p/lib/site_perl/5.26.0/amd64-freebsd/Moose/Meta/Method/Delegation.pm line 82
	Moose::Meta::Method::Delegation::_initialize_body('Moose::Meta::Method::Delegation=HASH(0x44ff1468)') called at /usr/perl5.26.0p/lib/site_perl/5.26.0/amd64-freebsd/Moose/Meta/Method/Delegation.pm line 54
	Moose::Meta::Method::Delegation::new('Moose::Meta::Method::Delegation', 'name', '(""', 'package_name', 'DBIx::Class::ResultSet::Graph', 'attribute', 'Moose::Meta::Attribute=HASH(0x48b93618)', 'delegate_to_method', '(""', 'curried_arguments', 'ARRAY(0x452d4c78)') called at /usr/perl5.26.0p/lib/site_perl/5.26.0/amd64-freebsd/Moose/Meta/Attribute.pm line 1301
	Moose::Meta::Attribute::_make_delegation_method('Moose::Meta::Attribute=HASH(0x48b93618)', '(""', '(""') called at /usr/perl5.26.0p/lib/site_perl/5.26.0/amd64-freebsd/Moose/Meta/Attribute.pm line 1168
	Moose::Meta::Attribute::install_delegation('Moose::Meta::Attribute=HASH(0x48b93618)') called at /usr/perl5.26.0p/lib/site_perl/5.26.0/amd64-freebsd/Moose/Meta/Attribute.pm line 1017
	Moose::Meta::Attribute::install_accessors('Moose::Meta::Attribute=HASH(0x48b93618)') called at /usr/perl5.26.0p/lib/site_perl/5.26.0/amd64-freebsd/Class/MOP/Class.pm line 899
	Class::MOP::Class::try {...}  at /usr/perl5.26.0p/lib/site_perl/5.26.0/Try/Tiny.pm line 103
	eval {...} at /usr/perl5.26.0p/lib/site_perl/5.26.0/Try/Tiny.pm line 94
	Try::Tiny::try('CODE(0x48c65600)', 'Try::Tiny::Catch=REF(0x48b93270)') called at /usr/perl5.26.0p/lib/site_perl/5.26.0/amd64-freebsd/Class/MOP/Class.pm line 904
	Class::MOP::Class::_post_add_attribute('Moose::Meta::Class=HASH(0x47b73de0)', 'Moose::Meta::Attribute=HASH(0x48b93618)') called at /usr/perl5.26.0p/lib/site_perl/5.26.0/amd64-freebsd/Class/MOP/Mixin/HasAttributes.pm line 39
	Class::MOP::Mixin::HasAttributes::add_attribute('Moose::Meta::Class=HASH(0x47b73de0)', 'Moose::Meta::Attribute=HASH(0x48b93618)') called at /usr/perl5.26.0p/lib/site_perl/5.26.0/amd64-freebsd/Moose/Meta/Class.pm line 583
	Moose::Meta::Class::add_attribute('Moose::Meta::Class=HASH(0x47b73de0)', 'Moose::Meta::Attribute=HASH(0x48b93618)') called at /usr/perl5.26.0p/lib/site_perl/5.26.0/amd64-freebsd/Moose/Meta/Role/Application/ToClass.pm line 126
	Moose::Meta::Role::Application::ToClass::apply_attributes('Moose::Meta::Role::Application::ToClass=HASH(0x47b73660)', 'Moose::Meta::Role=HASH(0x48dfe978)', 'Moose::Meta::Class=HASH(0x47b73de0)') called at /usr/perl5.26.0p/lib/site_perl/5.26.0/amd64-freebsd/Moose/Meta/Role/Application.pm line 59
	Moose::Meta::Role::Application::apply('Moose::Meta::Role::Application::ToClass=HASH(0x47b73660)', 'Moose::Meta::Role=HASH(0x48dfe978)', 'Moose::Meta::Class=HASH(0x47b73de0)') called at /usr/perl5.26.0p/lib/site_perl/5.26.0/amd64-freebsd/Moose/Meta/Role/Application/ToClass.pm line 31
	Moose::Meta::Role::Application::ToClass::apply('Moose::Meta::Role::Application::ToClass=HASH(0x47b73660)', 'Moose::Meta::Role=HASH(0x48dfe978)', 'Moose::Meta::Class=HASH(0x47b73de0)', 'HASH(0x459ba960)') called at /usr/perl5.26.0p/lib/site_perl/5.26.0/amd64-freebsd/Moose/Meta/Role.pm line 472
	Moose::Meta::Role::apply('Moose::Meta::Role=HASH(0x48dfe978)', 'Moose::Meta::Class=HASH(0x47b73de0)') called at /usr/perl5.26.0p/lib/site_perl/5.26.0/amd64-freebsd/Moose/Util.pm line 172
	Moose::Util::_apply_all_roles('Moose::Meta::Class=HASH(0x47b73de0)', undef, 'DBIx::Class::Graph::Role::ResultSet') called at /usr/perl5.26.0p/lib/site_perl/5.26.0/amd64-freebsd/Moose/Util.pm line 114
	Moose::Util::apply_all_roles('Moose::Meta::Class=HASH(0x47b73de0)', 'DBIx::Class::Graph::Role::ResultSet') called at /usr/perl5.26.0p/lib/site_perl/5.26.0/amd64-freebsd/Moose.pm line 57
	Moose::with('Moose::Meta::Class=HASH(0x47b73de0)', 'DBIx::Class::Graph::Role::ResultSet') called at /usr/perl5.26.0p/lib/site_perl/5.26.0/amd64-freebsd/Moose/Exporter.pm line 419
	Moose::with('DBIx::Class::Graph::Role::ResultSet') called at /home/cpansand/.cpan/build/2017070121/DBIx-Class-Graph-1.05-1/blib/lib/DBIx/Class/ResultSet/Graph.pm line 19
	require DBIx/Class/ResultSet/Graph.pm at /usr/perl5.26.0p/lib/site_perl/5.26.0/Class/C3/Componentised.pm line 150
	eval {...} at /usr/perl5.26.0p/lib/site_perl/5.26.0/Class/C3/Componentised.pm line 150
	Class::C3::Componentised::ensure_class_loaded('DBIx::Class::ResultSource::Table=HASH(0x420eb888)', 'DBIx::Class::ResultSet::Graph') called at /usr/perl5.26.0p/lib/site_perl/5.26.0/DBIx/Class/AccessorGroup.pm line 19
	DBIx::Class::AccessorGroup::get_component_class('DBIx::Class::ResultSource::Table=HASH(0x420eb888)', 'resultset_class') called at (eval 192) line 2
	DBIx::Class::ResultSource::resultset_class('DBIx::Class::ResultSource::Table=HASH(0x420eb888)') called at /usr/perl5.26.0p/lib/site_perl/5.26.0/DBIx/Class/ResultSource.pm line 1135
	DBIx::Class::ResultSource::resultset('DBIx::Class::ResultSource::Table=HASH(0x420eb888)') called at /usr/perl5.26.0p/lib/site_perl/5.26.0/DBIx/Class/Schema.pm line 547
	DBIx::Class::Schema::resultset('TestLib::Schema=HASH(0x420b55d0)', 'Simple') called at /usr/perl5.26.0p/lib/site_perl/5.26.0/DBIx/Class/Schema.pm line 769
	DBIx::Class::Schema::populate('TestLib::Schema=HASH(0x420b55d0)', 'Simple', 'ARRAY(0x47b78c18)') called at t/lib/TestLib.pm line 20
	TestLib::new('TestLib') called at t/wrapper.t line 7
Compilation failed in require at /usr/perl5.26.0p/lib/site_perl/5.26.0/Class/C3/Componentised.pm line 150. at /usr/perl5.26.0p/lib/site_perl/5.26.0/Class/C3/Componentised.pm line 155
t/wrapper.t ................... 
Dubious, test returned 255 (wstat 65280, 0xff00)
No subtests run 

Test Summary Report
-------------------
t/00-compile.t              (Wstat: 256 Tests: 5 Failed: 1)
  Failed test:  5
  Non-zero exit status: 1
t/complex.t                 (Wstat: 65280 Tests: 0 Failed: 0)
  Non-zero exit status: 255
  Parse errors: No plan found in TAP output
t/leak.t                    (Wstat: 65280 Tests: 0 Failed: 0)
  Non-zero exit status: 255
  Parse errors: No plan found in TAP output
t/result.t                  (Wstat: 65280 Tests: 0 Failed: 0)
  Non-zero exit status: 255
  Parse errors: No plan found in TAP output
t/resultset.t               (Wstat: 65280 Tests: 0 Failed: 0)
  Non-zero exit status: 255
  Parse errors: No plan found in TAP output
t/simple01.t                (Wstat: 65280 Tests: 0 Failed: 0)
  Non-zero exit status: 255
  Parse errors: No plan found in TAP output
t/simple02.t                (Wstat: 65280 Tests: 0 Failed: 0)
  Non-zero exit status: 255
  Parse errors: No plan found in TAP output
t/simplesucc.t              (Wstat: 65280 Tests: 0 Failed: 0)
  Non-zero exit status: 255
  Parse errors: No plan found in TAP output
t/wrapper.t                 (Wstat: 65280 Tests: 0 Failed: 0)
  Non-zero exit status: 255
  Parse errors: No plan found in TAP output
Files=15, Tests=6,  6 wallclock secs ( 0.00 usr  0.10 sys +  1.34 cusr  3.84 csys =  5.28 CPU)
Result: FAIL
Failed 9/15 test programs. 1/6 subtests failed.

------------------------------
PREREQUISITES
------------------------------

Prerequisite modules loaded:

requires:

    Module                 Need   Have    
    ---------------------- ------ --------
    base                   0      2.25    
    Class::C3              0      0.33    
    DBIx::Class            0      0.082840
    DBIx::Class::ResultSet 0      0       
    Graph                  0.94   0.9704  
    List::MoreUtils        0      0.419   
    Moose                  0      2.2005  
    Moose::Role            0      2.2005  
    Scalar::Util           0      1.48    
    strict                 0      1.11    
    warnings               0      1.37    

build_requires:

    Module                 Need   Have    
    ---------------------- ------ --------
    DBIx::Class::Schema    0      0       
    File::Find             0      1.34    
    File::Temp             0      0.2304  
    Module::Build          0.3601 0.4224  
    Test::Memory::Cycle    0      1.06    
    Test::More             0.88   1.302086

configure_requires:

    Module                 Need   Have    
    ---------------------- ------ --------
    Module::Build          0.3601 0.4224  


------------------------------
ENVIRONMENT AND OTHER CONTEXT
------------------------------

Environment variables:

    LC_ALL = de_DE.ISO8859-1
    PATH = /usr/local/bin:/usr/bin:/bin:/usr/local/sbin:/usr/sbin:/sbin:/home/cpansand/bin/freebsd10.3:/home/cpansand/bin/sh:/home/cpansand/bin:/usr/games:/home/cpansand/devel:/home/eserte/src/srezic-misc/scripts
    PERL5LIB = 
    PERL5OPT = 
    PERL5_CPANPLUS_IS_RUNNING = 80333
    PERL5_CPAN_IS_RUNNING = 80333
    PERL5_CPAN_IS_RUNNING_IN_RECURSION = 80225,80333
    PERLDOC = -MPod::Perldoc::ToTextOverstrike
    PERL_BATCH = yes
    PERL_CANARY_STABILITY_NOPROMPT = 1
    PERL_CPAN_REPORTER_CONFIG = /var/tmp/cpansmoker-1023/2017070121/cpanreporter_001_config.ini
    PERL_EXTUTILS_AUTOINSTALL = --defaultdeps
    PERL_USE_UNSAFE_INC = 1
    SHELL = /usr/local/bin/zsh
    TERM = screen
    TMPDIR = /var/tmp/cpansmoker-1023/2017070121

Perl special variables (and OS-specific diagnostics, for MSWin32):

    $^X = /usr/perl5.26.0p/bin/perl5.26.0
    $UID/$EUID = 1023 / 1023
    $GID = 1023 1023
    $EGID = 1023 1023

Perl module toolchain versions installed:

    Module              Have    
    ------------------- --------
    CPAN                2.18    
    CPAN::Meta          2.150010
    Cwd                 3.67    
    ExtUtils::CBuilder  0.280225
    ExtUtils::Command   7.30    
    ExtUtils::Install   2.14    
    ExtUtils::MakeMaker 7.30    
    ExtUtils::Manifest  1.70    
    ExtUtils::ParseXS   3.34    
    File::Spec          3.67    
    JSON                2.94    
    JSON::PP            2.94    
    Module::Build       0.4224  
    Module::Signature   n/a     
    Parse::CPAN::Meta   2.150010
    Test::Harness       3.38    
    Test::More          1.302086
    YAML                1.23    
    YAML::Syck          1.30    
    version             0.9917  


--

Summary of my perl5 (revision 5 version 26 subversion 0) configuration:
   
  Platform:
    osname=freebsd
    osvers=10.3-release-p11
    archname=amd64-freebsd
    uname='freebsd cvrsnica-freebsd-101.herceg.de 10.3-release-p11 freebsd 10.3-release-p11 #0: mon oct 24 18:49:24 utc 2016 root@amd64-builder.daemonology.net:usrobjusrsrcsysgeneric amd64 '
    config_args='-ds -e -Dprefix=/usr/perl5.26.0p -Dcf_email=srezic@cpan.org -Doptimize=-O2 -pipe'
    hint=recommended
    useposix=true
    d_sigaction=define
    useithreads=undef
    usemultiplicity=undef
    use64bitint=define
    use64bitall=define
    uselongdouble=undef
    usemymalloc=n
    default_inc_excludes_dot=define
    bincompat5005=undef
  Compiler:
    cc='cc'
    ccflags ='-DHAS_FPSETMASK -DHAS_FLOATINGPOINT_H -fno-strict-aliasing -pipe -fstack-protector -I/usr/local/include -D_FORTIFY_SOURCE=2'
    optimize='-O2 -pipe'
    cppflags='-DHAS_FPSETMASK -DHAS_FLOATINGPOINT_H -fno-strict-aliasing -pipe -fstack-protector -I/usr/local/include'
    ccversion=''
    gccversion='4.2.1 Compatible FreeBSD Clang 3.4.1 (tags/RELEASE_34/dot1-final 208032)'
    gccosandvers=''
    intsize=4
    longsize=8
    ptrsize=8
    doublesize=8
    byteorder=12345678
    doublekind=3
    d_longlong=define
    longlongsize=8
    d_longdbl=define
    longdblsize=16
    longdblkind=3
    ivtype='long'
    ivsize=8
    nvtype='double'
    nvsize=8
    Off_t='off_t'
    lseeksize=8
    alignbytes=8
    prototype=define
  Linker and Libraries:
    ld='cc'
    ldflags ='-pthread -Wl,-E  -fstack-protector -L/usr/local/lib'
    libpth=/usr/lib /usr/local/lib /usr/include/clang/3.4.1 /usr/lib
    libs=-lpthread -lgdbm -lm -lcrypt -lutil -lc -lelf
    perllibs=-lpthread -lm -lcrypt -lutil -lc -lelf
    libc=
    so=so
    useshrplib=false
    libperl=libperl.a
    gnulibc_version=''
  Dynamic Linking:
    dlsrc=dl_dlopen.xs
    dlext=so
    d_dlsymun=undef
    ccdlflags=' '
    cccdlflags='-DPIC -fPIC'
    lddlflags='-shared  -L/usr/local/lib -fstack-protector'


Characteristics of this binary (from libperl): 
  Compile-time options:
    HAS_TIMES
    PERLIO_LAYERS
    PERL_COPY_ON_WRITE
    PERL_DONT_CREATE_GVSV
    PERL_MALLOC_WRAP
    PERL_OP_PARENT
    PERL_PRESERVE_IVUV
    USE_64_BIT_ALL
    USE_64_BIT_INT
    USE_LARGE_FILES
    USE_LOCALE
    USE_LOCALE_COLLATE
    USE_LOCALE_CTYPE
    USE_LOCALE_NUMERIC
    USE_LOCALE_TIME
    USE_PERLIO
    USE_PERL_ATOF
  Built under freebsd
  Compiled at Jun  3 2017 22:58:33
  %ENV:
    PERL5LIB=""
    PERL5OPT=""
    PERL5_CPANPLUS_IS_RUNNING="80333"
    PERL5_CPAN_IS_RUNNING="80333"
    PERL5_CPAN_IS_RUNNING_IN_RECURSION="80225,80333"
    PERLDOC="-MPod::Perldoc::ToTextOverstrike"
    PERL_BATCH="yes"
    PERL_CANARY_STABILITY_NOPROMPT="1"
    PERL_CPAN_REPORTER_CONFIG="/var/tmp/cpansmoker-1023/2017070121/cpanreporter_001_config.ini"
    PERL_EXTUTILS_AUTOINSTALL="--defaultdeps"
    PERL_USE_UNSAFE_INC="1"
  @INC:
    /usr/perl5.26.0p/lib/site_perl/5.26.0/amd64-freebsd
    /usr/perl5.26.0p/lib/site_perl/5.26.0
    /usr/perl5.26.0p/lib/5.26.0/amd64-freebsd
    /usr/perl5.26.0p/lib/5.26.0
    .