Report for Dist-Zilla-Plugin-Test-Kwalitee-Extra-v0.0.2

Back
From: metabase:user:320bfe00-2aae-11df-837a-5e0a49663a4f
Subject: FAIL Dist-Zilla-Plugin-Test-Kwalitee-Extra-v0.0.2 v5.16.3 GNU/Linux
Date: 2013-08-04T22:25:16Z

This distribution has been tested as part of the CPAN Testers
project, supporting the Perl programming language.  See
http://wiki.cpantesters.org/ for more information or email
questions to cpan-testers-discuss@perl.org


--
Dear Yasutaka ATARASHI,

This is a computer-generated report for Dist-Zilla-Plugin-Test-Kwalitee-Extra-v0.0.2
on perl 5.16.3, created by CPAN-Reporter-1.2010.

Thank you for uploading your work to CPAN.  However, there was a problem
testing your distribution.

If you think this report is invalid, please consult the CPAN Testers Wiki
for suggestions on how to avoid getting FAIL reports for missing library
or binary dependencies, unsupported operating systems, and so on:

http://wiki.cpantesters.org/wiki/CPANAuthorNotes

Sections of this report:

    * Tester comments
    * Program output
    * Prerequisites
    * Environment and other context

------------------------------
TESTER COMMENTS
------------------------------

Additional comments from tester:

this report is from an automated smoke testing program
and was not reviewed by a human for accuracy

------------------------------
PROGRAM OUTPUT
------------------------------

Output from '/usr/bin/make test':

PERL_DL_NONLAZY=1 /home/sand/src/perl/repoperls/installed-perls/perl/v5.16.3/9980/bin/perl "-MExtUtils::Command::MM" "-e" "test_harness(0, 'blib/lib', 'blib/arch')" t/*.t
t/author-critic.t ......... skipped: these tests are for testing by the author
t/release-kwalitee.t ...... skipped: these tests are for release candidate testing
t/release-pod-coverage.t .. skipped: these tests are for release candidate testing
t/release-pod-syntax.t .... skipped: these tests are for release candidate testing

#   Failed test 'Test dist has proper libs'
#   at t/test-kwalitee.t line 49.
#                   '1..16
# not ok 1 - metayml_is_parsable by Module::CPANTS::Kwalitee::MetaYML
# not ok 2 - metayml_conforms_to_known_spec by Module::CPANTS::Kwalitee::MetaYML
# not ok 3 - has_readme by Module::CPANTS::Kwalitee::Files
# not ok 4 - has_manifest by Module::CPANTS::Kwalitee::Files
# not ok 5 - has_meta_yml by Module::CPANTS::Kwalitee::Files
# not ok 6 - has_buildtool by Module::CPANTS::Kwalitee::Files
# not ok 7 - has_changelog by Module::CPANTS::Kwalitee::Files
# ok 8 - no_symlinks by Module::CPANTS::Kwalitee::Files
# not ok 9 - has_tests by Module::CPANTS::Kwalitee::Files
# ok 10 - no_broken_module_install by Module::CPANTS::Kwalitee::BrokenInstaller
# ok 11 - no_broken_auto_install by Module::CPANTS::Kwalitee::BrokenInstaller
# not ok 12 - has_human_readable_license by Module::CPANTS::Kwalitee::License
# not ok 13 - has_license_in_source_file by Module::CPANTS::Kwalitee::License
# not ok 14 - use_strict by Module::CPANTS::Kwalitee::Uses
# '
#     doesn't match '(?^m:^ok.*proper_libs)'

#   Failed test 'Test dist has no pod errors'
#   at t/test-kwalitee.t line 50.
#                   '1..16
# not ok 1 - metayml_is_parsable by Module::CPANTS::Kwalitee::MetaYML
# not ok 2 - metayml_conforms_to_known_spec by Module::CPANTS::Kwalitee::MetaYML
# not ok 3 - has_readme by Module::CPANTS::Kwalitee::Files
# not ok 4 - has_manifest by Module::CPANTS::Kwalitee::Files
# not ok 5 - has_meta_yml by Module::CPANTS::Kwalitee::Files
# not ok 6 - has_buildtool by Module::CPANTS::Kwalitee::Files
# not ok 7 - has_changelog by Module::CPANTS::Kwalitee::Files
# ok 8 - no_symlinks by Module::CPANTS::Kwalitee::Files
# not ok 9 - has_tests by Module::CPANTS::Kwalitee::Files
# ok 10 - no_broken_module_install by Module::CPANTS::Kwalitee::BrokenInstaller
# ok 11 - no_broken_auto_install by Module::CPANTS::Kwalitee::BrokenInstaller
# not ok 12 - has_human_readable_license by Module::CPANTS::Kwalitee::License
# not ok 13 - has_license_in_source_file by Module::CPANTS::Kwalitee::License
# not ok 14 - use_strict by Module::CPANTS::Kwalitee::Uses
# '
#     doesn't match '(?^m:^ok.*no_pod_errors)'

#   Failed test 'Test dist has valid signature'
#   at t/test-kwalitee.t line 52.
#                   '1..16
# not ok 1 - metayml_is_parsable by Module::CPANTS::Kwalitee::MetaYML
# not ok 2 - metayml_conforms_to_known_spec by Module::CPANTS::Kwalitee::MetaYML
# not ok 3 - has_readme by Module::CPANTS::Kwalitee::Files
# not ok 4 - has_manifest by Module::CPANTS::Kwalitee::Files
# not ok 5 - has_meta_yml by Module::CPANTS::Kwalitee::Files
# not ok 6 - has_buildtool by Module::CPANTS::Kwalitee::Files
# not ok 7 - has_changelog by Module::CPANTS::Kwalitee::Files
# ok 8 - no_symlinks by Module::CPANTS::Kwalitee::Files
# not ok 9 - has_tests by Module::CPANTS::Kwalitee::Files
# ok 10 - no_broken_module_install by Module::CPANTS::Kwalitee::BrokenInstaller
# ok 11 - no_broken_auto_install by Module::CPANTS::Kwalitee::BrokenInstaller
# not ok 12 - has_human_readable_license by Module::CPANTS::Kwalitee::License
# not ok 13 - has_license_in_source_file by Module::CPANTS::Kwalitee::License
# not ok 14 - use_strict by Module::CPANTS::Kwalitee::Uses
# '
#     doesn't match '(?^m:^ok.*valid_signature)'

#   Failed test 'Test dist has example'
#   at t/test-kwalitee.t line 54.
#                   '1..16
# not ok 1 - metayml_is_parsable by Module::CPANTS::Kwalitee::MetaYML
# not ok 2 - metayml_conforms_to_known_spec by Module::CPANTS::Kwalitee::MetaYML
# not ok 3 - has_readme by Module::CPANTS::Kwalitee::Files
# not ok 4 - has_manifest by Module::CPANTS::Kwalitee::Files
# not ok 5 - has_meta_yml by Module::CPANTS::Kwalitee::Files
# not ok 6 - has_buildtool by Module::CPANTS::Kwalitee::Files
# not ok 7 - has_changelog by Module::CPANTS::Kwalitee::Files
# ok 8 - no_symlinks by Module::CPANTS::Kwalitee::Files
# not ok 9 - has_tests by Module::CPANTS::Kwalitee::Files
# ok 10 - no_broken_module_install by Module::CPANTS::Kwalitee::BrokenInstaller
# ok 11 - no_broken_auto_install by Module::CPANTS::Kwalitee::BrokenInstaller
# not ok 12 - has_human_readable_license by Module::CPANTS::Kwalitee::License
# not ok 13 - has_license_in_source_file by Module::CPANTS::Kwalitee::License
# not ok 14 - use_strict by Module::CPANTS::Kwalitee::Uses
# '
#     doesn't match '(?^m:^ok.*has_example)'
# {
#   'flags' => {
#     '!' => '',
#     '?' => '2816',
#     '@' => undef
#   },
#   'result' => 2816,
#   'stderr' => '
# #   Failed test \'metayml_is_parsable by Module::CPANTS::Kwalitee::MetaYML\'
# #   at /tmp/loop_over_bdir-6719-jnTbhU/Dist-Zilla-Plugin-Test-Kwalitee-Extra-v0.0.2-PbhrJR/tmp/hiQlCX8XOk/build/xt/release/kwalitee.t line 9.
# #   Detail: The META.yml file of this distribution could not be parsed by the version of CPAN::Meta::YAML.pm CPANTS is using.
# #   Detail: META.yml was not found
# #   Remedy: If you don\'t have one, add a META.yml file. Else, upgrade your YAML generator so it produces valid YAML.
# 
# #   Failed test \'metayml_conforms_to_known_spec by Module::CPANTS::Kwalitee::MetaYML\'
# #   at /tmp/loop_over_bdir-6719-jnTbhU/Dist-Zilla-Plugin-Test-Kwalitee-Extra-v0.0.2-PbhrJR/tmp/hiQlCX8XOk/build/xt/release/kwalitee.t line 9.
# #   Detail: META.yml does not conform to any recognised META.yml Spec.
# #   Detail: known, META.yml is missing/empty
# #   Remedy: Take a look at the META.yml Spec at http://module-build.sourceforge.net/META-spec-current.html and change your META.yml accordingly.
# 
# #   Failed test \'has_readme by Module::CPANTS::Kwalitee::Files\'
# #   at /tmp/loop_over_bdir-6719-jnTbhU/Dist-Zilla-Plugin-Test-Kwalitee-Extra-v0.0.2-PbhrJR/tmp/hiQlCX8XOk/build/xt/release/kwalitee.t line 9.
# #   Detail: The file "README" is missing from this distribution. The README provides some basic information to users prior to downloading and unpacking the distribution.
# #   Remedy: Add a README to the distribution. It should contain a quick description of your module and how to install it.
# 
# #   Failed test \'has_manifest by Module::CPANTS::Kwalitee::Files\'
# #   at /tmp/loop_over_bdir-6719-jnTbhU/Dist-Zilla-Plugin-Test-Kwalitee-Extra-v0.0.2-PbhrJR/tmp/hiQlCX8XOk/build/xt/release/kwalitee.t line 9.
# #   Detail: The file "MANIFEST" is missing from this distribution. The MANIFEST lists all files included in the distribution.
# #   Remedy: Add a MANIFEST to the distribution. Your buildtool should be able to autogenerate it (eg "make manifest" or "./Build manifest")
# 
# #   Failed test \'has_meta_yml by Module::CPANTS::Kwalitee::Files\'
# #   at /tmp/loop_over_bdir-6719-jnTbhU/Dist-Zilla-Plugin-Test-Kwalitee-Extra-v0.0.2-PbhrJR/tmp/hiQlCX8XOk/build/xt/release/kwalitee.t line 9.
# #   Detail: The file "META.yml" is missing from this distribution. META.yml is needed by people maintaining module collections (like CPAN), for people writing installation tools, or just people who want to know some stuff about a distribution before downloading it.
# #   Remedy: Add a META.yml to the distribution. Your buildtool should be able to autogenerate it.
# 
# #   Failed test \'has_buildtool by Module::CPANTS::Kwalitee::Files\'
# #   at /tmp/loop_over_bdir-6719-jnTbhU/Dist-Zilla-Plugin-Test-Kwalitee-Extra-v0.0.2-PbhrJR/tmp/hiQlCX8XOk/build/xt/release/kwalitee.t line 9.
# #   Detail: Makefile.PL and/or Build.PL are missing. This makes installing this distribution hard for humans and impossible for automated tools like CPAN/CPANPLUS/cpanminus.
# #   Remedy: Add a Makefile.PL (for ExtUtils::MakeMaker/Module::Install) or a Build.PL (for Module::Build and its friends), or use a distribution builder such as Dist::Zilla, Dist::Milla, Minilla.
# 
# #   Failed test \'has_changelog by Module::CPANTS::Kwalitee::Files\'
# #   at /tmp/loop_over_bdir-6719-jnTbhU/Dist-Zilla-Plugin-Test-Kwalitee-Extra-v0.0.2-PbhrJR/tmp/hiQlCX8XOk/build/xt/release/kwalitee.t line 9.
# #   Detail: The distribution hasn\'t got a Changelog (named something like m/^chang(es?|log)|history$/i. A Changelog helps people decide if they want to upgrade to a new version.
# #   Remedy: Add a Changelog (best named \'Changes\') to the distribution. It should list at least major changes implemented in newer versions.
# 
# #   Failed test \'has_tests by Module::CPANTS::Kwalitee::Files\'
# #   at /tmp/loop_over_bdir-6719-jnTbhU/Dist-Zilla-Plugin-Test-Kwalitee-Extra-v0.0.2-PbhrJR/tmp/hiQlCX8XOk/build/xt/release/kwalitee.t line 9.
# #   Detail: This distribution doesn\'t contain either a file called \'test.pl\' or a directory called \'t\'. This indicates that it doesn\'t contain even the most basic test-suite. This is really BAD!
# #   Remedy: Add tests!
# 
# #   Failed test \'has_human_readable_license by Module::CPANTS::Kwalitee::License\'
# #   at /tmp/loop_over_bdir-6719-jnTbhU/Dist-Zilla-Plugin-Test-Kwalitee-Extra-v0.0.2-PbhrJR/tmp/hiQlCX8XOk/build/xt/release/kwalitee.t line 9.
# #   Detail: This distribution does not have a license defined in the documentation or in a file called LICENSE
# #   Remedy: Add a section called "LICENSE" to the documentation, or add a file named LICENSE to the distribution.
# 
# #   Failed test \'has_license_in_source_file by Module::CPANTS::Kwalitee::License\'
# #   at /tmp/loop_over_bdir-6719-jnTbhU/Dist-Zilla-Plugin-Test-Kwalitee-Extra-v0.0.2-PbhrJR/tmp/hiQlCX8XOk/build/xt/release/kwalitee.t line 9.
# #   Detail: Does not have license information in any of its source files
# #   Remedy: Add =head1 LICENSE and the text of the license to the main module in your code.
# 
# #   Failed test \'use_strict by Module::CPANTS::Kwalitee::Uses\'
# #   at /tmp/loop_over_bdir-6719-jnTbhU/Dist-Zilla-Plugin-Test-Kwalitee-Extra-v0.0.2-PbhrJR/tmp/hiQlCX8XOk/build/xt/release/kwalitee.t line 9.
# #   Detail: This distribution does not \'use strict;\' in all of its modules.
# #   Detail: Foo
# #   Remedy: Add \'use strict\' to all modules.
# # Looks like you planned 16 tests but ran 14.
# # Looks like you failed 11 tests of 14 run.
# ',
#   'stdout' => '1..16
# not ok 1 - metayml_is_parsable by Module::CPANTS::Kwalitee::MetaYML
# not ok 2 - metayml_conforms_to_known_spec by Module::CPANTS::Kwalitee::MetaYML
# not ok 3 - has_readme by Module::CPANTS::Kwalitee::Files
# not ok 4 - has_manifest by Module::CPANTS::Kwalitee::Files
# not ok 5 - has_meta_yml by Module::CPANTS::Kwalitee::Files
# not ok 6 - has_buildtool by Module::CPANTS::Kwalitee::Files
# not ok 7 - has_changelog by Module::CPANTS::Kwalitee::Files
# ok 8 - no_symlinks by Module::CPANTS::Kwalitee::Files
# not ok 9 - has_tests by Module::CPANTS::Kwalitee::Files
# ok 10 - no_broken_module_install by Module::CPANTS::Kwalitee::BrokenInstaller
# ok 11 - no_broken_auto_install by Module::CPANTS::Kwalitee::BrokenInstaller
# not ok 12 - has_human_readable_license by Module::CPANTS::Kwalitee::License
# not ok 13 - has_license_in_source_file by Module::CPANTS::Kwalitee::License
# not ok 14 - use_strict by Module::CPANTS::Kwalitee::Uses
# '
# }
# Looks like you failed 4 tests of 15.
t/test-kwalitee.t ......... 
Dubious, test returned 4 (wstat 1024, 0x400)
Failed 4/15 subtests 

Test Summary Report
-------------------
t/test-kwalitee.t       (Wstat: 1024 Tests: 15 Failed: 4)
  Failed tests:  10-11, 13, 15
  Non-zero exit status: 4
Files=5, Tests=15,  3 wallclock secs ( 0.03 usr  0.02 sys +  1.42 cusr  0.11 csys =  1.58 CPU)
Result: FAIL
Failed 1/5 test programs. 4/15 subtests failed.
make: *** [test_dynamic] Error 4

------------------------------
PREREQUISITES
------------------------------

Prerequisite modules loaded:

requires:

    Module                Need Have    
    --------------------- ---- --------
    Data::Section         0    0.101622
    Dist::Zilla           0    4.300035
    File::Path            2.08 2.09    
    Moose                 0    2.0802  
    Test::Kwalitee::Extra 0    v0.1.0  
    Test::More            0    0.98    

build_requires:

    Module                Need Have    
    --------------------- ---- --------
    Capture::Tiny         0    0.22    
    Path::Class           0    0.32    

configure_requires:

    Module                Need Have    
    --------------------- ---- --------
    ExtUtils::MakeMaker   6.30 6.73_04 


------------------------------
ENVIRONMENT AND OTHER CONTEXT
------------------------------

Environment variables:

    AUTOMATED_TESTING = 1
    LANG = en_US.UTF-8
    LANGUAGE = en_US:en
    PATH = /usr/lib/ccache:/home/sand/bin:/usr/local/bin:/usr/bin:/bin:/usr/bin/X11:/usr/games:/usr/local/perl/bin:/usr/X11/bin:/sbin:/usr/sbin
    PERL5LIB = 
    PERL5OPT = 
    PERL5_CPANPLUS_IS_RUNNING = 6720
    PERL5_CPAN_IS_RUNNING = 6720
    PERL_MM_USE_DEFAULT = 1
    SHELL = /usr/bin/zsh
    TERM = screen

Perl special variables (and OS-specific diagnostics, for MSWin32):

    $^X = /home/sand/src/perl/repoperls/installed-perls/perl/v5.16.3/9980/bin/perl
    $UID/$EUID = 1005 / 1005
    $GID = 1005 1005
    $EGID = 1005 1005

Perl module toolchain versions installed:

    Module              Have    
    ------------------- --------
    CPAN                2.00    
    CPAN::Meta          2.131560
    Cwd                 3.40    
    ExtUtils::CBuilder  0.280206
    ExtUtils::Command   1.17    
    ExtUtils::Install   1.58    
    ExtUtils::MakeMaker 6.73_04 
    ExtUtils::Manifest  1.61    
    ExtUtils::ParseXS   3.16    
    File::Spec          3.40    
    JSON                2.59    
    JSON::PP            2.27200 
    Module::Build       0.4007  
    Module::Signature   0.73    
    Parse::CPAN::Meta   1.4405  
    Test::Harness       3.28    
    Test::More          0.98    
    YAML                0.84    
    YAML::Syck          1.27    
    version             0.9902  


--

Summary of my perl5 (revision 5 version 16 subversion 3) configuration:
  Commit id: fd04d42d38f4751b981eb6e9213ee1ab8ef11ea6
  Platform:
    osname=linux, osvers=3.9-1-amd64, archname=x86_64-linux-thread-multi
    uname='linux k83 3.9-1-amd64 #1 smp debian 3.9.8-1 x86_64 gnulinux '
    config_args='-Dprefix=/home/sand/src/perl/repoperls/installed-perls/perl/v5.16.3/9980 -Dmyhostname=k83 -Dinstallusrbinperl=n -Uversiononly -Dusedevel -des -Ui_db -Duseithreads -Uuselongdouble -DDEBUGGING=-g'
    hint=recommended, useposix=true, d_sigaction=define
    useithreads=define, usemultiplicity=define
    useperlio=define, d_sfio=undef, uselargefiles=define, usesocks=undef
    use64bitint=define, use64bitall=define, uselongdouble=undef
    usemymalloc=n, bincompat5005=undef
  Compiler:
    cc='cc', ccflags ='-D_REENTRANT -D_GNU_SOURCE -fno-strict-aliasing -pipe -fstack-protector -I/usr/local/include -D_LARGEFILE_SOURCE -D_FILE_OFFSET_BITS=64',
    optimize='-O2 -g',
    cppflags='-D_REENTRANT -D_GNU_SOURCE -fno-strict-aliasing -pipe -fstack-protector -I/usr/local/include'
    ccversion='', gccversion='4.8.1', gccosandvers=''
    intsize=4, longsize=8, ptrsize=8, doublesize=8, byteorder=12345678
    d_longlong=define, longlongsize=8, d_longdbl=define, longdblsize=16
    ivtype='long', ivsize=8, nvtype='double', nvsize=8, Off_t='off_t', lseeksize=8
    alignbytes=8, prototype=define
  Linker and Libraries:
    ld='cc', ldflags =' -fstack-protector -L/usr/local/lib'
    libpth=/usr/local/lib /lib/x86_64-linux-gnu /lib/../lib /usr/lib/x86_64-linux-gnu /usr/lib/../lib /lib /usr/lib
    libs=-lnsl -lgdbm -ldb -ldl -lm -lcrypt -lutil -lpthread -lc -lgdbm_compat
    perllibs=-lnsl -ldl -lm -lcrypt -lutil -lpthread -lc
    libc=, so=so, useshrplib=false, libperl=libperl.a
    gnulibc_version='2.17'
  Dynamic Linking:
    dlsrc=dl_dlopen.xs, dlext=so, d_dlsymun=undef, ccdlflags='-Wl,-E'
    cccdlflags='-fPIC', lddlflags='-shared -O2 -g -L/usr/local/lib -fstack-protector'


Characteristics of this binary (from libperl): 
  Compile-time options: HAS_TIMES MULTIPLICITY PERLIO_LAYERS
                        PERL_DONT_CREATE_GVSV PERL_IMPLICIT_CONTEXT
                        PERL_MALLOC_WRAP PERL_PRESERVE_IVUV PERL_USE_DEVEL
                        USE_64_BIT_ALL USE_64_BIT_INT USE_ITHREADS
                        USE_LARGE_FILES USE_LOCALE USE_LOCALE_COLLATE
                        USE_LOCALE_CTYPE USE_LOCALE_NUMERIC USE_PERLIO
                        USE_PERL_ATOF USE_REENTRANT_API
  Built under linux
  Compiled at Jul  3 2013 08:48:08
  %ENV:
    PERL5LIB=""
    PERL5OPT=""
    PERL5_CPANPLUS_IS_RUNNING="6720"
    PERL5_CPAN_IS_RUNNING="6720"
    PERL_MM_USE_DEFAULT="1"
  @INC:
    /home/sand/src/perl/repoperls/installed-perls/perl/v5.16.3/9980/lib/site_perl/5.16.3/x86_64-linux-thread-multi
    /home/sand/src/perl/repoperls/installed-perls/perl/v5.16.3/9980/lib/site_perl/5.16.3
    /home/sand/src/perl/repoperls/installed-perls/perl/v5.16.3/9980/lib/5.16.3/x86_64-linux-thread-multi
    /home/sand/src/perl/repoperls/installed-perls/perl/v5.16.3/9980/lib/5.16.3
    .