Back
From: metabase:user:320bfe00-2aae-11df-837a-5e0a49663a4f
Subject: FAIL DBIx-Class-InflateColumn-Serializer-0.03 v5.18.0 RC3 GNU/Linux
Date: 2013-05-16T07:53:46Z
This distribution has been tested as part of the CPAN Testers
project, supporting the Perl programming language. See
http://wiki.cpantesters.org/ for more information or email
questions to cpan-testers-discuss@perl.org
--
Dear Jose Luis Martinez Torres,
This is a computer-generated report for DBIx-Class-InflateColumn-Serializer-0.03
on perl 5.18.0, created by CPAN-Reporter-1.2010.
Thank you for uploading your work to CPAN. However, there was a problem
testing your distribution.
If you think this report is invalid, please consult the CPAN Testers Wiki
for suggestions on how to avoid getting FAIL reports for missing library
or binary dependencies, unsupported operating systems, and so on:
http://wiki.cpantesters.org/wiki/CPANAuthorNotes
Sections of this report:
* Tester comments
* Program output
* Prerequisites
* Environment and other context
------------------------------
TESTER COMMENTS
------------------------------
Additional comments from tester:
this report is from an automated smoke testing program
and was not reviewed by a human for accuracy
------------------------------
PROGRAM OUTPUT
------------------------------
Output from '/usr/bin/make test':
PERL_DL_NONLAZY=1 /tmp/basesmoker-reloperl-9g9a/bin/perl "-MExtUtils::Command::MM" "-e" "test_harness(0, 'inc', 'blib/lib', 'blib/arch')" t/*.t
t/001_load.t ...... ok
t/002_storable.t .. ok
t/003_json.t ...... ok
t/004_yaml.t ...... ok
# Failed test 'no_pod_errors'
# at /home/src/perl/repoperls/installed-perls/perl/v5.18.0-RC3-11-g9be5399/127e/lib/site_perl/5.18.0/Test/Kwalitee.pm line 109.
# Error: The documentation for this distribution contains syntactic errors in its POD. Note that this metric tests all .pl, .pm and .pod files, even if they are in t/. See 'pod_message' in the dist error view for more info.
# Details: tmp loop_over_bdir 1013 yxnmwn DBIx Class InflateColumn Serializer 0 03 HD
# _q2p blib lib DBIx Class InflateColumn Serializer Storable pm POD ERRORS
# Hey The above document had some coding errors which are explained below
# Around line 41
# over without closing back
#
# tmp loop_over_bdir 1013 yxnmwn DBIx Class InflateColumn Serializer 0 03 HD
# _q2p blib lib DBIx Class InflateColumn Serializer YAML pm POD ERRORS
# Hey The above document had some coding errors which are explained below
# Around line 41
# over without closing back
#
# tmp loop_over_bdir 1013 yxnmwn DBIx Class InflateColumn Serializer 0 03 HD
# _q2p blib lib DBIx Class InflateColumn Serializer JSON pm POD ERRORS
# Hey The above document had some coding errors which are explained below
# Around line 41
# over without closing back
#
# tmp loop_over_bdir 1013 yxnmwn DBIx Class InflateColumn Serializer 0 03 HD
# _q2p lib DBIx Class InflateColumn Serializer Storable pm POD ERRORS
# Hey The above document had some coding errors which are explained below
# Around line 41
# over without closing back
#
# tmp loop_over_bdir 1013 yxnmwn DBIx Class InflateColumn Serializer 0 03 HD
# _q2p lib DBIx Class InflateColumn Serializer JSON pm POD ERRORS
# Hey The above document had some coding errors which are explained below
# Around line 41
# over without closing back
#
# tmp loop_over_bdir 1013 yxnmwn DBIx Class InflateColumn Serializer 0 03 HD
# _q2p lib DBIx Class InflateColumn Serializer YAML pm POD ERRORS
# Hey The above document had some coding errors which are explained below
# Around line 41
# over without closing back
# Remedy: Remove the POD errors. You can check for POD errors automatically by including Test::Pod to your test suite.
# Looks like you failed 1 test of 13.
t/kwalitee.t ......
Dubious, test returned 1 (wstat 256, 0x100)
Failed 1/13 subtests
# Failed test 'POD test for blib/lib/DBIx/Class/InflateColumn/Serializer/Storable.pm'
# at /home/src/perl/repoperls/installed-perls/perl/v5.18.0-RC3-11-g9be5399/127e/lib/site_perl/5.18.0/Test/Pod.pm line 186.
# blib/lib/DBIx/Class/InflateColumn/Serializer/Storable.pm (41): =over without closing =back
# Failed test 'POD test for blib/lib/DBIx/Class/InflateColumn/Serializer/YAML.pm'
# at /home/src/perl/repoperls/installed-perls/perl/v5.18.0-RC3-11-g9be5399/127e/lib/site_perl/5.18.0/Test/Pod.pm line 186.
# blib/lib/DBIx/Class/InflateColumn/Serializer/YAML.pm (41): =over without closing =back
# Failed test 'POD test for blib/lib/DBIx/Class/InflateColumn/Serializer/JSON.pm'
# at /home/src/perl/repoperls/installed-perls/perl/v5.18.0-RC3-11-g9be5399/127e/lib/site_perl/5.18.0/Test/Pod.pm line 186.
# blib/lib/DBIx/Class/InflateColumn/Serializer/JSON.pm (41): =over without closing =back
# Looks like you failed 3 tests of 4.
t/pod.t ...........
Dubious, test returned 3 (wstat 768, 0x300)
Failed 3/4 subtests
t/podcoverage.t ... ok
Test Summary Report
-------------------
t/kwalitee.t (Wstat: 256 Tests: 13 Failed: 1)
Failed test: 10
Non-zero exit status: 1
t/pod.t (Wstat: 768 Tests: 4 Failed: 3)
Failed tests: 2-4
Non-zero exit status: 3
Files=7, Tests=48, 1 wallclock secs ( 0.03 usr 0.01 sys + 0.94 cusr 0.09 csys = 1.07 CPU)
Result: FAIL
Failed 2/7 test programs. 4/48 subtests failed.
make: *** [test_dynamic] Error 255
------------------------------
PREREQUISITES
------------------------------
Prerequisite modules loaded:
requires:
Module Need Have
------------------- ----- --------
DBIx::Class 0 0.08250
perl 5.008 5.018000
build_requires:
Module Need Have
------------------- ----- --------
DBD::SQLite 0 1.37
ExtUtils::MakeMaker 6.42 6.66
JSON 0 2.57
Test::Exception 0 0.32
Test::More 0 0.98
YAML 0 0.84
configure_requires:
Module Need Have
------------------- ----- --------
ExtUtils::MakeMaker 0 6.66
------------------------------
ENVIRONMENT AND OTHER CONTEXT
------------------------------
Environment variables:
AUTOMATED_TESTING = 1
LANG = en_US.UTF-8
LANGUAGE = en_US:en
PATH = /usr/lib/ccache:/home/sand/bin:/usr/local/bin:/usr/bin:/bin:/usr/bin/X11:/usr/games:/usr/local/perl/bin:/usr/X11/bin:/sbin:/usr/sbin
PERL5LIB =
PERL5OPT =
PERL5_CPANPLUS_IS_RUNNING = 14033
PERL5_CPAN_IS_RUNNING = 14033
PERL_MM_USE_DEFAULT = 1
SHELL = /usr/bin/zsh
TERM = screen
Perl special variables (and OS-specific diagnostics, for MSWin32):
$^X = /tmp/basesmoker-reloperl-9g9a/bin/perl
$UID/$EUID = 1005 / 1005
$GID = 1005 1005
$EGID = 1005 1005
Perl module toolchain versions installed:
Module Have
------------------- --------
CPAN 2.00
CPAN::Meta 2.130880
Cwd 3.40
ExtUtils::CBuilder 0.280210
ExtUtils::Command 1.17
ExtUtils::Install 1.59
ExtUtils::MakeMaker 6.66
ExtUtils::Manifest 1.63
ExtUtils::ParseXS 3.18
File::Spec 3.40
JSON 2.57
JSON::PP 2.27202
Module::Build 0.4005
Module::Signature 0.70
Parse::CPAN::Meta 1.4404
Test::Harness 3.28
Test::More 0.98
YAML 0.84
YAML::Syck 1.25
version 0.9902
--
Summary of my perl5 (revision 5 version 18 subversion 0) configuration:
Commit id: 9be53992140c34e6c762df67cb61a5567de39773
Platform:
osname=linux, osvers=3.8-1-amd64, archname=x86_64-linux-ld
uname='linux k83 3.8-1-amd64 #1 smp debian 3.8.12-1 x86_64 gnulinux '
config_args='-Dprefix=/home/src/perl/repoperls/installed-perls/perl/v5.18.0-RC3-11-g9be5399/127e -Dmyhostname=k83 -Dinstallusrbinperl=n -Uversiononly -Dusedevel -des -Ui_db -Uuseithreads -Duselongdouble -DDEBUGGING=-g'
hint=recommended, useposix=true, d_sigaction=define
useithreads=undef, usemultiplicity=undef
useperlio=define, d_sfio=undef, uselargefiles=define, usesocks=undef
use64bitint=define, use64bitall=define, uselongdouble=define
usemymalloc=n, bincompat5005=undef
Compiler:
cc='cc', ccflags ='-fno-strict-aliasing -pipe -fstack-protector -I/usr/local/include -D_LARGEFILE_SOURCE -D_FILE_OFFSET_BITS=64',
optimize='-O2 -g',
cppflags='-fno-strict-aliasing -pipe -fstack-protector -I/usr/local/include'
ccversion='', gccversion='4.7.3', gccosandvers=''
intsize=4, longsize=8, ptrsize=8, doublesize=8, byteorder=12345678
d_longlong=define, longlongsize=8, d_longdbl=define, longdblsize=16
ivtype='long', ivsize=8, nvtype='long double', nvsize=16, Off_t='off_t', lseeksize=8
alignbytes=16, prototype=define
Linker and Libraries:
ld='cc', ldflags =' -fstack-protector -L/usr/local/lib'
libpth=/usr/local/lib /lib/x86_64-linux-gnu /lib/../lib /usr/lib/x86_64-linux-gnu /usr/lib/../lib /lib /usr/lib
libs=-lnsl -lgdbm -ldb -ldl -lm -lcrypt -lutil -lc -lgdbm_compat
perllibs=-lnsl -ldl -lm -lcrypt -lutil -lc
libc=, so=so, useshrplib=false, libperl=libperl.a
gnulibc_version='2.17'
Dynamic Linking:
dlsrc=dl_dlopen.xs, dlext=so, d_dlsymun=undef, ccdlflags='-Wl,-E'
cccdlflags='-fPIC', lddlflags='-shared -O2 -g -L/usr/local/lib -fstack-protector'
Characteristics of this binary (from libperl):
Compile-time options: HAS_TIMES PERLIO_LAYERS PERL_DONT_CREATE_GVSV
PERL_HASH_FUNC_ONE_AT_A_TIME_HARD PERL_MALLOC_WRAP
PERL_PRESERVE_IVUV PERL_SAWAMPERSAND PERL_USE_DEVEL
USE_64_BIT_ALL USE_64_BIT_INT USE_LARGE_FILES
USE_LOCALE USE_LOCALE_COLLATE USE_LOCALE_CTYPE
USE_LOCALE_NUMERIC USE_LONG_DOUBLE USE_PERLIO
USE_PERL_ATOF
Locally applied patches:
RC3
Built under linux
Compiled at May 16 2013 02:46:58
%ENV:
PERL5LIB=""
PERL5OPT=""
PERL5_CPANPLUS_IS_RUNNING="14033"
PERL5_CPAN_IS_RUNNING="14033"
PERL_MM_USE_DEFAULT="1"
@INC:
/home/src/perl/repoperls/installed-perls/perl/v5.18.0-RC3-11-g9be5399/127e/lib/site_perl/5.18.0/x86_64-linux-ld
/home/src/perl/repoperls/installed-perls/perl/v5.18.0-RC3-11-g9be5399/127e/lib/site_perl/5.18.0
/home/src/perl/repoperls/installed-perls/perl/v5.18.0-RC3-11-g9be5399/127e/lib/5.18.0/x86_64-linux-ld
/home/src/perl/repoperls/installed-perls/perl/v5.18.0-RC3-11-g9be5399/127e/lib/5.18.0
.