Back
From: metabase:user:320bfe00-2aae-11df-837a-5e0a49663a4f
Subject: FAIL Module-Build-Kwalitee-0.24 v5.22.3 GNU/Linux
Date: 2017-06-05T17:02:20Z
This distribution has been tested as part of the CPAN Testers
project, supporting the Perl programming language. See
http://wiki.cpantesters.org/ for more information or email
questions to cpan-testers-discuss@perl.org
--
Dear Fotango Ltd,
This is a computer-generated report for Module-Build-Kwalitee-0.24
on perl 5.22.3, created by CPAN-Reporter-1.2018.
Thank you for uploading your work to CPAN. However, there was a problem
testing your distribution.
If you think this report is invalid, please consult the CPAN Testers Wiki
for suggestions on how to avoid getting FAIL reports for missing library
or binary dependencies, unsupported operating systems, and so on:
http://wiki.cpantesters.org/wiki/CPANAuthorNotes
Sections of this report:
* Tester comments
* Program output
* Prerequisites
* Environment and other context
------------------------------
TESTER COMMENTS
------------------------------
Additional comments from tester:
this report is from an automated smoke testing program
and was not reviewed by a human for accuracy
------------------------------
PROGRAM OUTPUT
------------------------------
Output from './Build test':
main::path_to_pkg() called too early to check prototype at t/000compile.t line 16.
t/000compile.t .. ok
t/001pragmas.t .. ok
# Failed test 'lib/Module/Build/Kwalitee/Stub.pm has POD'
# at t/003pod.t line 65.
# Looks like you failed 1 test of 7.
t/003pod.t ......
Dubious, test returned 1 (wstat 256, 0x100)
Failed 1/7 subtests
(less 1 skipped subtest: 5 okay)
t/004uselib.t ... ok
No 'module_name' was provided and it could not be inferred
from other properties. This will prevent a packlist from
being written for this file. Please set either 'module_name'
or 'dist_version_from' in Build.PL.
Creating t/ dir for tests...
File 'MANIFEST.SKIP' does not exist: Creating a temporary 'MANIFEST.SKIP'
Added to MANIFEST: MANIFEST
Added to MANIFEST: t/000compile.t
Added to MANIFEST: t/001pragmas.t
Added to MANIFEST: t/003pod.t
Added to MANIFEST: t/004uselib.t
Module::Build was not found in configure_requires! Adding it now
automatically as: configure_requires => { 'Module::Build' => 0.42 }
t/build.t ....... ok
# Failed test 'passed t/003pod.t'
# at t/mbk.t line 25.
#
# # Failed test 'lib/MBKFail.pm has POD'
# # at t/003pod.t line 65.
# # Looks like you failed 1 test of 4.
# t/003pod.t ..
# Dubious, test returned 1 (wstat 256, 0x100)
# Failed 1/4 subtests
# (less 2 skipped subtests: 1 okay)
#
# Test Summary Report
# -------------------
# t/003pod.t (Wstat: 256 Tests: 4 Failed: 1)
# Failed test: 2
# Non-zero exit status: 1
# Files=1, Tests=4, 1 wallclock secs ( 0.02 usr 0.02 sys + 0.10 cusr 0.02 csys = 0.16 CPU)
# Result: FAIL
# Failed test 'passed t/003pod.t'
# at t/mbk.t line 25.
#
# # Failed test 'lib/MBKFail.pm has POD'
# # at t/003pod.t line 65.
# # Looks like you failed 1 test of 4.
# t/003pod.t ..
# Dubious, test returned 1 (wstat 256, 0x100)
# Failed 1/4 subtests
# (less 2 skipped subtests: 1 okay)
#
# Test Summary Report
# -------------------
# t/003pod.t (Wstat: 256 Tests: 4 Failed: 1)
# Failed test: 2
# Non-zero exit status: 1
# Files=1, Tests=4, 1 wallclock secs ( 0.02 usr 0.02 sys + 0.08 cusr 0.02 csys = 0.14 CPU)
# Result: FAIL
# Looks like you failed 2 tests of 30.
t/mbk.t .........
Dubious, test returned 2 (wstat 512, 0x200)
Failed 2/30 subtests
Test Summary Report
-------------------
t/003pod.t (Wstat: 256 Tests: 7 Failed: 1)
Failed test: 5
Non-zero exit status: 1
t/mbk.t (Wstat: 512 Tests: 30 Failed: 2)
Failed tests: 17, 29
Non-zero exit status: 2
Files=6, Tests=59, 28 wallclock secs ( 0.03 usr 0.05 sys + 5.73 cusr 2.18 csys = 7.99 CPU)
Result: FAIL
Failed 2/6 test programs. 3/59 subtests failed.
------------------------------
PREREQUISITES
------------------------------
Prerequisite modules loaded:
requires:
Module Need Have
--------------------------- ------ --------
File::Find::Rule 0 0.34
Module::Build 0.2609 0.4222
perl v5.8.1 5.022003
Pod::Coverage::CountParents 0 0
Test::More 0 1.302085
Test::Pod 0 1.51
YAML 0 1.23
build_requires:
Module Need Have
--------------------------- ------ --------
IPC::Open3 0 1.18
------------------------------
ENVIRONMENT AND OTHER CONTEXT
------------------------------
Environment variables:
AUTOMATED_TESTING = 1
LANG = en_US.UTF-8
PATH = /home/sand/bin:/usr/local/bin:/usr/bin:/bin:/usr/games:/usr/local/perl/bin:/usr/X11/bin:/sbin:/usr/sbin
PERL5LIB =
PERL5OPT =
PERL5_CPANPLUS_IS_RUNNING = 26239
PERL5_CPAN_IS_RUNNING = 26239
PERL_CANARY_STABILITY_NOPROMPT = 1
PERL_MM_USE_DEFAULT = 1
PERL_USE_UNSAFE_INC = 1
SHELL = /usr/bin/zsh
TERM = screen
Perl special variables (and OS-specific diagnostics, for MSWin32):
$^X = /home/sand/src/perl/repoperls/installed-perls/host/k93msid/v5.22.3/5ea4/bin/perl
$UID/$EUID = 1005 / 1005
$GID = 1005 1005
$EGID = 1005 1005
Perl module toolchain versions installed:
Module Have
------------------- --------
CPAN 2.18
CPAN::Meta 2.150010
Cwd 3.62
ExtUtils::CBuilder 0.280224
ExtUtils::Command 7.24
ExtUtils::Install 2.10
ExtUtils::MakeMaker 7.24
ExtUtils::Manifest 1.70
ExtUtils::ParseXS 3.28
File::Spec 3.62
JSON 2.94
JSON::PP 2.94
Module::Build 0.4222
Module::Signature 0.81
Parse::CPAN::Meta 2.150010
Test::Harness 3.39
Test::More 1.302085
YAML 1.23
YAML::Syck 1.30_01
version 0.9918
--
Summary of my perl5 (revision 5 version 22 subversion 3) configuration:
Derived from: 16b638b0a20de774856b3a21a75a5e373af5262c
Platform:
osname=linux, osvers=4.9.0-2-amd64, archname=x86_64-linux-thread-multi-ld
uname='linux k93msid 4.9.0-2-amd64 #1 smp debian 4.9.18-1 (2017-03-30) x86_64 gnulinux '
config_args='-Dprefix=/home/sand/src/perl/repoperls/installed-perls/host/k93msid/v5.22.3/5ea4 -Dmyhostname=k93msid -Dinstallusrbinperl=n -Uversiononly -Dusedevel -des -Ui_db -Dlibswanted=cl pthread socket inet nsl gdbm dbm malloc dl ld sun m crypt sec util c cposix posix ucb BSD gdbm_compat -Duseithreads -Duselongdouble -DDEBUGGING=-g'
hint=recommended, useposix=true, d_sigaction=define
useithreads=define, usemultiplicity=define
use64bitint=define, use64bitall=define, uselongdouble=define
usemymalloc=n, bincompat5005=undef
Compiler:
cc='cc', ccflags ='-D_REENTRANT -D_GNU_SOURCE -fwrapv -fno-strict-aliasing -pipe -fstack-protector-strong -I/usr/local/include -D_LARGEFILE_SOURCE -D_FILE_OFFSET_BITS=64',
optimize='-O2 -g',
cppflags='-D_REENTRANT -D_GNU_SOURCE -fwrapv -fno-strict-aliasing -pipe -fstack-protector-strong -I/usr/local/include'
ccversion='', gccversion='6.3.0 20170406', gccosandvers=''
intsize=4, longsize=8, ptrsize=8, doublesize=8, byteorder=12345678, doublekind=3
d_longlong=define, longlongsize=8, d_longdbl=define, longdblsize=16, longdblkind=3
ivtype='long', ivsize=8, nvtype='long double', nvsize=16, Off_t='off_t', lseeksize=8
alignbytes=16, prototype=define
Linker and Libraries:
ld='cc', ldflags =' -fstack-protector-strong -L/usr/local/lib'
libpth=/usr/local/lib /usr/lib/gcc/x86_64-linux-gnu/6/include-fixed /usr/include/x86_64-linux-gnu /usr/lib /lib/x86_64-linux-gnu /lib/../lib /usr/lib/x86_64-linux-gnu /usr/lib/../lib /lib
libs=-lpthread -lnsl -ldl -lm -lcrypt -lutil -lc
perllibs=-lpthread -lnsl -ldl -lm -lcrypt -lutil -lc
libc=libc-2.24.so, so=so, useshrplib=false, libperl=libperl.a
gnulibc_version='2.24'
Dynamic Linking:
dlsrc=dl_dlopen.xs, dlext=so, d_dlsymun=undef, ccdlflags='-Wl,-E'
cccdlflags='-fPIC', lddlflags='-shared -O2 -g -L/usr/local/lib -fstack-protector-strong'
Characteristics of this binary (from libperl):
Compile-time options: HAS_TIMES MULTIPLICITY PERLIO_LAYERS
PERL_DONT_CREATE_GVSV
PERL_HASH_FUNC_ONE_AT_A_TIME_HARD
PERL_IMPLICIT_CONTEXT PERL_MALLOC_WRAP
PERL_NEW_COPY_ON_WRITE PERL_PRESERVE_IVUV
PERL_USE_DEVEL USE_64_BIT_ALL USE_64_BIT_INT
USE_ITHREADS USE_LARGE_FILES USE_LOCALE
USE_LOCALE_COLLATE USE_LOCALE_CTYPE
USE_LOCALE_NUMERIC USE_LOCALE_TIME USE_LONG_DOUBLE
USE_PERLIO USE_PERL_ATOF USE_REENTRANT_API
Locally applied patches:
uncommitted-changes
Built under linux
Compiled at Apr 14 2017 10:11:09
%ENV:
PERL5LIB=""
PERL5OPT=""
PERL5_CPANPLUS_IS_RUNNING="26239"
PERL5_CPAN_IS_RUNNING="26239"
PERL_CANARY_STABILITY_NOPROMPT="1"
PERL_MM_USE_DEFAULT="1"
PERL_USE_UNSAFE_INC="1"
@INC:
/home/sand/src/perl/repoperls/installed-perls/host/k93msid/v5.22.3/5ea4/lib/site_perl/5.22.3/x86_64-linux-thread-multi-ld
/home/sand/src/perl/repoperls/installed-perls/host/k93msid/v5.22.3/5ea4/lib/site_perl/5.22.3
/home/sand/src/perl/repoperls/installed-perls/host/k93msid/v5.22.3/5ea4/lib/5.22.3/x86_64-linux-thread-multi-ld
/home/sand/src/perl/repoperls/installed-perls/host/k93msid/v5.22.3/5ea4/lib/5.22.3
.