Report for Module-Build-Bundle-0.14

Back
From: metabase:user:30ae4450-2aae-11df-837a-5e0a49663a4f
Subject: FAIL Module-Build-Bundle-0.14 v5.10.1 
Date: 2015-08-11T22:56:39Z

This distribution has been tested as part of the CPAN Testers
project, supporting the Perl programming language.  See
http://wiki.cpantesters.org/ for more information or email
questions to cpan-testers-discuss@perl.org


--
Dear jonasbn,

This is a computer-generated report for Module-Build-Bundle-0.14
on perl 5.10.1, created by CPAN-Reporter-1.2011.

Thank you for uploading your work to CPAN.  However, there was a problem
testing your distribution.

If you think this report is invalid, please consult the CPAN Testers Wiki
for suggestions on how to avoid getting FAIL reports for missing library
or binary dependencies, unsupported operating systems, and so on:

http://wiki.cpantesters.org/wiki/CPANAuthorNotes

Sections of this report:

    * Tester comments
    * Program output
    * Prerequisites
    * Environment and other context

------------------------------
TESTER COMMENTS
------------------------------

Additional comments from tester:

this report is from an automated smoke testing program
and was not reviewed by a human for accuracy

------------------------------
PROGRAM OUTPUT
------------------------------

Output from 'C:\strawberry\perl\bin\perl.exe ./Build test':

t\00-load.t .... ok
t\04_critic.t .. skipped: Perl::Critic test. Set $ENV{TEST_CRITIC} to enable: 1-5 for severity, above 5 for resource file
t\changes.t .... ok
t\pod.t ........ skipped: set TEST_POD to enable this test
"-" ­¥ ï¥âáï ¢­ãâ७­¥© ¨«¨ ¢­¥è­¥©
ª®¬ ­¤®©, ¨á¯®«­ï¥¬®© ¯à®£à ¬¬®© ¨«¨ ¯ ª¥â­ë¬ ä ©«®¬.
"-" ­¥ ï¥âáï ¢­ãâ७­¥© ¨«¨ ¢­¥è­¥©
ª®¬ ­¤®©, ¨á¯®«­ï¥¬®© ¯à®£à ¬¬®© ¨«¨ ¯ ª¥â­ë¬ ä ©«®¬.
"-" ­¥ ï¥âáï ¢­ãâ७­¥© ¨«¨ ¢­¥è­¥©
ª®¬ ­¤®©, ¨á¯®«­ï¥¬®© ¯à®£à ¬¬®© ¨«¨ ¯ ª¥â­ë¬ ä ©«®¬.
"-" ­¥ ï¥âáï ¢­ãâ७­¥© ¨«¨ ¢­¥è­¥©
ª®¬ ­¤®©, ¨á¯®«­ï¥¬®© ¯à®£à ¬¬®© ¨«¨ ¯ ª¥â­ë¬ ä ©«®¬.

#   Failed test 'setup (for test method 'do_create_metafile') died (Can't locate the perl binary used to run this script in (C:\strawberry\perl\bin C:\strawberry\perl\bin C:\strawberry\perl\bin . C:\WINDOWS\system32 C:\WINDOWS C:\WINDOWS\System32\Wbem C:\strawberry\c\bin C:\strawberry\perl\site\bin C:\strawberry\perl\bin))'
#   at t\runtests.t line 14.
#   (in Test::Class::Module::Build::Bundle->setup)
"-" ­¥ ï¥âáï ¢­ãâ७­¥© ¨«¨ ¢­¥è­¥©
ª®¬ ­¤®©, ¨á¯®«­ï¥¬®© ¯à®£à ¬¬®© ¨«¨ ¯ ª¥â­ë¬ ä ©«®¬.
"-" ­¥ ï¥âáï ¢­ãâ७­¥© ¨«¨ ¢­¥è­¥©
ª®¬ ­¤®©, ¨á¯®«­ï¥¬®© ¯à®£à ¬¬®© ¨«¨ ¯ ª¥â­ë¬ ä ©«®¬.
"-" ­¥ ï¥âáï ¢­ãâ७­¥© ¨«¨ ¢­¥è­¥©
ª®¬ ­¤®©, ¨á¯®«­ï¥¬®© ¯à®£à ¬¬®© ¨«¨ ¯ ª¥â­ë¬ ä ©«®¬.
"-" ­¥ ï¥âáï ¢­ãâ७­¥© ¨«¨ ¢­¥è­¥©
ª®¬ ­¤®©, ¨á¯®«­ï¥¬®© ¯à®£à ¬¬®© ¨«¨ ¯ ª¥â­ë¬ ä ©«®¬.

#   Failed test 'setup (for test method 'contents') died (Can't locate the perl binary used to run this script in (C:\strawberry\perl\bin C:\strawberry\perl\bin C:\strawberry\perl\bin . C:\WINDOWS\system32 C:\WINDOWS C:\WINDOWS\System32\Wbem C:\strawberry\c\bin C:\strawberry\perl\site\bin C:\strawberry\perl\bin))'
#   at t\runtests.t line 14.
#   (in Test::Class::Module::Build::Bundle::Contents->setup)
"-" ­¥ ï¥âáï ¢­ãâ७­¥© ¨«¨ ¢­¥è­¥©
ª®¬ ­¤®©, ¨á¯®«­ï¥¬®© ¯à®£à ¬¬®© ¨«¨ ¯ ª¥â­ë¬ ä ©«®¬.
"-" ­¥ ï¥âáï ¢­ãâ७­¥© ¨«¨ ¢­¥è­¥©
ª®¬ ­¤®©, ¨á¯®«­ï¥¬®© ¯à®£à ¬¬®© ¨«¨ ¯ ª¥â­ë¬ ä ©«®¬.
"-" ­¥ ï¥âáï ¢­ãâ७­¥© ¨«¨ ¢­¥è­¥©
ª®¬ ­¤®©, ¨á¯®«­ï¥¬®© ¯à®£à ¬¬®© ¨«¨ ¯ ª¥â­ë¬ ä ©«®¬.
"-" ­¥ ï¥âáï ¢­ãâ७­¥© ¨«¨ ¢­¥è­¥©
ª®¬ ­¤®©, ¨á¯®«­ï¥¬®© ¯à®£à ¬¬®© ¨«¨ ¯ ª¥â­ë¬ ä ©«®¬.

#   Failed test 'setup (for test method 'death_by_section_header') died (Can't locate the perl binary used to run this script in (C:\strawberry\perl\bin C:\strawberry\perl\bin C:\strawberry\perl\bin . C:\WINDOWS\system32 C:\WINDOWS C:\WINDOWS\System32\Wbem C:\strawberry\c\bin C:\strawberry\perl\site\bin C:\strawberry\perl\bin))'
#   at t\runtests.t line 14.
#   (in Test::Class::Module::Build::Bundle::Contents->setup)
"-" ­¥ ï¥âáï ¢­ãâ७­¥© ¨«¨ ¢­¥è­¥©
ª®¬ ­¤®©, ¨á¯®«­ï¥¬®© ¯à®£à ¬¬®© ¨«¨ ¯ ª¥â­ë¬ ä ©«®¬.
"-" ­¥ ï¥âáï ¢­ãâ७­¥© ¨«¨ ¢­¥è­¥©
ª®¬ ­¤®©, ¨á¯®«­ï¥¬®© ¯à®£à ¬¬®© ¨«¨ ¯ ª¥â­ë¬ ä ©«®¬.
"-" ­¥ ï¥âáï ¢­ãâ७­¥© ¨«¨ ¢­¥è­¥©
ª®¬ ­¤®©, ¨á¯®«­ï¥¬®© ¯à®£à ¬¬®© ¨«¨ ¯ ª¥â­ë¬ ä ©«®¬.
"-" ­¥ ï¥âáï ¢­ãâ७­¥© ¨«¨ ¢­¥è­¥©
ª®¬ ­¤®©, ¨á¯®«­ï¥¬®© ¯à®£à ¬¬®© ¨«¨ ¯ ª¥â­ë¬ ä ©«®¬.

#   Failed test 'setup (for test method 'extended') died (Can't locate the perl binary used to run this script in (C:\strawberry\perl\bin C:\strawberry\perl\bin C:\strawberry\perl\bin . C:\WINDOWS\system32 C:\WINDOWS C:\WINDOWS\System32\Wbem C:\strawberry\c\bin C:\strawberry\perl\site\bin C:\strawberry\perl\bin))'
#   at t\runtests.t line 14.
#   (in Test::Class::Module::Build::Bundle::Contents->setup)
"-" ­¥ ï¥âáï ¢­ãâ७­¥© ¨«¨ ¢­¥è­¥©
ª®¬ ­¤®©, ¨á¯®«­ï¥¬®© ¯à®£à ¬¬®© ¨«¨ ¯ ª¥â­ë¬ ä ©«®¬.
"-" ­¥ ï¥âáï ¢­ãâ७­¥© ¨«¨ ¢­¥è­¥©
ª®¬ ­¤®©, ¨á¯®«­ï¥¬®© ¯à®£à ¬¬®© ¨«¨ ¯ ª¥â­ë¬ ä ©«®¬.
"-" ­¥ ï¥âáï ¢­ãâ७­¥© ¨«¨ ¢­¥è­¥©
ª®¬ ­¤®©, ¨á¯®«­ï¥¬®© ¯à®£à ¬¬®© ¨«¨ ¯ ª¥â­ë¬ ä ©«®¬.
"-" ­¥ ï¥âáï ¢­ãâ७­¥© ¨«¨ ¢­¥è­¥©
ª®¬ ­¤®©, ¨á¯®«­ï¥¬®© ¯à®£à ¬¬®© ¨«¨ ¯ ª¥â­ë¬ ä ©«®¬.

#   Failed test 'setup (for test method 'section_header') died (Can't locate the perl binary used to run this script in (C:\strawberry\perl\bin C:\strawberry\perl\bin C:\strawberry\perl\bin . C:\WINDOWS\system32 C:\WINDOWS C:\WINDOWS\System32\Wbem C:\strawberry\c\bin C:\strawberry\perl\site\bin C:\strawberry\perl\bin))'
#   at t\runtests.t line 14.
#   (in Test::Class::Module::Build::Bundle::Contents->setup)
# Looks like you failed 5 tests of 38.
t\runtests.t ... 
Dubious, test returned 5 (wstat 1280, 0x500)
Failed 5/38 subtests 
	(less 27 skipped subtests: 6 okay)

Test Summary Report
-------------------
t\runtests.t (Wstat: 1280 Tests: 38 Failed: 5)
  Failed tests:  3, 17, 25, 29, 35
  Non-zero exit status: 5
Files=5, Tests=43,  1 wallclock secs ( 0.00 usr +  0.04 sys =  0.04 CPU)
Result: FAIL
Failed 1/5 test programs. 5/43 subtests failed.

------------------------------
PREREQUISITES
------------------------------

Prerequisite modules loaded:

requires:

    Module                    Need   Have      
    ------------------------- ------ ----------
    Carp                      0      1.26      
    CPAN::Meta::YAML          0      0.016     
    Cwd                       0      3.40      
    English                   0      1.04      
    Env                       0      1.03      
    File::Copy                0      2.14      
    File::Slurp               0      9999.19   
    File::Tempdir             0      0.02      
    FindBin                   0      1.50      
    Module::Build             0.42   0.4214    
    perl                      v5.8.0 5.010001  
    Test::Class               0      0.38      
    Test::Exception           0      0.31      
    Test::MockObject::Extends 0      1.20120301
    Test::More                0      1.001014  
    Tie::IxHash               0      1.23      

build_requires:

    Module                    Need   Have      
    ------------------------- ------ ----------
    CPAN::Meta::YAML          0      0.016     
    Env                       0      1.03      
    File::Copy                0      2.14      
    File::Slurp               0      9999.19   
    File::Stat                0      1.01      
    File::Tempdir             0      0.02      
    FindBin                   0      1.50      
    Test::Class               0      0.38      
    Test::Exception           0      0.31      
    Test::MockObject::Extends 0      1.20120301
    Test::More                0      1.001014  

configure_requires:

    Module                    Need   Have      
    ------------------------- ------ ----------
    Module::Build             0.42   0.4214    


------------------------------
ENVIRONMENT AND OTHER CONTEXT
------------------------------

Environment variables:

    AUTOMATED_TESTING = 1
    COMSPEC = C:\WINDOWS\system32\cmd.exe
    NUMBER_OF_PROCESSORS = 1
    PATH = C:\WINDOWS\system32;C:\WINDOWS;C:\WINDOWS\System32\Wbem;C:\strawberry\c\bin;C:\strawberry\perl\site\bin;C:\strawberry\perl\bin
    PERL5LIB = C:\strawberry\cpan\build\Module-Build-0.4214-IMhUGU/blib/arch;C:\strawberry\cpan\build\Module-Build-0.4214-IMhUGU/blib/lib;C:\strawberry\cpan\build\CPAN-Meta-2.150005-c0b3jW/blib/arch;C:\strawberry\cpan\build\CPAN-Meta-2.150005-c0b3jW/blib/lib;C:\strawberry\cpan\build\Parse-CPAN-Meta-1.4417-daVRzY/blib/arch;C:\strawberry\cpan\build\Parse-CPAN-Meta-1.4417-daVRzY/blib/lib;C:\strawberry\cpan\build\CPAN-Meta-YAML-0.016-HSMcPg/blib/arch;C:\strawberry\cpan\build\CPAN-Meta-YAML-0.016-HSMcPg/blib/lib;C:\strawberry\cpan\build\Test-Simple-1.001014-DocdM8/blib/arch;C:\strawberry\cpan\build\Test-Simple-1.001014-DocdM8/blib/lib
    PERL5OPT = 
    PERL5_CPANPLUS_IS_RUNNING = 22992
    PERL5_CPAN_IS_RUNNING = 22992
    PERL5_CPAN_IS_RUNNING_IN_RECURSION = 232,22992
    PERL_CR_SMOKER_CURRENT = Module-Build-Bundle-0.14
    PERL_CR_SMOKER_RUNONCE = 1
    PERL_EXTUTILS_AUTOINSTALL = --defaultdeps
    PERL_JSON_BACKEND = JSON::XS
    PERL_MM_USE_DEFAULT = 1
    PERL_YAML_BACKEND = YAML
    PROCESSOR_IDENTIFIER = x86 Family 16 Model 5 Stepping 3, AuthenticAMD
    TEMP = C:\DOCUME~1\c\LOCALS~1\Temp
    TERM = dumb

Perl special variables (and OS-specific diagnostics, for MSWin32):

    $^X = C:\strawberry\perl\bin\perl.exe
    $UID/$EUID = 0 / 0
    $GID = 0
    $EGID = 0
    Win32::GetOSName = WinXP/.Net
    Win32::GetOSVersion = Service Pack 3, 5, 1, 2600, 2, 3, 0, 256, 1
    Win32::FsType = NTFS
    Win32::IsAdminUser = 1

Perl module toolchain versions installed:

    Module              Have    
    ------------------- --------
    CPAN                1.9800  
    CPAN::Meta          2.150005
    Cwd                 3.40    
    ExtUtils::CBuilder  0.280202
    ExtUtils::Command   1.17    
    ExtUtils::Install   1.54    
    ExtUtils::MakeMaker 6.64    
    ExtUtils::Manifest  1.60    
    ExtUtils::ParseXS   3.18    
    File::Spec          3.40    
    JSON                2.53    
    JSON::PP            2.27200 
    Module::Build       0.4214  
    Module::Signature   0.66    
    Parse::CPAN::Meta   1.4417  
    Test::Harness       3.28    
    Test::More          1.001014
    YAML                0.84    
    YAML::Syck          1.22    
    version             0.9901  


--

Summary of my perl5 (revision 5 version 10 subversion 1) configuration:
   
  Platform:
    osname=MSWin32, osvers=5.1, archname=MSWin32-x86-multi-thread
    uname='Win32 strawberryperl 5.10.1.5 #1 Sun May 15 09:44:53 2011 i386'
    config_args='undef'
    hint=recommended, useposix=true, d_sigaction=undef
    useithreads=define, usemultiplicity=define
    useperlio=define, d_sfio=undef, uselargefiles=define, usesocks=undef
    use64bitint=undef, use64bitall=undef, uselongdouble=undef
    usemymalloc=n, bincompat5005=undef
  Compiler:
    cc='gcc', ccflags =' -s -O2 -DWIN32 -DHAVE_DES_FCRYPT  -DUSE_SITECUSTOMIZE -DPERL_IMPLICIT_CONTEXT -DPERL_IMPLICIT_SYS -fno-strict-aliasing -DPERL_MSVCRT_READFIX',
    optimize='-s -O2',
    cppflags='-DWIN32'
    ccversion='', gccversion='3.4.5', gccosandvers=''
    intsize=4, longsize=4, ptrsize=4, doublesize=8, byteorder=1234
    d_longlong=undef, longlongsize=8, d_longdbl=define, longdblsize=12
    ivtype='long', ivsize=4, nvtype='double', nvsize=8, Off_t='long long', lseeksize=8
    alignbytes=8, prototype=define
  Linker and Libraries:
    ld='g++', ldflags ='-s -L"C:\strawberry\perl\lib\CORE" -L"C:\strawberry\c\lib"'
    libpth=C:\strawberry\c\lib
    libs= -lmoldname -lkernel32 -luser32 -lgdi32 -lwinspool -lcomdlg32 -ladvapi32 -lshell32 -lole32 -loleaut32 -lnetapi32 -luuid -lws2_32 -lmpr -lwinmm -lversion -lodbc32 -lodbccp32
    perllibs= -lmoldname -lkernel32 -luser32 -lgdi32 -lwinspool -lcomdlg32 -ladvapi32 -lshell32 -lole32 -loleaut32 -lnetapi32 -luuid -lws2_32 -lmpr -lwinmm -lversion -lodbc32 -lodbccp32
    libc=, so=dll, useshrplib=true, libperl=libperl510.a
    gnulibc_version=''
  Dynamic Linking:
    dlsrc=dl_win32.xs, dlext=dll, d_dlsymun=undef, ccdlflags=' '
    cccdlflags=' ', lddlflags='-mdll -s -L"C:\strawberry\perl\lib\CORE" -L"C:\strawberry\c\lib"'


Characteristics of this binary (from libperl): 
  Compile-time options: MULTIPLICITY PERL_DONT_CREATE_GVSV
                        PERL_IMPLICIT_CONTEXT PERL_IMPLICIT_SYS
                        PERL_MALLOC_WRAP PL_OP_SLAB_ALLOC USE_ITHREADS
                        USE_LARGE_FILES USE_PERLIO USE_SITECUSTOMIZE
  Built under MSWin32
  Compiled at May 15 2011 09:50:23
  %ENV:
    PERL5LIB="C:\strawberry\cpan\build\Module-Build-0.4214-IMhUGU/blib/arch;C:\strawberry\cpan\build\Module-Build-0.4214-IMhUGU/blib/lib;C:\strawberry\cpan\build\CPAN-Meta-2.150005-c0b3jW/blib/arch;C:\strawberry\cpan\build\CPAN-Meta-2.150005-c0b3jW/blib/lib;C:\strawberry\cpan\build\Parse-CPAN-Meta-1.4417-daVRzY/blib/arch;C:\strawberry\cpan\build\Parse-CPAN-Meta-1.4417-daVRzY/blib/lib;C:\strawberry\cpan\build\CPAN-Meta-YAML-0.016-HSMcPg/blib/arch;C:\strawberry\cpan\build\CPAN-Meta-YAML-0.016-HSMcPg/blib/lib;C:\strawberry\cpan\build\Test-Simple-1.001014-DocdM8/blib/arch;C:\strawberry\cpan\build\Test-Simple-1.001014-DocdM8/blib/lib"
    PERL5_CPANPLUS_IS_RUNNING="22992"
    PERL5_CPAN_IS_RUNNING="22992"
    PERL5_CPAN_IS_RUNNING_IN_RECURSION="232,22992"
    PERL_CR_SMOKER_CURRENT="Module-Build-Bundle-0.14"
    PERL_CR_SMOKER_RUNONCE="1"
    PERL_EXTUTILS_AUTOINSTALL="--defaultdeps"
    PERL_JSON_BACKEND="JSON::XS"
    PERL_MM_USE_DEFAULT="1"
    PERL_YAML_BACKEND="YAML"
  @INC:
    C:\strawberry\cpan\build\Module-Build-0.4214-IMhUGU/blib/arch
    C:\strawberry\cpan\build\Module-Build-0.4214-IMhUGU/blib/lib
    C:\strawberry\cpan\build\CPAN-Meta-2.150005-c0b3jW/blib/arch
    C:\strawberry\cpan\build\CPAN-Meta-2.150005-c0b3jW/blib/lib
    C:\strawberry\cpan\build\Parse-CPAN-Meta-1.4417-daVRzY/blib/arch
    C:\strawberry\cpan\build\Parse-CPAN-Meta-1.4417-daVRzY/blib/lib
    C:\strawberry\cpan\build\CPAN-Meta-YAML-0.016-HSMcPg/blib/arch
    C:\strawberry\cpan\build\CPAN-Meta-YAML-0.016-HSMcPg/blib/lib
    C:\strawberry\cpan\build\Test-Simple-1.001014-DocdM8/blib/arch
    C:\strawberry\cpan\build\Test-Simple-1.001014-DocdM8/blib/lib
    C:/strawberry/perl/lib
    C:/strawberry/perl/site/lib
    C:\strawberry\perl\vendor\lib
    .