CatalystX-ExtJS-Direct v2.1.5 Perl 5 v5.31.6 x86_64-linux-thread-multi

Status
Fail
From
Slaven Rezić (SREZIC)
Dist
CatalystX-ExtJS-Direct v2.1.5
Platform
Perl 5 v5.31.6 x86_64-linux-thread-multi
Date
2019-12-25 22:34:40
ID
bd545664-2766-11ea-9e5c-a3691f24ea8f
This distribution has been tested as part of the CPAN Testers
project, supporting the Perl programming language.  See
http://wiki.cpantesters.org/ for more information or email
questions to cpan-testers-discuss@perl.org


--
Dear Moritz Onken,

This is a computer-generated report for CatalystX-ExtJS-Direct-2.1.5
on perl 5.31.6, created by CPAN-Reporter-1.2018.

Thank you for uploading your work to CPAN.  However, there was a problem
testing your distribution.

If you think this report is invalid, please consult the CPAN Testers Wiki
for suggestions on how to avoid getting FAIL reports for missing library
or binary dependencies, unsupported operating systems, and so on:

http://wiki.cpantesters.org/wiki/CPANAuthorNotes

Sections of this report:

    * Tester comments
    * Program output
    * Prerequisites
    * Environment and other context

------------------------------
TESTER COMMENTS
------------------------------

Additional comments from tester:

none provided

------------------------------
PROGRAM OUTPUT
------------------------------

Output from './Build test':

# 
# 
# Generated by Dist::Zilla::Plugin::ReportVersions::Tiny v1.10
# perl: 5.031006 (wanted any version) on linux from /opt/perl-5.31.6t/bin/perl5.31.6
# 
# Catalyst::Action::REST                        => 1.21       (want 0.88)   
# Catalyst::Action::RenderView                  => 0.16       (want any version)
# Catalyst::Runtime                             => 5.90124    (want 5.80024)
# JSON                                          => 4.02       (want any version)
# Module::Build                                 => 0.4229     (want 0.3601) 
# Moose                                         => 2.2012     (want 1.21)   
# Test::More                                    => 1.302170   (want 0.88)   
# Try::Tiny                                     => 0.30       (want any version)
# 
# Thanks for using my code.  I hope it works for you.
# If not, please try and include this output in the bug report.
# That will help me reproduce the issue and solve your problem.
# 
t/000-report-versions-tiny.t .. ok
Base class package "Catalyst::View::JSON" is empty.
    (Perhaps you need to 'use' the module which defines that package first,
    or make that module available in @INC (@INC contains: t/lib /home/cpansand/.cpan/build/2019122520/CatalystX-ExtJS-Direct-2.1.5-0/blib/lib /home/cpansand/.cpan/build/2019122520/CatalystX-ExtJS-Direct-2.1.5-0/blib/arch /opt/perl-5.31.6t/lib/site_perl/5.31.6/x86_64-linux-thread-multi /opt/perl-5.31.6t/lib/site_perl/5.31.6 /opt/perl-5.31.6t/lib/5.31.6/x86_64-linux-thread-multi /opt/perl-5.31.6t/lib/5.31.6 .).
 at t/lib/MyApp/View/JSON.pm line 13.
BEGIN failed--compilation aborted at t/lib/MyApp/View/JSON.pm line 13.
Compilation failed in require at /opt/perl-5.31.6t/lib/site_perl/5.31.6/Catalyst/Utils.pm line 309.
Compilation failed in require at /opt/perl-5.31.6t/lib/site_perl/5.31.6/Test/WWW/Mechanize/Catalyst.pm line 245.
	Test::WWW::Mechanize::Catalyst::import("Test::WWW::Mechanize::Catalyst", "MyApp") called at t/api.t line 11
	main::BEGIN() called at t/api.t line 11
	eval {...} called at t/api.t line 11
BEGIN failed--compilation aborted at t/api.t line 11.
t/api.t ....................... 
Dubious, test returned 2 (wstat 512, 0x200)
No subtests run 
Base class package "Catalyst::View::JSON" is empty.
    (Perhaps you need to 'use' the module which defines that package first,
    or make that module available in @INC (@INC contains: t/lib /home/cpansand/.cpan/build/2019122520/CatalystX-ExtJS-Direct-2.1.5-0/blib/lib /home/cpansand/.cpan/build/2019122520/CatalystX-ExtJS-Direct-2.1.5-0/blib/arch /opt/perl-5.31.6t/lib/site_perl/5.31.6/x86_64-linux-thread-multi /opt/perl-5.31.6t/lib/site_perl/5.31.6 /opt/perl-5.31.6t/lib/5.31.6/x86_64-linux-thread-multi /opt/perl-5.31.6t/lib/5.31.6 .).
 at t/lib/MyApp/View/JSON.pm line 13.
BEGIN failed--compilation aborted at t/lib/MyApp/View/JSON.pm line 13.
Compilation failed in require at /opt/perl-5.31.6t/lib/site_perl/5.31.6/Catalyst/Utils.pm line 309.
Compilation failed in require at /opt/perl-5.31.6t/lib/site_perl/5.31.6/Test/WWW/Mechanize/Catalyst.pm line 245.
	Test::WWW::Mechanize::Catalyst::import("Test::WWW::Mechanize::Catalyst", "MyApp") called at t/exception.t line 11
	main::BEGIN() called at t/exception.t line 11
	eval {...} called at t/exception.t line 11
BEGIN failed--compilation aborted at t/exception.t line 11.
t/exception.t ................. 
Dubious, test returned 2 (wstat 512, 0x200)
No subtests run 
Base class package "Catalyst::View::JSON" is empty.
    (Perhaps you need to 'use' the module which defines that package first,
    or make that module available in @INC (@INC contains: t/lib /home/cpansand/.cpan/build/2019122520/CatalystX-ExtJS-Direct-2.1.5-0/blib/lib /home/cpansand/.cpan/build/2019122520/CatalystX-ExtJS-Direct-2.1.5-0/blib/arch /opt/perl-5.31.6t/lib/site_perl/5.31.6/x86_64-linux-thread-multi /opt/perl-5.31.6t/lib/site_perl/5.31.6 /opt/perl-5.31.6t/lib/5.31.6/x86_64-linux-thread-multi /opt/perl-5.31.6t/lib/5.31.6 .).
 at t/lib/MyApp/View/JSON.pm line 13.
BEGIN failed--compilation aborted at t/lib/MyApp/View/JSON.pm line 13.
Compilation failed in require at /opt/perl-5.31.6t/lib/site_perl/5.31.6/Catalyst/Utils.pm line 309.
Compilation failed in require at /opt/perl-5.31.6t/lib/site_perl/5.31.6/Test/WWW/Mechanize/Catalyst.pm line 245.
	Test::WWW::Mechanize::Catalyst::import("Test::WWW::Mechanize::Catalyst", "MyApp") called at t/json.t line 11
	main::BEGIN() called at t/json.t line 11
	eval {...} called at t/json.t line 11
BEGIN failed--compilation aborted at t/json.t line 11.
t/json.t ...................... 
Dubious, test returned 2 (wstat 512, 0x200)
No subtests run 
Base class package "Catalyst::View::JSON" is empty.
    (Perhaps you need to 'use' the module which defines that package first,
    or make that module available in @INC (@INC contains: t/lib /home/cpansand/.cpan/build/2019122520/CatalystX-ExtJS-Direct-2.1.5-0/blib/lib /home/cpansand/.cpan/build/2019122520/CatalystX-ExtJS-Direct-2.1.5-0/blib/arch /opt/perl-5.31.6t/lib/site_perl/5.31.6/x86_64-linux-thread-multi /opt/perl-5.31.6t/lib/site_perl/5.31.6 /opt/perl-5.31.6t/lib/5.31.6/x86_64-linux-thread-multi /opt/perl-5.31.6t/lib/5.31.6 .).
 at t/lib/MyApp/View/JSON.pm line 13.
BEGIN failed--compilation aborted at t/lib/MyApp/View/JSON.pm line 13.
Compilation failed in require at /opt/perl-5.31.6t/lib/site_perl/5.31.6/Catalyst/Utils.pm line 309.
Compilation failed in require at /opt/perl-5.31.6t/lib/site_perl/5.31.6/Test/WWW/Mechanize/Catalyst.pm line 245.
	Test::WWW::Mechanize::Catalyst::import("Test::WWW::Mechanize::Catalyst", "MyApp") called at t/router.t line 11
	main::BEGIN() called at t/router.t line 11
	eval {...} called at t/router.t line 11
BEGIN failed--compilation aborted at t/router.t line 11.
t/router.t .................... 
Dubious, test returned 2 (wstat 512, 0x200)
No subtests run 
Base class package "Catalyst::View::JSON" is empty.
    (Perhaps you need to 'use' the module which defines that package first,
    or make that module available in @INC (@INC contains: t/lib /home/cpansand/.cpan/build/2019122520/CatalystX-ExtJS-Direct-2.1.5-0/blib/lib /home/cpansand/.cpan/build/2019122520/CatalystX-ExtJS-Direct-2.1.5-0/blib/arch /opt/perl-5.31.6t/lib/site_perl/5.31.6/x86_64-linux-thread-multi /opt/perl-5.31.6t/lib/site_perl/5.31.6 /opt/perl-5.31.6t/lib/5.31.6/x86_64-linux-thread-multi /opt/perl-5.31.6t/lib/5.31.6 .).
 at t/lib/MyApp/View/JSON.pm line 13.
BEGIN failed--compilation aborted at t/lib/MyApp/View/JSON.pm line 13.
Compilation failed in require at /opt/perl-5.31.6t/lib/site_perl/5.31.6/Catalyst/Utils.pm line 309.
Compilation failed in require at /opt/perl-5.31.6t/lib/site_perl/5.31.6/Test/WWW/Mechanize/Catalyst.pm line 245.
	Test::WWW::Mechanize::Catalyst::import("Test::WWW::Mechanize::Catalyst", "MyApp") called at t/synopsis.t line 11
	main::BEGIN() called at t/synopsis.t line 11
	eval {...} called at t/synopsis.t line 11
BEGIN failed--compilation aborted at t/synopsis.t line 11.
t/synopsis.t .................. 
Dubious, test returned 2 (wstat 512, 0x200)
No subtests run 

Test Summary Report
-------------------
t/api.t                     (Wstat: 512 Tests: 0 Failed: 0)
  Non-zero exit status: 2
  Parse errors: No plan found in TAP output
t/exception.t               (Wstat: 512 Tests: 0 Failed: 0)
  Non-zero exit status: 2
  Parse errors: No plan found in TAP output
t/json.t                    (Wstat: 512 Tests: 0 Failed: 0)
  Non-zero exit status: 2
  Parse errors: No plan found in TAP output
t/router.t                  (Wstat: 512 Tests: 0 Failed: 0)
  Non-zero exit status: 2
  Parse errors: No plan found in TAP output
t/synopsis.t                (Wstat: 512 Tests: 0 Failed: 0)
  Non-zero exit status: 2
  Parse errors: No plan found in TAP output
Files=6, Tests=1,  3 wallclock secs ( 0.02 usr  0.06 sys +  2.37 cusr  0.49 csys =  2.94 CPU)
Result: FAIL
Failed 5/6 test programs. 0/1 subtests failed.

------------------------------
PREREQUISITES
------------------------------

Prerequisite modules loaded:

requires:

    Module                       Need    Have    
    ---------------------------- ------- --------
    Catalyst::Action::RenderView 0       0.16    
    Catalyst::Action::REST       0.88    1.21    
    Catalyst::Runtime            5.80024 5.90124 
    JSON                         0       4.02    
    Moose                        1.21    2.2012  
    Try::Tiny                    0       0.30    

build_requires:

    Module                       Need    Have    
    ---------------------------- ------- --------
    Module::Build                0.3601  0.4229  
    Test::More                   0.88    1.302170

configure_requires:

    Module                       Need    Have    
    ---------------------------- ------- --------
    Module::Build                0.3601  0.4229  


------------------------------
ENVIRONMENT AND OTHER CONTEXT
------------------------------

Environment variables:

    LANG = en_US.UTF-8
    PATH = /usr/local/bin:/usr/bin:/bin:/usr/local/sbin:/usr/sbin:/sbin:/home/cpansand/bin/linux-gnu:/home/cpansand/bin/sh:/home/cpansand/bin:/usr/games:/home/cpansand/devel:/home/eserte/src/srezic-misc/scripts
    PERL5LIB = 
    PERL5OPT = 
    PERL5_CPANPLUS_IS_RUNNING = 29929
    PERL5_CPAN_IS_RUNNING = 29929
    PERL5_CPAN_IS_RUNNING_IN_RECURSION = 29904,29929
    PERLDOC = -MPod::Perldoc::ToTextOverstrike
    PERL_BATCH = yes
    PERL_CANARY_STABILITY_NOPROMPT = 1
    PERL_CPAN_REPORTER_CONFIG = /var/tmp/cpansmoker-1023/2019122520/cpanreporter_000_config.ini
    PERL_EXTUTILS_AUTOINSTALL = --defaultdeps
    PERL_USE_UNSAFE_INC = 1
    SHELL = /usr/bin/zsh
    TERM = screen
    TMPDIR = /var/tmp/cpansmoker-1023/2019122520

Perl special variables (and OS-specific diagnostics, for MSWin32):

    $^X = /opt/perl-5.31.6t/bin/perl5.31.6
    $UID/$EUID = 1023 / 1023
    $GID = 1023 1023
    $EGID = 1023 1023

Perl module toolchain versions installed:

    Module              Have    
    ------------------- --------
    CPAN                2.27    
    CPAN::Meta          2.150010
    Cwd                 3.78    
    ExtUtils::CBuilder  0.280233
    ExtUtils::Command   7.42    
    ExtUtils::Install   2.14    
    ExtUtils::MakeMaker 7.42    
    ExtUtils::Manifest  1.72    
    ExtUtils::ParseXS   3.40    
    File::Spec          3.78    
    JSON                4.02    
    JSON::PP            4.04    
    Module::Build       0.4229  
    Module::Signature   n/a     
    Parse::CPAN::Meta   2.150010
    Test::Harness       3.42    
    Test::More          1.302170
    YAML                1.29    
    YAML::Syck          1.31    
    version             0.9924  


--

Summary of my perl5 (revision 5 version 31 subversion 6) configuration:
   
  Platform:
    osname=linux
    osvers=4.15.0-70-generic
    archname=x86_64-linux-thread-multi
    uname='linux ubuntu18 4.15.0-70-generic #79-ubuntu smp tue nov 12 10:36:11 utc 2019 x86_64 x86_64 x86_64 gnulinux '
    config_args='-ds -e -Dprefix=/opt/perl-5.31.6t -Dusedevel -Dusemallocwrap=no -Dusethreads -Dcf_email=srezic@cpan.org'
    hint=recommended
    useposix=true
    d_sigaction=define
    useithreads=define
    usemultiplicity=define
    use64bitint=define
    use64bitall=define
    uselongdouble=undef
    usemymalloc=n
    default_inc_excludes_dot=define
    bincompat5005=undef
  Compiler:
    cc='cc'
    ccflags ='-D_REENTRANT -D_GNU_SOURCE -fwrapv -fno-strict-aliasing -pipe -fstack-protector-strong -I/usr/local/include -D_LARGEFILE_SOURCE -D_FILE_OFFSET_BITS=64'
    optimize='-O2'
    cppflags='-D_REENTRANT -D_GNU_SOURCE -fwrapv -fno-strict-aliasing -pipe -fstack-protector-strong -I/usr/local/include'
    ccversion=''
    gccversion='7.4.0'
    gccosandvers=''
    intsize=4
    longsize=8
    ptrsize=8
    doublesize=8
    byteorder=12345678
    doublekind=3
    d_longlong=define
    longlongsize=8
    d_longdbl=define
    longdblsize=16
    longdblkind=3
    ivtype='long'
    ivsize=8
    nvtype='double'
    nvsize=8
    Off_t='off_t'
    lseeksize=8
    alignbytes=8
    prototype=define
  Linker and Libraries:
    ld='cc'
    ldflags =' -fstack-protector-strong -L/usr/local/lib'
    libpth=/usr/local/lib /usr/lib/gcc/x86_64-linux-gnu/7/include-fixed /usr/include/x86_64-linux-gnu /usr/lib /lib/x86_64-linux-gnu /lib/../lib /usr/lib/x86_64-linux-gnu /usr/lib/../lib /lib
    libs=-lpthread -lnsl -lgdbm -ldb -ldl -lm -lcrypt -lutil -lc
    perllibs=-lpthread -lnsl -ldl -lm -lcrypt -lutil -lc
    libc=libc-2.27.so
    so=so
    useshrplib=false
    libperl=libperl.a
    gnulibc_version='2.27'
  Dynamic Linking:
    dlsrc=dl_dlopen.xs
    dlext=so
    d_dlsymun=undef
    ccdlflags='-Wl,-E'
    cccdlflags='-fPIC'
    lddlflags='-shared -O2 -L/usr/local/lib -fstack-protector-strong'


Characteristics of this binary (from libperl): 
  Compile-time options:
    HAS_TIMES
    MULTIPLICITY
    PERLIO_LAYERS
    PERL_COPY_ON_WRITE
    PERL_DONT_CREATE_GVSV
    PERL_IMPLICIT_CONTEXT
    PERL_OP_PARENT
    PERL_PRESERVE_IVUV
    PERL_USE_DEVEL
    USE_64_BIT_ALL
    USE_64_BIT_INT
    USE_ITHREADS
    USE_LARGE_FILES
    USE_LOCALE
    USE_LOCALE_COLLATE
    USE_LOCALE_CTYPE
    USE_LOCALE_NUMERIC
    USE_LOCALE_TIME
    USE_PERLIO
    USE_PERL_ATOF
    USE_REENTRANT_API
    USE_THREAD_SAFE_LOCALE
  Built under linux
  Compiled at Nov 21 2019 07:00:12
  %ENV:
    PERL5LIB=""
    PERL5OPT=""
    PERL5_CPANPLUS_IS_RUNNING="29929"
    PERL5_CPAN_IS_RUNNING="29929"
    PERL5_CPAN_IS_RUNNING_IN_RECURSION="29904,29929"
    PERLDOC="-MPod::Perldoc::ToTextOverstrike"
    PERL_BATCH="yes"
    PERL_CANARY_STABILITY_NOPROMPT="1"
    PERL_CPAN_REPORTER_CONFIG="/var/tmp/cpansmoker-1023/2019122520/cpanreporter_000_config.ini"
    PERL_EXTUTILS_AUTOINSTALL="--defaultdeps"
    PERL_USE_UNSAFE_INC="1"
  @INC:
    /opt/perl-5.31.6t/lib/site_perl/5.31.6/x86_64-linux-thread-multi
    /opt/perl-5.31.6t/lib/site_perl/5.31.6
    /opt/perl-5.31.6t/lib/5.31.6/x86_64-linux-thread-multi
    /opt/perl-5.31.6t/lib/5.31.6
    .