Back
From: metabase:user:320bfe00-2aae-11df-837a-5e0a49663a4f
Subject: FAIL Games-Framework-RCP-0.04_01 v5.22.1 GNU/Linux
Date: 2016-01-15T17:52:27Z
This distribution has been tested as part of the CPAN Testers
project, supporting the Perl programming language. See
http://wiki.cpantesters.org/ for more information or email
questions to cpan-testers-discuss@perl.org
--
Dear Jason Felds,
This is a computer-generated report for Games-Framework-RCP-0.04_01
on perl 5.22.1, created by CPAN-Reporter-1.2015.
Thank you for uploading your work to CPAN. However, there was a problem
testing your distribution.
If you think this report is invalid, please consult the CPAN Testers Wiki
for suggestions on how to avoid getting FAIL reports for missing library
or binary dependencies, unsupported operating systems, and so on:
http://wiki.cpantesters.org/wiki/CPANAuthorNotes
Sections of this report:
* Tester comments
* Program output
* Prerequisites
* Environment and other context
------------------------------
TESTER COMMENTS
------------------------------
Additional comments from tester:
this report is from an automated smoke testing program
and was not reviewed by a human for accuracy
------------------------------
PROGRAM OUTPUT
------------------------------
Output from '/usr/bin/make test':
PERL_DL_NONLAZY=1 "/home/sand/src/perl/repoperls/installed-perls/perl/v5.22.1/8d81/bin/perl" "-MExtUtils::Command::MM" "-MTest::Harness" "-e" "undef *Test::Harness::Switches; test_harness(0, 'blib/lib', 'blib/arch')" t/*.t t/*/*.t t/*/*/*.t
DBIx::Class::Componentised::inject_base(): Use of DBIx::Class::UTF8Columns is strongly discouraged. See documentation of DBIx::Class::UTF8Columns for more info
t/00-load.t .............. ok
DBIx::Class::Componentised::inject_base(): Use of DBIx::Class::UTF8Columns is strongly discouraged. See documentation of DBIx::Class::UTF8Columns for more info
t/01_pod/pod-coverage.t .. ok
# Failed test 'POD test for blib/lib/Games/Framework/RCP/Database/Result/ItemWithStat.pm'
# at /home/sand/src/perl/repoperls/installed-perls/perl/v5.22.1/8d81/lib/site_perl/5.22.1/Test/Pod.pm line 187.
Wide character in print at /home/sand/src/perl/repoperls/installed-perls/perl/v5.22.1/8d81/lib/site_perl/5.22.1/Test2/Formatter/TAP.pm line 99.
# blib/lib/Games/Framework/RCP/Database/Result/ItemWithStat.pm (115): Non-ASCII character seen before =encoding in 'â'. Assuming UTF-8
# Failed test 'POD test for blib/lib/Games/Framework/RCP/Database/Result/Color.pm'
# at /home/sand/src/perl/repoperls/installed-perls/perl/v5.22.1/8d81/lib/site_perl/5.22.1/Test/Pod.pm line 187.
Wide character in print at /home/sand/src/perl/repoperls/installed-perls/perl/v5.22.1/8d81/lib/site_perl/5.22.1/Test2/Formatter/TAP.pm line 99.
# blib/lib/Games/Framework/RCP/Database/Result/Color.pm (152): Non-ASCII character seen before =encoding in 'âº'. Assuming UTF-8
# Looks like you failed 2 tests of 46.
t/01_pod/pod.t ...........
Dubious, test returned 2 (wstat 512, 0x200)
Failed 2/46 subtests
DBIx::Class::Componentised::inject_base(): Use of DBIx::Class::UTF8Columns is strongly discouraged. See documentation of DBIx::Class::UTF8Columns for more info
DBIx::Class::Storage::DBI::catch {...} (): DBIx::Class::Storage::DBI::try {...} (): DBI Exception: DBD::SQLite::db do failed: near "(": syntax error at t/lib/RCPTest.pm line 17
(running "CREATE TABLE combatants (
-- ID of the combatant.
id_combatant INTEGER PRIMARY KEY NOT NULL,
-- Time the combatant joined.
join_time datetime NOT NULL DEFAULT now(),
-- ID of the character.
fkey_character integer NOT NULL,
-- ID of the primary class.
fkey_class integer NOT NULL,
-- ID of the class the combatant joined as.
starting_job integer NOT NULL,
-- The secondary class a fighter may bring.
secondary varchar(32),
-- A support skill a fighter may bring.
support varchar(32),
-- A reaction skill a fighter may bring.
reaction varchar(32),
-- The current name of the fighter. Can be renamed mid-fight.
display_name varchar(32) NOT NULL,
-- HP
hp numeric(12,4) NOT NULL,
-- MP
mp numeric(12,4) NOT NULL,
-- PP
pp numeric(12,4) NOT NULL,
-- Max HP.
max_hp numeric(12,4) NOT NULL,
-- Max MP.
max_mp numeric(12,4) NOT NULL,
-- Max PP
max_pp numeric(12,4) NOT NULL,
-- Charge Time. Unit of measurement to see who moves.
ct numeric(12,4) NOT NULL,
-- Speed
spd numeric(12,4) NOT NULL,
-- Physical Attack
patk numeric(12,4) NOT NULL,
-- Magical Attack
matk numeric(12,4) NOT NULL,
-- Physical Defense
pdef numeric(12,4) NOT NULL,
-- Magical Defense
mdef numeric(12,4) NOT NULL,
-- Physical Accuracy
pacc numeric(12,4) NOT NULL,
-- Magical Accuracy
macc numeric(12,4) NOT NULL,
-- Physical Evade
pevd numeric(12,4) NOT NULL,
-- Magical Evade
mevd numeric(12,4) NOT NULL,
FOREIGN KEY (fkey_character) REFERENCES characters(id_character) ON DELETE CASCADE,
FOREIGN KEY (starting_job) REFERENCES classes(id_class)
)") at t/lib/RCPTest.pm line 17
DBIx::Class::Storage::DBI::catch {...} (): DBIx::Class::Storage::DBI::try {...} (): DBI Exception: DBD::SQLite::db do failed: no such table: main.combatants at t/lib/RCPTest.pm line 17
(running "CREATE INDEX combatants_idx_fkey_character ON combatants (fkey_character)") at t/lib/RCPTest.pm line 17
DBIx::Class::Storage::DBI::catch {...} (): DBIx::Class::Storage::DBI::try {...} (): DBI Exception: DBD::SQLite::db do failed: no such table: main.combatants at t/lib/RCPTest.pm line 17
(running "CREATE INDEX combatants_idx_starting_job ON combatants (starting_job)") at t/lib/RCPTest.pm line 17
DBIx::Class::Storage::DBI::catch {...} (): DBIx::Class::Storage::DBI::try {...} (): DBI Exception: DBD::SQLite::db do failed: no such table: main.combatants at t/lib/RCPTest.pm line 17
(running "CREATE UNIQUE INDEX combatants_fkey_character ON combatants (fkey_character)") at t/lib/RCPTest.pm line 17
DBIx::Class::Storage::DBI::catch {...} (): DBIx::Class::Storage::DBI::try {...} (): DBI Exception: DBD::SQLite::db do failed: near "(": syntax error at t/lib/RCPTest.pm line 17
(running "CREATE TABLE combatant_equip_history (
-- ID of the combatant / item combination.
id_combatant_equip_history INTEGER PRIMARY KEY NOT NULL,
-- ID of the combatant.
fkey_combatant integer NOT NULL,
-- ID of the item.
fkey_item integer NOT NULL,
-- Time the item was used ont he combatant.
equip_time datetime NOT NULL DEFAULT now(),
-- How far in the battle when the item was equipped.
fight_length integer,
FOREIGN KEY (fkey_combatant) REFERENCES combatants(id_combatant) ON DELETE CASCADE ON UPDATE CASCADE,
FOREIGN KEY (fkey_item) REFERENCES items(id_item) ON DELETE CASCADE ON UPDATE CASCADE
)") at t/lib/RCPTest.pm line 17
DBIx::Class::Storage::DBI::catch {...} (): DBIx::Class::Storage::DBI::try {...} (): DBI Exception: DBD::SQLite::db do failed: no such table: main.combatant_equip_history at t/lib/RCPTest.pm line 17
(running "CREATE INDEX combatant_equip_history_idx_fkey_combatant ON combatant_equip_history (fkey_combatant)") at t/lib/RCPTest.pm line 17
DBIx::Class::Storage::DBI::catch {...} (): DBIx::Class::Storage::DBI::try {...} (): DBI Exception: DBD::SQLite::db do failed: no such table: main.combatant_equip_history at t/lib/RCPTest.pm line 17
(running "CREATE INDEX combatant_equip_history_idx_fkey_item ON combatant_equip_history (fkey_item)") at t/lib/RCPTest.pm line 17
DBIx::Class::Storage::DBI::catch {...} (): DBIx::Class::Storage::DBI::try {...} (): DBI Exception: DBD::SQLite::db do failed: no such table: main.combatant_equip_history at t/lib/RCPTest.pm line 17
(running "CREATE UNIQUE INDEX combatant_equip_history_fkey_combatant_fkey_item_equip_time ON combatant_equip_history (fkey_combatant, fkey_item, equip_time)") at t/lib/RCPTest.pm line 17
t/11_dblogin/01_setup.t .. ok
DBIx::Class::Componentised::inject_base(): Use of DBIx::Class::UTF8Columns is strongly discouraged. See documentation of DBIx::Class::UTF8Columns for more info
DBIx::Class::Storage::DBI::catch {...} (): DBIx::Class::Storage::DBI::try {...} (): DBI Exception: DBD::SQLite::db do failed: near "(": syntax error at t/lib/RCPTest.pm line 17
(running "CREATE TABLE combatants (
-- ID of the combatant.
id_combatant INTEGER PRIMARY KEY NOT NULL,
-- Time the combatant joined.
join_time datetime NOT NULL DEFAULT now(),
-- ID of the character.
fkey_character integer NOT NULL,
-- ID of the primary class.
fkey_class integer NOT NULL,
-- ID of the class the combatant joined as.
starting_job integer NOT NULL,
-- The secondary class a fighter may bring.
secondary varchar(32),
-- A support skill a fighter may bring.
support varchar(32),
-- A reaction skill a fighter may bring.
reaction varchar(32),
-- The current name of the fighter. Can be renamed mid-fight.
display_name varchar(32) NOT NULL,
-- HP
hp numeric(12,4) NOT NULL,
-- MP
mp numeric(12,4) NOT NULL,
-- PP
pp numeric(12,4) NOT NULL,
-- Max HP.
max_hp numeric(12,4) NOT NULL,
-- Max MP.
max_mp numeric(12,4) NOT NULL,
-- Max PP
max_pp numeric(12,4) NOT NULL,
-- Charge Time. Unit of measurement to see who moves.
ct numeric(12,4) NOT NULL,
-- Speed
spd numeric(12,4) NOT NULL,
-- Physical Attack
patk numeric(12,4) NOT NULL,
-- Magical Attack
matk numeric(12,4) NOT NULL,
-- Physical Defense
pdef numeric(12,4) NOT NULL,
-- Magical Defense
mdef numeric(12,4) NOT NULL,
-- Physical Accuracy
pacc numeric(12,4) NOT NULL,
-- Magical Accuracy
macc numeric(12,4) NOT NULL,
-- Physical Evade
pevd numeric(12,4) NOT NULL,
-- Magical Evade
mevd numeric(12,4) NOT NULL,
FOREIGN KEY (fkey_character) REFERENCES characters(id_character) ON DELETE CASCADE,
FOREIGN KEY (starting_job) REFERENCES classes(id_class)
)") at t/lib/RCPTest.pm line 17
DBIx::Class::Storage::DBI::catch {...} (): DBIx::Class::Storage::DBI::try {...} (): DBI Exception: DBD::SQLite::db do failed: no such table: main.combatants at t/lib/RCPTest.pm line 17
(running "CREATE INDEX combatants_idx_fkey_character ON combatants (fkey_character)") at t/lib/RCPTest.pm line 17
DBIx::Class::Storage::DBI::catch {...} (): DBIx::Class::Storage::DBI::try {...} (): DBI Exception: DBD::SQLite::db do failed: no such table: main.combatants at t/lib/RCPTest.pm line 17
(running "CREATE INDEX combatants_idx_starting_job ON combatants (starting_job)") at t/lib/RCPTest.pm line 17
DBIx::Class::Storage::DBI::catch {...} (): DBIx::Class::Storage::DBI::try {...} (): DBI Exception: DBD::SQLite::db do failed: no such table: main.combatants at t/lib/RCPTest.pm line 17
(running "CREATE UNIQUE INDEX combatants_fkey_character ON combatants (fkey_character)") at t/lib/RCPTest.pm line 17
DBIx::Class::Storage::DBI::catch {...} (): DBIx::Class::Storage::DBI::try {...} (): DBI Exception: DBD::SQLite::db do failed: near "(": syntax error at t/lib/RCPTest.pm line 17
(running "CREATE TABLE combatant_equip_history (
-- ID of the combatant / item combination.
id_combatant_equip_history INTEGER PRIMARY KEY NOT NULL,
-- ID of the combatant.
fkey_combatant integer NOT NULL,
-- ID of the item.
fkey_item integer NOT NULL,
-- Time the item was used ont he combatant.
equip_time datetime NOT NULL DEFAULT now(),
-- How far in the battle when the item was equipped.
fight_length integer,
FOREIGN KEY (fkey_combatant) REFERENCES combatants(id_combatant) ON DELETE CASCADE ON UPDATE CASCADE,
FOREIGN KEY (fkey_item) REFERENCES items(id_item) ON DELETE CASCADE ON UPDATE CASCADE
)") at t/lib/RCPTest.pm line 17
DBIx::Class::Storage::DBI::catch {...} (): DBIx::Class::Storage::DBI::try {...} (): DBI Exception: DBD::SQLite::db do failed: no such table: main.combatant_equip_history at t/lib/RCPTest.pm line 17
(running "CREATE INDEX combatant_equip_history_idx_fkey_combatant ON combatant_equip_history (fkey_combatant)") at t/lib/RCPTest.pm line 17
DBIx::Class::Storage::DBI::catch {...} (): DBIx::Class::Storage::DBI::try {...} (): DBI Exception: DBD::SQLite::db do failed: no such table: main.combatant_equip_history at t/lib/RCPTest.pm line 17
(running "CREATE INDEX combatant_equip_history_idx_fkey_item ON combatant_equip_history (fkey_item)") at t/lib/RCPTest.pm line 17
DBIx::Class::Storage::DBI::catch {...} (): DBIx::Class::Storage::DBI::try {...} (): DBI Exception: DBD::SQLite::db do failed: no such table: main.combatant_equip_history at t/lib/RCPTest.pm line 17
(running "CREATE UNIQUE INDEX combatant_equip_history_fkey_combatant_fkey_item_equip_time ON combatant_equip_history (fkey_combatant, fkey_item, equip_time)") at t/lib/RCPTest.pm line 17
DBIx::Class::Storage::DBI::_prepare_sth(): DBI Exception: DBD::SQLite::db prepare_cached failed: no such table: combatants [for Statement "SELECT COUNT( * ) FROM combatants me"] at t/11_dblogin/02_empty.t line 13
# Looks like your test exited with 2 just after 2.
t/11_dblogin/02_empty.t ..
Dubious, test returned 2 (wstat 512, 0x200)
Failed 41/43 subtests
Test Summary Report
-------------------
t/01_pod/pod.t (Wstat: 512 Tests: 46 Failed: 2)
Failed tests: 19, 43
Non-zero exit status: 2
t/11_dblogin/02_empty.t (Wstat: 512 Tests: 2 Failed: 0)
Non-zero exit status: 2
Parse errors: Bad plan. You planned 43 tests but ran 2.
Files=5, Tests=142, 7 wallclock secs ( 0.03 usr 0.05 sys + 2.74 cusr 0.30 csys = 3.12 CPU)
Result: FAIL
Failed 2/5 test programs. 2/142 subtests failed.
Makefile:1118: recipe for target 'test_dynamic' failed
make: *** [test_dynamic] Error 2
------------------------------
PREREQUISITES
------------------------------
Prerequisite modules loaded:
requires:
Module Need Have
------------------- ------ --------
DBIx::Class 0.0801 0.082820
Exception::Class 1.23 1.39
SQL::Translator 0.08 0.11021
Sub::Exporter 0.981 0.987
build_requires:
Module Need Have
------------------- ------ --------
ExtUtils::MakeMaker 0 7.10
------------------------------
ENVIRONMENT AND OTHER CONTEXT
------------------------------
Environment variables:
AUTOMATED_TESTING = 1
LANG = en_US.UTF-8
LANGUAGE = en_US:en
PATH = /home/sand/bin:/usr/local/bin:/usr/bin:/bin:/usr/games:/usr/local/perl/bin:/usr/X11/bin:/sbin:/usr/sbin
PERL5LIB =
PERL5OPT =
PERL5_CPANPLUS_IS_RUNNING = 17204
PERL5_CPAN_IS_RUNNING = 17204
PERL_MM_USE_DEFAULT = 1
SHELL = /usr/bin/zsh
TERM = screen
Perl special variables (and OS-specific diagnostics, for MSWin32):
$^X = /home/sand/src/perl/repoperls/installed-perls/perl/v5.22.1/8d81/bin/perl
$UID/$EUID = 1005 / 1005
$GID = 1005 1005
$EGID = 1005 1005
Perl module toolchain versions installed:
Module Have
------------------- ------------
CPAN 2.11
CPAN::Meta 2.150005
Cwd 3.62
ExtUtils::CBuilder 0.280224
ExtUtils::Command 7.10
ExtUtils::Install 2.04
ExtUtils::MakeMaker 7.10
ExtUtils::Manifest 1.70
ExtUtils::ParseXS 3.28
File::Spec 3.62
JSON 2.90
JSON::PP 2.27300
Module::Build 0.4214
Module::Signature 0.79
Parse::CPAN::Meta 1.4417
Test::Harness 3.36
Test::More 1.302013_010
YAML 1.15
YAML::Syck 1.29
version 0.9912
--
Summary of my perl5 (revision 5 version 22 subversion 1) configuration:
Derived from: 0ab152a1d10861997fe3e1b985cc92f142f4cec7
Platform:
osname=linux, osvers=4.3.0-1-amd64, archname=x86_64-linux-ld
uname='linux k83 4.3.0-1-amd64 #1 smp debian 4.3.3-2 (2015-12-17) x86_64 gnulinux '
config_args='-Dprefix=/home/sand/src/perl/repoperls/installed-perls/perl/v5.22.1/8d81 -Dmyhostname=k83 -Dinstallusrbinperl=n -Uversiononly -Dusedevel -des -Ui_db -Dlibswanted=cl pthread socket inet nsl gdbm dbm malloc dl ld sun m crypt sec util c cposix posix ucb BSD gdbm_compat -Uuseithreads -Duselongdouble'
hint=recommended, useposix=true, d_sigaction=define
useithreads=undef, usemultiplicity=undef
use64bitint=define, use64bitall=define, uselongdouble=define
usemymalloc=n, bincompat5005=undef
Compiler:
cc='cc', ccflags ='-fwrapv -fno-strict-aliasing -pipe -fstack-protector-strong -I/usr/local/include -D_LARGEFILE_SOURCE -D_FILE_OFFSET_BITS=64',
optimize='-O2',
cppflags='-fwrapv -fno-strict-aliasing -pipe -fstack-protector-strong -I/usr/local/include'
ccversion='', gccversion='5.3.1 20160101', gccosandvers=''
intsize=4, longsize=8, ptrsize=8, doublesize=8, byteorder=12345678, doublekind=3
d_longlong=define, longlongsize=8, d_longdbl=define, longdblsize=16, longdblkind=3
ivtype='long', ivsize=8, nvtype='long double', nvsize=16, Off_t='off_t', lseeksize=8
alignbytes=16, prototype=define
Linker and Libraries:
ld='cc', ldflags =' -fstack-protector-strong -L/usr/local/lib'
libpth=/usr/local/lib /usr/lib/gcc/x86_64-linux-gnu/5/include-fixed /usr/include/x86_64-linux-gnu /usr/lib /lib/x86_64-linux-gnu /lib/../lib /usr/lib/x86_64-linux-gnu /usr/lib/../lib /lib
libs=-lpthread -lnsl -lgdbm -ldl -lm -lcrypt -lutil -lc -lgdbm_compat
perllibs=-lpthread -lnsl -ldl -lm -lcrypt -lutil -lc
libc=libc-2.21.so, so=so, useshrplib=false, libperl=libperl.a
gnulibc_version='2.21'
Dynamic Linking:
dlsrc=dl_dlopen.xs, dlext=so, d_dlsymun=undef, ccdlflags='-Wl,-E'
cccdlflags='-fPIC', lddlflags='-shared -O2 -L/usr/local/lib -fstack-protector-strong'
Characteristics of this binary (from libperl):
Compile-time options: HAS_TIMES PERLIO_LAYERS PERL_DONT_CREATE_GVSV
PERL_HASH_FUNC_ONE_AT_A_TIME_HARD PERL_MALLOC_WRAP
PERL_NEW_COPY_ON_WRITE PERL_PRESERVE_IVUV
PERL_USE_DEVEL USE_64_BIT_ALL USE_64_BIT_INT
USE_LARGE_FILES USE_LOCALE USE_LOCALE_COLLATE
USE_LOCALE_CTYPE USE_LOCALE_NUMERIC USE_LOCALE_TIME
USE_LONG_DOUBLE USE_PERLIO USE_PERL_ATOF
Locally applied patches:
uncommitted-changes
Devel::PatchPerl 1.38
Built under linux
Compiled at Jan 3 2016 17:23:28
%ENV:
PERL5LIB=""
PERL5OPT=""
PERL5_CPANPLUS_IS_RUNNING="17204"
PERL5_CPAN_IS_RUNNING="17204"
PERL_MM_USE_DEFAULT="1"
@INC:
/home/sand/src/perl/repoperls/installed-perls/perl/v5.22.1/8d81/lib/site_perl/5.22.1/x86_64-linux-ld
/home/sand/src/perl/repoperls/installed-perls/perl/v5.22.1/8d81/lib/site_perl/5.22.1
/home/sand/src/perl/repoperls/installed-perls/perl/v5.22.1/8d81/lib/5.22.1/x86_64-linux-ld
/home/sand/src/perl/repoperls/installed-perls/perl/v5.22.1/8d81/lib/5.22.1
.