Report for mRuby-0.10

Back
From: metabase:user:30f4dfbe-2aae-11df-837a-5e0a49663a4f
Subject: FAIL mRuby-0.10 v5.8.8 GNU/Linux
Date: 2015-06-23T07:30:36Z

This distribution has been tested as part of the CPAN Testers
project, supporting the Perl programming language.  See
http://wiki.cpantesters.org/ for more information or email
questions to cpan-testers-discuss@perl.org


--
Dear karupanerura,

This is a computer-generated report for mRuby-0.10
on perl 5.8.8, created by CPAN-Reporter-1.2014.

Thank you for uploading your work to CPAN.  However, there was a problem
testing your distribution.

If you think this report is invalid, please consult the CPAN Testers Wiki
for suggestions on how to avoid getting FAIL reports for missing library
or binary dependencies, unsupported operating systems, and so on:

http://wiki.cpantesters.org/wiki/CPANAuthorNotes

Sections of this report:

    * Tester comments
    * Program output
    * Prerequisites
    * Environment and other context

------------------------------
TESTER COMMENTS
------------------------------

Additional comments from tester:

this report is from an automated smoke testing program
and was not reviewed by a human for accuracy

------------------------------
PROGRAM OUTPUT
------------------------------

Output from './Build test':

ruby ./minirake
(in /home/njh/.cpan/build/mRuby-0.10-y3EbFJ/vendor/mruby)

Build summary:

================================================
      Config Name: host
 Output Directory: build/host
         Binaries: mrbc
    Included Gems:
             mruby-sprintf - standard Kernel#sprintf method
             mruby-print - standard print/puts/p
             mruby-math - standard Math module
             mruby-time - standard Time class
             mruby-struct - standard Struct class
             mruby-enum-ext - extensional Enumerable module
             mruby-string-ext - extensional String class
             mruby-numeric-ext - extensional Numeric class
             mruby-array-ext - extensional Array class
             mruby-hash-ext - extensional Hash class
             mruby-range-ext - extensional Range class
             mruby-proc-ext - extensional Proc class
             mruby-symbol-ext - extensional Symbol class
             mruby-random - Random class
             mruby-object-ext - extensional Object class
             mruby-objectspace - ObjectSpace class
             mruby-fiber - Fiber class
             mruby-enumerator - Enumerator class
             mruby-enum-lazy - Enumerable::Lazy class
             mruby-toplevel-ext - extended toplevel object (main) methods
             mruby-bin-mirb - mirb command
               - Binaries: mirb
             mruby-bin-mruby - mruby command
               - Binaries: mruby
             mruby-bin-strip - irep dump debug section remover command
               - Binaries: mruby-strip
             mruby-kernel-ext - extensional Kernel module
================================================

================================================
      Config Name: host-debug
 Output Directory: build/host-debug
         Binaries: mrbc
    Included Gems:
             mruby-sprintf - standard Kernel#sprintf method
             mruby-print - standard print/puts/p
             mruby-math - standard Math module
             mruby-time - standard Time class
             mruby-struct - standard Struct class
             mruby-enum-ext - extensional Enumerable module
             mruby-string-ext - extensional String class
             mruby-numeric-ext - extensional Numeric class
             mruby-array-ext - extensional Array class
             mruby-hash-ext - extensional Hash class
             mruby-range-ext - extensional Range class
             mruby-proc-ext - extensional Proc class
             mruby-symbol-ext - extensional Symbol class
             mruby-random - Random class
             mruby-object-ext - extensional Object class
             mruby-objectspace - ObjectSpace class
             mruby-fiber - Fiber class
             mruby-enumerator - Enumerator class
             mruby-enum-lazy - Enumerable::Lazy class
             mruby-toplevel-ext - extended toplevel object (main) methods
             mruby-bin-mirb - mirb command
               - Binaries: mirb
             mruby-bin-mruby - mruby command
               - Binaries: mruby
             mruby-bin-strip - irep dump debug section remover command
               - Binaries: mruby-strip
             mruby-kernel-ext - extensional Kernel module
             mruby-eval - standard Kernel#eval method
             mruby-bin-debugger - mruby debuggeer command
               - Binaries: mrdb
================================================


#   Failed test 'use mRuby;'
#   at t/00_compile.t line 4.
#     Tried to use 'mRuby'.
#     Error:  Can't load '/home/njh/.cpan/build/mRuby-0.10-y3EbFJ/blib/arch/auto/mRuby/mRuby.so' for module mRuby: /home/njh/.cpan/build/mRuby-0.10-y3EbFJ/blib/arch/auto/mRuby/mRuby.so: undefined symbol: mXPUSHs at /home/njh/perl5/perlbrew/perls/perl-5.8.8/lib/5.8.8/x86_64-linux-thread-multi/DynaLoader.pm line 230.
#  at t/00_compile.t line 4.
# Compilation failed in require at t/00_compile.t line 4.
# BEGIN failed--compilation aborted at t/00_compile.t line 4.
# Looks like you failed 1 test of 1.
t/00_compile.t ... 
Dubious, test returned 1 (wstat 256, 0x100)
Failed 1/1 subtests 
Can't load '/home/njh/.cpan/build/mRuby-0.10-y3EbFJ/blib/arch/auto/mRuby/mRuby.so' for module mRuby: /home/njh/.cpan/build/mRuby-0.10-y3EbFJ/blib/arch/auto/mRuby/mRuby.so: undefined symbol: mXPUSHs at /home/njh/perl5/perlbrew/perls/perl-5.8.8/lib/5.8.8/x86_64-linux-thread-multi/DynaLoader.pm line 230.
 at t/01_simple.t line 5.
Compilation failed in require at t/01_simple.t line 5.
BEGIN failed--compilation aborted at t/01_simple.t line 5.
t/01_simple.t .... 
Dubious, test returned 2 (wstat 512, 0x200)
No subtests run 
Can't load '/home/njh/.cpan/build/mRuby-0.10-y3EbFJ/blib/arch/auto/mRuby/mRuby.so' for module mRuby: /home/njh/.cpan/build/mRuby-0.10-y3EbFJ/blib/arch/auto/mRuby/mRuby.so: undefined symbol: mXPUSHs at /home/njh/perl5/perlbrew/perls/perl-5.8.8/lib/5.8.8/x86_64-linux-thread-multi/DynaLoader.pm line 230.
 at t/02_convert.t line 5.
Compilation failed in require at t/02_convert.t line 5.
BEGIN failed--compilation aborted at t/02_convert.t line 5.
t/02_convert.t ... 
Dubious, test returned 2 (wstat 512, 0x200)
No subtests run 

#   Failed test 'mrb_false'
#   at t/03_overload.t line 10.
# Looks like you failed 1 test of 3.
t/03_overload.t .. 
Dubious, test returned 1 (wstat 256, 0x100)
Failed 1/3 subtests 

Test Summary Report
-------------------
t/00_compile.t (Wstat: 256 Tests: 1 Failed: 1)
  Failed test:  1
  Non-zero exit status: 1
t/01_simple.t  (Wstat: 512 Tests: 0 Failed: 0)
  Non-zero exit status: 2
  Parse errors: No plan found in TAP output
t/02_convert.t (Wstat: 512 Tests: 0 Failed: 0)
  Non-zero exit status: 2
  Parse errors: No plan found in TAP output
t/03_overload.t (Wstat: 256 Tests: 3 Failed: 1)
  Failed test:  3
  Non-zero exit status: 1
Files=4, Tests=4,  0 wallclock secs ( 0.02 usr  0.00 sys +  0.12 cusr  0.01 csys =  0.15 CPU)
Result: FAIL
Failed 4/4 test programs. 2/4 subtests failed.

------------------------------
PREREQUISITES
------------------------------

Prerequisite modules loaded:

requires:

    Module                Need     Have    
    --------------------- -------- --------
    Encode                0        2.48    
    Exporter              5.57     5.58    
    parent                0        0.225   
    perl                  5.008008 5.008008

build_requires:

    Module                Need     Have    
    --------------------- -------- --------
    Cwd::Guard            0        0.04    
    File::Which           0        1.09    
    Module::Build::XSUtil 0        0.15    
    Test::More            0        1.001009

configure_requires:

    Module                Need     Have    
    --------------------- -------- --------
    Module::Build::XSUtil 0.03     0.15    


------------------------------
ENVIRONMENT AND OTHER CONTEXT
------------------------------

Environment variables:

    AUTOMATED_TESTING = 1
    LANG = en_GB.UTF-8
    LANGUAGE = en_GB:en
    LD_LIBRARY_PATH = /usr/local/lib::
    PATH = /home/njh/perl5/perlbrew/bin:/home/njh/perl5/perlbrew/perls/perl-5.8.8/bin:/home/njh/perl5/perlbrew/bin:/usr/local/bin:/usr/bin:/bin:/usr/local/games:/usr/games:/home/njh/bin:/sbin
    PERL5LIB = /home/njh/.cpan/build/Module-Build-XSUtil-0.15-8kgMqQ/blib/arch:/home/njh/.cpan/build/Module-Build-XSUtil-0.15-8kgMqQ/blib/lib:/home/njh/.cpan/build/Devel-CheckCompiler-0.05-EI6d5f/blib/arch:/home/njh/.cpan/build/Devel-CheckCompiler-0.05-EI6d5f/blib/lib:/home/njh/.cpan/build/Cwd-Guard-0.04-dgPNFx/blib/arch:/home/njh/.cpan/build/Cwd-Guard-0.04-dgPNFx/blib/lib:/home/njh/.cpan/build/Module-Build-0.4214-cPQRPc/blib/arch:/home/njh/.cpan/build/Module-Build-0.4214-cPQRPc/blib/lib
    PERL5OPT = 
    PERL5_CPANPLUS_IS_RUNNING = 11846
    PERL5_CPAN_IS_RUNNING = 11846
    PERL5_MINISMOKEBOX = 0.58
    PERLBREW_BASHRC_VERSION = 0.73
    PERLBREW_HOME = /home/njh/.perlbrew
    PERLBREW_LIB = 
    PERLBREW_MANPATH = /home/njh/perl5/perlbrew/perls/perl-5.8.8/man
    PERLBREW_PATH = /home/njh/perl5/perlbrew/bin:/home/njh/perl5/perlbrew/perls/perl-5.8.8/bin
    PERLBREW_PERL = perl-5.8.8
    PERLBREW_ROOT = /home/njh/perl5/perlbrew
    PERLBREW_VERSION = 0.73
    PERL_EXTUTILS_AUTOINSTALL = --defaultdeps
    PERL_LOCAL_LIB_ROOT = 
    PERL_MM_USE_DEFAULT = 1
    SHELL = /bin/bash
    TMPDIR = /home/njh/tmp

Perl special variables (and OS-specific diagnostics, for MSWin32):

    $^X = /home/njh/perl5/perlbrew/perls/perl-5.8.8/bin/perl
    $UID/$EUID = 1000 / 1000
    $GID = 1000 1000 112 108 46 44 30 29 25 24 4
    $EGID = 1000 1000 112 108 46 44 30 29 25 24 4

Perl module toolchain versions installed:

    Module              Have    
    ------------------- --------
    CPAN                1.9800  
    CPAN::Meta          2.142690
    Cwd                 3.40    
    ExtUtils::CBuilder  0.280220
    ExtUtils::Command   1.16    
    ExtUtils::Install   1.54    
    ExtUtils::MakeMaker 7.04    
    ExtUtils::Manifest  1.65    
    ExtUtils::ParseXS   3.18    
    File::Spec          3.40    
    JSON                2.53    
    JSON::PP            2.27203 
    Module::Build       0.4214  
    Module::Signature   0.70    
    Parse::CPAN::Meta   1.4414  
    Test::Harness       3.34    
    Test::More          1.001009
    YAML                0.84    
    YAML::Syck          1.29    
    version             0.88    


--

Summary of my perl5 (revision 5 version 8 subversion 8) configuration:
  Platform:
    osname=linux, osvers=3.2.0-4-amd64, archname=x86_64-linux-thread-multi
    uname='linux nigelhorne.force9.co.uk 3.2.0-4-amd64 #1 smp debian 3.2.32-1 x86_64 gnulinux '
    config_args='-de -Dprefix=/home/njh/perl5/perlbrew/perls/perl-5.8.8 -Duseithreads -Dusemultiplicity -Accflags=-O2 -W -Wformat=2 -Wswitch -Wshadow -Wwrite-strings -Wuninitialized -Wall -pipe -mtune=native -march=native -fomit-frame-pointer -mfpmath=sse -pedantic -D_FORTIFY_SOURCE=2 -Wpointer-arith -Wstrict-prototypes -fstack-protector -Wstack-protector -Wextra -Wbad-function-cast -Wcast-align -Wcast-qual -Wdisabled-optimization -Wendif-labels -Wfloat-equal -Wformat-nonliteral -Winline -Wmissing-declarations -Wmissing-prototypes -Wnested-externs -Wpointer-arith -Wundef -Wformat-security -Aeval:scriptdir=/home/njh/perl5/perlbrew/perls/perl-5.8.8/bin'
    hint=recommended, useposix=true, d_sigaction=define
    usethreads=define use5005threads=undef useithreads=define usemultiplicity=define
    useperlio=define d_sfio=undef uselargefiles=define usesocks=undef
    use64bitint=define use64bitall=define uselongdouble=undef
    usemymalloc=n, bincompat5005=undef
  Compiler:
    cc='cc', ccflags ='-D_REENTRANT -D_GNU_SOURCE -O2 -W -Wformat=2 -Wswitch -Wshadow -Wwrite-strings -Wuninitialized -Wall -pipe -mtune=native -march=native -fomit-frame-pointer -mfpmath=sse -pedantic -D_FORTIFY_SOURCE=2 -Wpointer-arith -Wstrict-prototypes -fstack-protector -Wstack-protector -Wextra -Wbad-function-cast -Wcast-align -Wcast-qual -Wdisabled-optimization -Wendif-labels -Wfloat-equal -Wformat-nonliteral -Winline -Wmissing-declarations -Wmissing-prototypes -Wnested-externs -Wpointer-arith -Wundef -Wformat-security -fno-strict-aliasing -Wdeclaration-after-statement -I/usr/local/include -D_LARGEFILE_SOURCE -D_FILE_OFFSET_BITS=64',
    optimize='-O2',
    cppflags='-D_REENTRANT -D_GNU_SOURCE -O2 -W -Wformat=2 -Wswitch -Wshadow -Wwrite-strings -Wuninitialized -Wall -pipe -mtune=native -march=native -fomit-frame-pointer -mfpmath=sse -pedantic -D_FORTIFY_SOURCE=2 -Wpointer-arith -Wstrict-prototypes -fstack-protector -Wstack-protector -Wextra -Wbad-function-cast -Wcast-align -Wcast-qual -Wdisabled-optimization -Wendif-labels -Wfloat-equal -Wformat-nonliteral -Winline -Wmissing-declarations -Wmissing-prototypes -Wnested-externs -Wpointer-arith -Wundef -Wformat-security -fno-strict-aliasing -Wdeclaration-after-statement -I/usr/local/include'
    ccversion='', gccversion='4.7.2', gccosandvers=''
    intsize=4, longsize=8, ptrsize=8, doublesize=8, byteorder=12345678
    d_longlong=define, longlongsize=8, d_longdbl=define, longdblsize=16
    ivtype='long', ivsize=8, nvtype='double', nvsize=8, Off_t='off_t', lseeksize=8
    alignbytes=8, prototype=define
  Linker and Libraries:
    ld='cc', ldflags =' -L/usr/local/lib'
    libpth=/usr/local/lib /lib/x86_64-linux-gnu /lib/../lib /usr/lib/x86_64-linux-gnu /usr/lib/../lib /lib /usr/lib
    libs=-lnsl -lgdbm -ldb -ldl -lm -lcrypt -lutil -lpthread -lc -lgdbm_compat
    perllibs=-lnsl -ldl -lm -lcrypt -lutil -lpthread -lc -lgdbm_compat
    libc=, so=so, useshrplib=false, libperl=libperl.a
    gnulibc_version='2.13'
  Dynamic Linking:
    dlsrc=dl_dlopen.xs, dlext=so, d_dlsymun=undef, ccdlflags='-Wl,-E'
    cccdlflags='-fpic', lddlflags='-shared -L/usr/local/lib'


Characteristics of this binary (from libperl): 
  Compile-time options: MULTIPLICITY PERL_IMPLICIT_CONTEXT
                        PERL_MALLOC_WRAP USE_64_BIT_ALL USE_64_BIT_INT
                        USE_ITHREADS USE_LARGE_FILES USE_PERLIO
                        USE_REENTRANT_API
  Built under linux
  Compiled at Mar  5 2013 01:22:32
  %ENV:
    PERL5LIB="/home/njh/.cpan/build/Module-Build-XSUtil-0.15-8kgMqQ/blib/arch:/home/njh/.cpan/build/Module-Build-XSUtil-0.15-8kgMqQ/blib/lib:/home/njh/.cpan/build/Devel-CheckCompiler-0.05-EI6d5f/blib/arch:/home/njh/.cpan/build/Devel-CheckCompiler-0.05-EI6d5f/blib/lib:/home/njh/.cpan/build/Cwd-Guard-0.04-dgPNFx/blib/arch:/home/njh/.cpan/build/Cwd-Guard-0.04-dgPNFx/blib/lib:/home/njh/.cpan/build/Module-Build-0.4214-cPQRPc/blib/arch:/home/njh/.cpan/build/Module-Build-0.4214-cPQRPc/blib/lib"
    PERL5OPT=""
    PERL5_CPANPLUS_IS_RUNNING="11846"
    PERL5_CPAN_IS_RUNNING="11846"
    PERL5_MINISMOKEBOX="0.58"
    PERLBREW_BASHRC_VERSION="0.73"
    PERLBREW_HOME="/home/njh/.perlbrew"
    PERLBREW_LIB=""
    PERLBREW_MANPATH="/home/njh/perl5/perlbrew/perls/perl-5.8.8/man"
    PERLBREW_PATH="/home/njh/perl5/perlbrew/bin:/home/njh/perl5/perlbrew/perls/perl-5.8.8/bin"
    PERLBREW_PERL="perl-5.8.8"
    PERLBREW_ROOT="/home/njh/perl5/perlbrew"
    PERLBREW_VERSION="0.73"
    PERL_EXTUTILS_AUTOINSTALL="--defaultdeps"
    PERL_LOCAL_LIB_ROOT=""
    PERL_MM_USE_DEFAULT="1"
  @INC:
    /home/njh/.cpan/build/Module-Build-XSUtil-0.15-8kgMqQ/blib/arch
    /home/njh/.cpan/build/Module-Build-XSUtil-0.15-8kgMqQ/blib/lib
    /home/njh/.cpan/build/Devel-CheckCompiler-0.05-EI6d5f/blib/arch
    /home/njh/.cpan/build/Devel-CheckCompiler-0.05-EI6d5f/blib/lib
    /home/njh/.cpan/build/Cwd-Guard-0.04-dgPNFx/blib/arch
    /home/njh/.cpan/build/Cwd-Guard-0.04-dgPNFx/blib/lib
    /home/njh/.cpan/build/Module-Build-0.4214-cPQRPc/blib/arch
    /home/njh/.cpan/build/Module-Build-0.4214-cPQRPc/blib/lib
    /home/njh/perl5/perlbrew/perls/perl-5.8.8/lib/5.8.8/x86_64-linux-thread-multi
    /home/njh/perl5/perlbrew/perls/perl-5.8.8/lib/5.8.8
    /home/njh/perl5/perlbrew/perls/perl-5.8.8/lib/site_perl/5.8.8/x86_64-linux-thread-multi
    /home/njh/perl5/perlbrew/perls/perl-5.8.8/lib/site_perl/5.8.8
    /home/njh/perl5/perlbrew/perls/perl-5.8.8/lib/site_perl
    .