Back
From: metabase:user:9820532a-708b-1014-9a05-b18a96298da1
Subject: FAIL Text-Editor-Vip-0.08.1 v5.15.2 GNU/Linux
Date: 2011-09-15T09:47:35Z
This distribution has been tested as part of the CPAN Testers
project, supporting the Perl programming language. See
http://wiki.cpantesters.org/ for more information or email
questions to cpan-testers-discuss@perl.org
--
Dear Nadim Ibn Hamouda El Khemir,
This is a computer-generated report for Text-Editor-Vip-0.08.1
on perl 5.15.2, created by CPAN-Reporter-1.2002.
Thank you for uploading your work to CPAN. However, there was a problem
testing your distribution.
If you think this report is invalid, please consult the CPAN Testers Wiki
for suggestions on how to avoid getting FAIL reports for missing library
or binary dependencies, unsupported operating systems, and so on:
http://wiki.cpantesters.org/wiki/CPANAuthorNotes
Sections of this report:
* Tester comments
* Program output
* Prerequisites
* Environment and other context
------------------------------
TESTER COMMENTS
------------------------------
Additional comments from tester:
this report is from an automated smoke testing program
and was not reviewed by a human for accuracy
------------------------------
PROGRAM OUTPUT
------------------------------
Output from './Build test':
t/001_Text_Editor_Vip.t ................................. ok
"our" variable $buffer masks earlier declaration in same scope at /home/bri/.cpan/build/Text-Editor-Vip-0.08.1-LmMdWP/blib/lib/Text/Editor/Vip/Buffer.pm line 374.
t/002_Text_Editor_Vip_Buffer.t .......................... ok
t/003_Text_Editor_Vip_Selection.t ....................... ok
t/004_Text_Editor_Vip_CommandBlock.t .................... ok
"our" variable $buffer masks earlier declaration in same scope at /home/bri/.cpan/build/Text-Editor-Vip-0.08.1-LmMdWP/blib/lib/Text/Editor/Vip/Buffer.pm line 374.
t/005_Text_Editor_Vip_Buffer_DoUndoRedo.t ............... ok
t/006_Text_Editor_Vip_View.t ............................ ok
t/007_Text_Editor_Vip_Buffer_List.t ..................... ok
"our" variable $buffer masks earlier declaration in same scope at /home/bri/.cpan/build/Text-Editor-Vip-0.08.1-LmMdWP/blib/lib/Text/Editor/Vip/Buffer.pm line 374.
t/008_Text_Editor_Vip_Buffer_Plugins_Display.t .......... ok
"our" variable $buffer masks earlier declaration in same scope at /home/bri/.cpan/build/Text-Editor-Vip-0.08.1-LmMdWP/blib/lib/Text/Editor/Vip/Buffer.pm line 374.
t/009_Text_Editor_Vip_Buffer_Plugins_File.t ............. ok
"our" variable $buffer masks earlier declaration in same scope at /home/bri/.cpan/build/Text-Editor-Vip-0.08.1-LmMdWP/blib/lib/Text/Editor/Vip/Buffer.pm line 374.
t/010_Text_Editor_Vip_Buffer_Plugins_Case.t ............. ok
"our" variable $buffer masks earlier declaration in same scope at /home/bri/.cpan/build/Text-Editor-Vip-0.08.1-LmMdWP/blib/lib/Text/Editor/Vip/Buffer.pm line 374.
t/011_Text_Editor_Vip_Buffer_Attribute.t ................ ok
"our" variable $buffer masks earlier declaration in same scope at /home/bri/.cpan/build/Text-Editor-Vip-0.08.1-LmMdWP/blib/lib/Text/Editor/Vip/Buffer.pm line 374.
t/012_Text_Editor_Vip_Buffer_Plugins_GetWord.t .......... ok
"our" variable $buffer masks earlier declaration in same scope at /home/bri/.cpan/build/Text-Editor-Vip-0.08.1-LmMdWP/blib/lib/Text/Editor/Vip/Buffer.pm line 374.
t/013_Text_Editor_Vip_Buffer_Selection.t ................ ok
"our" variable $buffer masks earlier declaration in same scope at /home/bri/.cpan/build/Text-Editor-Vip-0.08.1-LmMdWP/blib/lib/Text/Editor/Vip/Buffer.pm line 374.
t/014_Text_Editor_Vip_Buffer_Plugins_Tags.t ............. ok
"our" variable $buffer masks earlier declaration in same scope at /home/bri/.cpan/build/Text-Editor-Vip-0.08.1-LmMdWP/blib/lib/Text/Editor/Vip/Buffer.pm line 374.
t/015_Text_Editor_Vip_Buffer_Plugins_InsertConstruct.t .. ok
"our" variable $buffer masks earlier declaration in same scope at /home/bri/.cpan/build/Text-Editor-Vip-0.08.1-LmMdWP/blib/lib/Text/Editor/Vip/Buffer.pm line 374.
t/016_Text_Editor_Vip_Buffer_Plugins_InsertDelete.t ..... ok
"our" variable $buffer masks earlier declaration in same scope at /home/bri/.cpan/build/Text-Editor-Vip-0.08.1-LmMdWP/blib/lib/Text/Editor/Vip/Buffer.pm line 374.
t/017_Text_Editor_Vip_Buffer_Plugins_Selection.t ........ ok
"our" variable $buffer masks earlier declaration in same scope at /home/bri/.cpan/build/Text-Editor-Vip-0.08.1-LmMdWP/blib/lib/Text/Editor/Vip/Buffer.pm line 374.
t/018_Text_Editor_Vip_Buffer_Plugins_Movements.t ........ ok
"our" variable $buffer masks earlier declaration in same scope at /home/bri/.cpan/build/Text-Editor-Vip-0.08.1-LmMdWP/blib/lib/Text/Editor/Vip/Buffer.pm line 374.
t/019_Text_Editor_Vip_Buffer_Plugins_PageUpDown.t ....... ok
"our" variable $buffer masks earlier declaration in same scope at /home/bri/.cpan/build/Text-Editor-Vip-0.08.1-LmMdWP/blib/lib/Text/Editor/Vip/Buffer.pm line 374.
# Failed test 'invalid replacement warning'
# at t/020_Text_Editor_Vip_Buffer_Plugins_Replace.t line 231.
# found warning: Use of uninitialized value $2 in substitution iterator at (eval 391) line 2.
# expected to find warning: (?^:Use of uninitialized value in substitution iterator)
# Failed test 'invalid replacement warning'
# at t/020_Text_Editor_Vip_Buffer_Plugins_Replace.t line 310.
# found warning: Use of uninitialized value $2 in substitution iterator at (eval 405) line 2.
# expected to find warning: (?^:Use of uninitialized value in substitution iterator)
# Looks like you failed 2 tests of 89.
t/020_Text_Editor_Vip_Buffer_Plugins_Replace.t ..........
Dubious, test returned 2 (wstat 512, 0x200)
Failed 2/89 subtests
"our" variable $buffer masks earlier declaration in same scope at /home/bri/.cpan/build/Text-Editor-Vip-0.08.1-LmMdWP/blib/lib/Text/Editor/Vip/Buffer.pm line 374.
t/021_Text_Editor_Vip_Buffer_Plugins_Find.t ............. ok
"our" variable $buffer masks earlier declaration in same scope at lib/Text/Editor/Vip/Buffer.pm line 374.
# Failed test 'invalid replacement warning'
# at t/022_Text_Editor_Vip_Buffer_Plugins_Replace_Sub.t line 65.
# found warning: Use of uninitialized value $2 in substitution iterator at (eval 306) line 2.
# expected to find warning: (?^:Use of uninitialized value in substitution iterator)
# Looks like you failed 1 test of 13.
t/022_Text_Editor_Vip_Buffer_Plugins_Replace_Sub.t ......
Dubious, test returned 1 (wstat 256, 0x100)
Failed 1/13 subtests
"our" variable $buffer masks earlier declaration in same scope at lib/Text/Editor/Vip/Buffer.pm line 374.
t/023_Text_Editor_Vip_Buffer_Clipboard.t ................ ok
Test Summary Report
-------------------
t/020_Text_Editor_Vip_Buffer_Plugins_Replace.t (Wstat: 512 Tests: 89 Failed: 2)
Failed tests: 62, 82
Non-zero exit status: 2
t/022_Text_Editor_Vip_Buffer_Plugins_Replace_Sub.t (Wstat: 256 Tests: 13 Failed: 1)
Failed test: 9
Non-zero exit status: 1
Files=23, Tests=1018, 3 wallclock secs ( 0.17 usr 0.03 sys + 2.69 cusr 0.18 csys = 3.07 CPU)
Result: FAIL
Failed 2/23 test programs. 3/1018 subtests failed.
------------------------------
PREREQUISITES
------------------------------
Prerequisite modules loaded:
requires:
Module Need Have
---------------- ---- -------
Clone 0 0.31
Data::Hexdumper 0 3.00
Data::TreeDumper 0.24 0.40
File::Slurp 0 9999.19
Readonly 0 1.03
Text::Diff 0 1.41
build_requires:
Module Need Have
---------------- ---- -------
Test::Block 0 0.11
Test::Exception 0 0.31
Test::NoWarnings 0 1.03
Test::Warn 0 0.23
Text::Diff 0 1.41
------------------------------
ENVIRONMENT AND OTHER CONTEXT
------------------------------
Environment variables:
AUTOMATED_TESTING = 1
LANG = C
LANGUAGE = en_GB:en
LC_ALL = C
PATH = /home/bri/bin:/home/bri/perl5/perlbrew/bin:/home/bri/perl5/perlbrew/perls/perl-5.15.2/bin:~/bin:/usr/local/sbin:/usr/local/bin:/usr/sbin:/usr/bin:/sbin:/bin:/usr/games
PATH_WITHOUT_PERLBREW = ~/bin:/usr/local/sbin:/usr/local/bin:/usr/sbin:/usr/bin:/sbin:/bin:/usr/games
PERL5LIB =
PERL5OPT =
PERL5_CPANPLUS_IS_RUNNING = 18173
PERL5_CPAN_IS_RUNNING = 18173
PERL5_CPAN_IS_RUNNING_IN_RECURSION = 1892,18173
PERLBREW_HOME = /home/bri/.perlbrew
PERLBREW_PATH = /home/bri/perl5/perlbrew/bin:/home/bri/perl5/perlbrew/perls/perl-5.15.2/bin
PERLBREW_PERL = perl-5.15.2
PERLBREW_ROOT = /home/bri/perl5/perlbrew
PERLBREW_VERSION = 0.28
PERL_CPANM_OPT = --prompt --mirror http://172.16.1.3/cpan/
PERL_CR_SMOKER_CURRENT = Text-Editor-Vip-0.08.1
PERL_EXTUTILS_AUTOINSTALL = --defaultdeps
PERL_MM_USE_DEFAULT = 1
SHELL = /bin/bash
TERM = linux
Perl special variables (and OS-specific diagnostics, for MSWin32):
$^X = /home/bri/perl5/perlbrew/perls/perl-5.15.2/bin/perl5.15.2
$UID/$EUID = 1000 / 1000
$GID = 1000 4 20 24 46 112 120 122 1000
$EGID = 1000 4 20 24 46 112 120 122 1000
Perl module toolchain versions installed:
Module Have
------------------- --------
CPAN 1.9800
CPAN::Meta 2.112150
Cwd 3.33
ExtUtils::CBuilder 0.280204
ExtUtils::Command 1.17
ExtUtils::Install 1.57
ExtUtils::MakeMaker 6.59
ExtUtils::Manifest 1.60
ExtUtils::ParseXS 3.04
File::Spec 3.33
JSON 2.53
JSON::PP 2.27008
Module::Build 0.39_01
Module::Signature n/a
Parse::CPAN::Meta 1.4401
Test::Harness 3.23
Test::More 0.98
YAML 0.73
YAML::Syck n/a
version 0.94
--
Summary of my perl5 (revision 5 version 15 subversion 2) configuration:
Platform:
osname=linux, osvers=2.6.38-11-generic, archname=i686-linux-ld
uname='linux lappy 2.6.38-11-generic #48-ubuntu smp fri jul 29 19:05:14 utc 2011 i686 i686 i386 gnulinux '
config_args='-de -Dprefix=/home/bri/perl5/perlbrew/perls/perl-5.15.2 -Duselongdouble -Dusedevel'
hint=recommended, useposix=true, d_sigaction=define
useithreads=undef, usemultiplicity=undef
useperlio=define, d_sfio=undef, uselargefiles=define, usesocks=undef
use64bitint=undef, use64bitall=undef, uselongdouble=define
usemymalloc=n, bincompat5005=undef
Compiler:
cc='cc', ccflags ='-fno-strict-aliasing -pipe -fstack-protector -I/usr/local/include -D_LARGEFILE_SOURCE -D_FILE_OFFSET_BITS=64',
optimize='-O2',
cppflags='-fno-strict-aliasing -pipe -fstack-protector -I/usr/local/include'
ccversion='', gccversion='4.5.2', gccosandvers=''
intsize=4, longsize=4, ptrsize=4, doublesize=8, byteorder=1234
d_longlong=define, longlongsize=8, d_longdbl=define, longdblsize=12
ivtype='long', ivsize=4, nvtype='long double', nvsize=12, Off_t='off_t', lseeksize=8
alignbytes=4, prototype=define
Linker and Libraries:
ld='cc', ldflags =' -fstack-protector -L/usr/local/lib'
libpth=/usr/local/lib /lib /usr/lib /usr/lib/i386-linux-gnu /usr/lib64
libs=-lnsl -ldl -lm -lcrypt -lutil -lc
perllibs=-lnsl -ldl -lm -lcrypt -lutil -lc
libc=, so=so, useshrplib=false, libperl=libperl.a
gnulibc_version='2.13'
Dynamic Linking:
dlsrc=dl_dlopen.xs, dlext=so, d_dlsymun=undef, ccdlflags='-Wl,-E'
cccdlflags='-fPIC', lddlflags='-shared -O2 -L/usr/local/lib -fstack-protector'
Characteristics of this binary (from libperl):
Compile-time options: HAS_TIMES PERLIO_LAYERS PERL_DONT_CREATE_GVSV
PERL_MALLOC_WRAP PERL_PRESERVE_IVUV PERL_USE_DEVEL
USE_LARGE_FILES USE_LOCALE USE_LOCALE_COLLATE
USE_LOCALE_CTYPE USE_LOCALE_NUMERIC USE_LONG_DOUBLE
USE_PERLIO USE_PERL_ATOF
Built under linux
Compiled at Sep 11 2011 17:13:20
%ENV:
PERL5LIB=""
PERL5OPT=""
PERL5_CPANPLUS_IS_RUNNING="18173"
PERL5_CPAN_IS_RUNNING="18173"
PERL5_CPAN_IS_RUNNING_IN_RECURSION="1892,18173"
PERLBREW_HOME="/home/bri/.perlbrew"
PERLBREW_PATH="/home/bri/perl5/perlbrew/bin:/home/bri/perl5/perlbrew/perls/perl-5.15.2/bin"
PERLBREW_PERL="perl-5.15.2"
PERLBREW_ROOT="/home/bri/perl5/perlbrew"
PERLBREW_VERSION="0.28"
PERL_CPANM_OPT="--prompt --mirror http://172.16.1.3/cpan/"
PERL_CR_SMOKER_CURRENT="Text-Editor-Vip-0.08.1"
PERL_EXTUTILS_AUTOINSTALL="--defaultdeps"
PERL_MM_USE_DEFAULT="1"
@INC:
/home/bri/perl5/perlbrew/perls/perl-5.15.2/lib/site_perl/5.15.2/i686-linux-ld
/home/bri/perl5/perlbrew/perls/perl-5.15.2/lib/site_perl/5.15.2
/home/bri/perl5/perlbrew/perls/perl-5.15.2/lib/5.15.2/i686-linux-ld
/home/bri/perl5/perlbrew/perls/perl-5.15.2/lib/5.15.2
.