POE-Loop-Glib v0.038 Perl 5 v5.26.3 x86_64-linux

Status
Fail
From
Slaven Rezić (SREZIC)
Dist
POE-Loop-Glib v0.038
Platform
Perl 5 v5.26.3 x86_64-linux
Date
2019-05-18 08:27:15
ID
bdc79800-7946-11e9-b89c-fe181f24ea8f
This distribution has been tested as part of the CPAN Testers
project, supporting the Perl programming language.  See
http://wiki.cpantesters.org/ for more information or email
questions to cpan-testers-discuss@perl.org


--
Dear Apocalypse,

This is a computer-generated report for POE-Loop-Glib-0.038
on perl 5.26.3, created by CPAN-Reporter-1.2018.

Thank you for uploading your work to CPAN.  However, there was a problem
testing your distribution.

If you think this report is invalid, please consult the CPAN Testers Wiki
for suggestions on how to avoid getting FAIL reports for missing library
or binary dependencies, unsupported operating systems, and so on:

http://wiki.cpantesters.org/wiki/CPANAuthorNotes

Sections of this report:

    * Tester comments
    * Program output
    * Prerequisites
    * Environment and other context

------------------------------
TESTER COMMENTS
------------------------------

Additional comments from tester:

none provided

------------------------------
PROGRAM OUTPUT
------------------------------

Output from './Build test':

t/1_load.t ............................. ok
t/apocalypse.t ......................... skipped: Test::Apocalypse required for validating the distribution
# Testing POE 1.367, POE::Test::Loops 1.360, Using Loop(POE::Loop::Glib), Perl 5.026003, /opt/perl-5.26.3/bin/perl on linux
t/glib/00_info.t ....................... ok
t/glib/all_errors.t .................... skipped: most of these should move into other test files
GLib-CRITICAL **: Source ID 4 was not found when attempting to remove it at /home/cpansand/.cpan/build/2019051808/POE-Loop-Glib-0.038-2/blib/lib/POE/Loop/Glib.pm line 53.
GLib-CRITICAL **: Source ID 10 was not found when attempting to remove it at /home/cpansand/.cpan/build/2019051808/POE-Loop-Glib-0.038-2/blib/lib/POE/Loop/Glib.pm line 53.
t/glib/comp_tcp.t ...................... ok
# You might see a 'disconnect' error during this test.
# It may be ignored.
GLib-CRITICAL **: Source ID 4 was not found when attempting to remove it at /home/cpansand/.cpan/build/2019051808/POE-Loop-Glib-0.038-2/blib/lib/POE/Loop/Glib.pm line 53.
GLib-CRITICAL **: Source ID 26 was not found when attempting to remove it at /home/cpansand/.cpan/build/2019051808/POE-Loop-Glib-0.038-2/blib/lib/POE/Loop/Glib.pm line 53.
GLib-CRITICAL **: Source ID 87 was not found when attempting to remove it at /home/cpansand/.cpan/build/2019051808/POE-Loop-Glib-0.038-2/blib/lib/POE/Loop/Glib.pm line 53.
GLib-CRITICAL **: Source ID 94 was not found when attempting to remove it at /home/cpansand/.cpan/build/2019051808/POE-Loop-Glib-0.038-2/blib/lib/POE/Loop/Glib.pm line 53.
GLib-CRITICAL **: Source ID 96 was not found when attempting to remove it at /home/cpansand/.cpan/build/2019051808/POE-Loop-Glib-0.038-2/blib/lib/POE/Loop/Glib.pm line 53.
GLib-CRITICAL **: Source ID 99 was not found when attempting to remove it at /home/cpansand/.cpan/build/2019051808/POE-Loop-Glib-0.038-2/blib/lib/POE/Loop/Glib.pm line 53.
GLib-CRITICAL **: Source ID 110 was not found when attempting to remove it at /home/cpansand/.cpan/build/2019051808/POE-Loop-Glib-0.038-2/blib/lib/POE/Loop/Glib.pm line 53.
GLib-CRITICAL **: Source ID 115 was not found when attempting to remove it at /home/cpansand/.cpan/build/2019051808/POE-Loop-Glib-0.038-2/blib/lib/POE/Loop/Glib.pm line 53.
GLib-CRITICAL **: Source ID 119 was not found when attempting to remove it at /home/cpansand/.cpan/build/2019051808/POE-Loop-Glib-0.038-2/blib/lib/POE/Loop/Glib.pm line 53.
GLib-CRITICAL **: Source ID 127 was not found when attempting to remove it at /home/cpansand/.cpan/build/2019051808/POE-Loop-Glib-0.038-2/blib/lib/POE/Loop/Glib.pm line 53.
GLib-CRITICAL **: Source ID 129 was not found when attempting to remove it at /home/cpansand/.cpan/build/2019051808/POE-Loop-Glib-0.038-2/blib/lib/POE/Loop/Glib.pm line 53.
GLib-CRITICAL **: Source ID 131 was not found when attempting to remove it at /home/cpansand/.cpan/build/2019051808/POE-Loop-Glib-0.038-2/blib/lib/POE/Loop/Glib.pm line 53.
GLib-CRITICAL **: Source ID 135 was not found when attempting to remove it at /home/cpansand/.cpan/build/2019051808/POE-Loop-Glib-0.038-2/blib/lib/POE/Loop/Glib.pm line 53.
GLib-CRITICAL **: Source ID 136 was not found when attempting to remove it at /home/cpansand/.cpan/build/2019051808/POE-Loop-Glib-0.038-2/blib/lib/POE/Loop/Glib.pm line 53.
GLib-CRITICAL **: Source ID 140 was not found when attempting to remove it at /home/cpansand/.cpan/build/2019051808/POE-Loop-Glib-0.038-2/blib/lib/POE/Loop/Glib.pm line 53.
GLib-CRITICAL **: Source ID 142 was not found when attempting to remove it at /home/cpansand/.cpan/build/2019051808/POE-Loop-Glib-0.038-2/blib/lib/POE/Loop/Glib.pm line 53.
GLib-CRITICAL **: Source ID 143 was not found when attempting to remove it at /home/cpansand/.cpan/build/2019051808/POE-Loop-Glib-0.038-2/blib/lib/POE/Loop/Glib.pm line 53.
GLib-CRITICAL **: Source ID 147 was not found when attempting to remove it at /home/cpansand/.cpan/build/2019051808/POE-Loop-Glib-0.038-2/blib/lib/POE/Loop/Glib.pm line 53.
GLib-CRITICAL **: Source ID 149 was not found when attempting to remove it at /home/cpansand/.cpan/build/2019051808/POE-Loop-Glib-0.038-2/blib/lib/POE/Loop/Glib.pm line 53.
GLib-CRITICAL **: Source ID 150 was not found when attempting to remove it at /home/cpansand/.cpan/build/2019051808/POE-Loop-Glib-0.038-2/blib/lib/POE/Loop/Glib.pm line 53.
GLib-CRITICAL **: Source ID 154 was not found when attempting to remove it at /home/cpansand/.cpan/build/2019051808/POE-Loop-Glib-0.038-2/blib/lib/POE/Loop/Glib.pm line 53.
GLib-CRITICAL **: Source ID 156 was not found when attempting to remove it at /home/cpansand/.cpan/build/2019051808/POE-Loop-Glib-0.038-2/blib/lib/POE/Loop/Glib.pm line 53.
GLib-CRITICAL **: Source ID 157 was not found when attempting to remove it at /home/cpansand/.cpan/build/2019051808/POE-Loop-Glib-0.038-2/blib/lib/POE/Loop/Glib.pm line 53.
GLib-CRITICAL **: Source ID 161 was not found when attempting to remove it at /home/cpansand/.cpan/build/2019051808/POE-Loop-Glib-0.038-2/blib/lib/POE/Loop/Glib.pm line 53.
GLib-CRITICAL **: Source ID 163 was not found when attempting to remove it at /home/cpansand/.cpan/build/2019051808/POE-Loop-Glib-0.038-2/blib/lib/POE/Loop/Glib.pm line 53.
GLib-CRITICAL **: Source ID 164 was not found when attempting to remove it at /home/cpansand/.cpan/build/2019051808/POE-Loop-Glib-0.038-2/blib/lib/POE/Loop/Glib.pm line 53.
GLib-CRITICAL **: Source ID 168 was not found when attempting to remove it at /home/cpansand/.cpan/build/2019051808/POE-Loop-Glib-0.038-2/blib/lib/POE/Loop/Glib.pm line 53.
GLib-CRITICAL **: Source ID 171 was not found when attempting to remove it at /home/cpansand/.cpan/build/2019051808/POE-Loop-Glib-0.038-2/blib/lib/POE/Loop/Glib.pm line 53.
t/glib/comp_tcp_concurrent.t ........... ok
t/glib/connect_errors.t ................ ok
t/glib/k_alarms.t ...................... ok
t/glib/k_aliases.t ..................... ok
t/glib/k_detach.t ...................... ok
t/glib/k_run_returns.t ................. ok
GLib-CRITICAL **: Source ID 6 was not found when attempting to remove it at /home/cpansand/.cpan/build/2019051808/POE-Loop-Glib-0.038-2/blib/lib/POE/Loop/Glib.pm line 53.
GLib-CRITICAL **: Source ID 33 was not found when attempting to remove it at /home/cpansand/.cpan/build/2019051808/POE-Loop-Glib-0.038-2/blib/lib/POE/Loop/Glib.pm line 53.
GLib-CRITICAL **: Source ID 49 was not found when attempting to remove it at /home/cpansand/.cpan/build/2019051808/POE-Loop-Glib-0.038-2/blib/lib/POE/Loop/Glib.pm line 53.
GLib-CRITICAL **: Source ID 65 was not found when attempting to remove it at /home/cpansand/.cpan/build/2019051808/POE-Loop-Glib-0.038-2/blib/lib/POE/Loop/Glib.pm line 53.
GLib-CRITICAL **: Source ID 81 was not found when attempting to remove it at /home/cpansand/.cpan/build/2019051808/POE-Loop-Glib-0.038-2/blib/lib/POE/Loop/Glib.pm line 53.
t/glib/k_selects.t ..................... ok
t/glib/k_sig_child.t ................... ok
t/glib/k_signals.t ..................... ok
GLib-CRITICAL **: Source ID 3 was not found when attempting to remove it at /home/cpansand/.cpan/build/2019051808/POE-Loop-Glib-0.038-2/blib/lib/POE/Loop/Glib.pm line 53.
GLib-CRITICAL **: Source ID 14 was not found when attempting to remove it at /home/cpansand/.cpan/build/2019051808/POE-Loop-Glib-0.038-2/blib/lib/POE/Loop/Glib.pm line 53.
GLib-CRITICAL **: Source ID 25 was not found when attempting to remove it at /home/cpansand/.cpan/build/2019051808/POE-Loop-Glib-0.038-2/blib/lib/POE/Loop/Glib.pm line 53.
GLib-CRITICAL **: Source ID 36 was not found when attempting to remove it at /home/cpansand/.cpan/build/2019051808/POE-Loop-Glib-0.038-2/blib/lib/POE/Loop/Glib.pm line 53.
GLib-CRITICAL **: Source ID 47 was not found when attempting to remove it at /home/cpansand/.cpan/build/2019051808/POE-Loop-Glib-0.038-2/blib/lib/POE/Loop/Glib.pm line 53.
GLib-CRITICAL **: Source ID 58 was not found when attempting to remove it at /home/cpansand/.cpan/build/2019051808/POE-Loop-Glib-0.038-2/blib/lib/POE/Loop/Glib.pm line 53.
GLib-CRITICAL **: Source ID 69 was not found when attempting to remove it at /home/cpansand/.cpan/build/2019051808/POE-Loop-Glib-0.038-2/blib/lib/POE/Loop/Glib.pm line 53.
GLib-CRITICAL **: Source ID 80 was not found when attempting to remove it at /home/cpansand/.cpan/build/2019051808/POE-Loop-Glib-0.038-2/blib/lib/POE/Loop/Glib.pm line 53.
t/glib/k_signals_rerun.t ............... ok
t/glib/sbk_signal_init.t ............... ok
t/glib/ses_nfa.t ....................... ok
# This test generates some STDERR during trace testing.
=== 29261 === 23 -> _start (from /home/cpansand/.local/share/.cpan/build/2019051808/POE-1.367-0/blib/lib/POE/Kernel.pm at 1497)
=== 29261 === 23 -> woot (from /home/cpansand/.local/share/.cpan/build/2019051808/POE-Test-Loops-1.360-0/blib/lib/POE/Test/Loops/ses_session.pm at 691)
=== 29261 === 23 -> narf (from /home/cpansand/.local/share/.cpan/build/2019051808/POE-Test-Loops-1.360-0/blib/lib/POE/Test/Loops/ses_session.pm at 692)
=== 29261 === 23 -> _stop (from /home/cpansand/.local/share/.cpan/build/2019051808/POE-1.367-0/blib/lib/POE/Resource/Sessions.pm at 571)
t/glib/ses_session.t ................... ok
t/glib/wheel_accept.t .................. ok
t/glib/wheel_curses.t .................. skipped: Curses not available
t/glib/wheel_readline.t ................ ok
GLib-CRITICAL **: Source ID 17 was not found when attempting to remove it at /home/cpansand/.cpan/build/2019051808/POE-Loop-Glib-0.038-2/blib/lib/POE/Loop/Glib.pm line 53.
t/glib/wheel_readwrite.t ............... ok

#   Failed test 'Sat May 18 08:07:04 2019 - coderef/shutdown stdout response'
#   at /home/cpansand/.local/share/.cpan/build/2019051808/POE-Test-Loops-1.360-0/blib/lib/POE/Test/Loops/wheel_run.pm line 337.
#          got: 'out29307: got alarm'
#     expected: 'out29307: got eof 1'
Sat May 18 08:07:34 2019 - inactivity timeout reached! at /home/cpansand/.local/share/.cpan/build/2019051808/POE-Test-Loops-1.360-0/blib/lib/POE/Test/Loops/wheel_run.pm line 149.
# Looks like your test exited with 1 just after 99.
t/glib/wheel_run.t ..................... 
Dubious, test returned 1 (wstat 256, 0x100)
Failed 5/103 subtests 
t/glib/wheel_run_size.t ................ skipped: This test requires Term::Size
t/glib/wheel_sf_ipv6.t ................. skipped: Socket::GetAddrInfo is needed for IPv6 tests
GLib-CRITICAL **: Source ID 4 was not found when attempting to remove it at /home/cpansand/.cpan/build/2019051808/POE-Loop-Glib-0.038-2/blib/lib/POE/Loop/Glib.pm line 53.
t/glib/wheel_sf_tcp.t .................. ok
t/glib/wheel_sf_udp.t .................. ok
GLib-CRITICAL **: Source ID 4 was not found when attempting to remove it at /home/cpansand/.cpan/build/2019051808/POE-Loop-Glib-0.038-2/blib/lib/POE/Loop/Glib.pm line 53.
t/glib/wheel_sf_unix.t ................. ok
t/glib/wheel_tail.t .................... ok
t/glib/z_kogman_sig_order.t ............ ok
t/glib/z_leolo_wheel_run.t ............. ok
# Using '/bin/true' as our thing to run under system()
t/glib/z_merijn_sigchld_system.t ....... ok
GLib-CRITICAL **: Source ID 6 was not found when attempting to remove it at /home/cpansand/.cpan/build/2019051808/POE-Loop-Glib-0.038-2/blib/lib/POE/Loop/Glib.pm line 53.
GLib-CRITICAL **: Source ID 17 was not found when attempting to remove it at /home/cpansand/.cpan/build/2019051808/POE-Loop-Glib-0.038-2/blib/lib/POE/Loop/Glib.pm line 53.
t/glib/z_rt39872_sigchld.t ............. ok
# Parent 29586 waiting 3sec for slow systems to settle.
# sending sigusr1
# sent sigusr1
29587: GLib-CRITICAL **: Source ID 5 was not found when attempting to remove it at /home/cpansand/.cpan/build/2019051808/POE-Loop-Glib-0.038-2/blib/lib/POE/Loop/Glib.pm line 53.
29586: GLib-CRITICAL **: Source ID 8 was not found when attempting to remove it at /home/cpansand/.cpan/build/2019051808/POE-Loop-Glib-0.038-2/blib/lib/POE/Loop/Glib.pm line 53.
29588: GLib-CRITICAL **: Source ID 5 was not found when attempting to remove it at /home/cpansand/.cpan/build/2019051808/POE-Loop-Glib-0.038-2/blib/lib/POE/Loop/Glib.pm line 53.
29586: GLib-CRITICAL **: Source ID 13 was not found when attempting to remove it at /home/cpansand/.cpan/build/2019051808/POE-Loop-Glib-0.038-2/blib/lib/POE/Loop/Glib.pm line 53.
t/glib/z_rt39872_sigchld_stop.t ........ ok
GLib-CRITICAL **: Source ID 14 was not found when attempting to remove it at /home/cpansand/.cpan/build/2019051808/POE-Loop-Glib-0.038-2/blib/lib/POE/Loop/Glib.pm line 53.
GLib-CRITICAL **: Source ID 34 was not found when attempting to remove it at /home/cpansand/.cpan/build/2019051808/POE-Loop-Glib-0.038-2/blib/lib/POE/Loop/Glib.pm line 53.
t/glib/z_rt53302_fh_watchers.t ......... ok
t/glib/z_rt54319_bazerka_followtail.t .. ok
t/glib/z_steinert_signal_integrity.t ... ok

Test Summary Report
-------------------
t/glib/wheel_run.t                   (Wstat: 256 Tests: 99 Failed: 1)
  Failed test:  98
  Non-zero exit status: 1
  Parse errors: Bad plan.  You planned 103 tests but ran 99.
Files=37, Tests=482, 90 wallclock secs ( 0.11 usr  0.23 sys +  4.21 cusr  1.45 csys =  6.00 CPU)
Result: FAIL
Failed 1/37 test programs. 1/482 subtests failed.

------------------------------
PREREQUISITES
------------------------------

Prerequisite modules loaded:

requires:

    Module           Need  Have    
    ---------------- ----- --------
    Glib             1.222 1.329   
    perl             5.006 5.026003
    POE              1.288 1.367   

configure_requires:

    Module           Need  Have    
    ---------------- ----- --------
    Module::Build    0.36  0.4224  
    POE::Test::Loops 1.034 1.360   


------------------------------
ENVIRONMENT AND OTHER CONTEXT
------------------------------

Environment variables:

    LANG = en_US.UTF-8
    LC_ALL = de_DE.UTF-8
    PATH = /usr/local/bin:/usr/bin:/bin:/usr/local/sbin:/usr/sbin:/sbin:/home/cpansand/bin/linux-gnu:/home/cpansand/bin/sh:/home/cpansand/bin:/usr/games:/home/cpansand/devel:/home/eserte/src/srezic-misc/scripts
    PERL5LIB = /home/cpansand/.local/share/.cpan/build/2019051808/Glib-1.329-0/blib/arch:/home/cpansand/.local/share/.cpan/build/2019051808/Glib-1.329-0/blib/lib:/home/cpansand/.local/share/.cpan/build/2019051808/ExtUtils-PkgConfig-1.16-0/blib/arch:/home/cpansand/.local/share/.cpan/build/2019051808/ExtUtils-PkgConfig-1.16-0/blib/lib:/home/cpansand/.local/share/.cpan/build/2019051808/ExtUtils-Depends-0.8000-0/blib/arch:/home/cpansand/.local/share/.cpan/build/2019051808/ExtUtils-Depends-0.8000-0/blib/lib:/home/cpansand/.local/share/.cpan/build/2019051808/POE-1.367-0/blib/arch:/home/cpansand/.local/share/.cpan/build/2019051808/POE-1.367-0/blib/lib:/home/cpansand/.local/share/.cpan/build/2019051808/IO-Pipely-0.005-0/blib/arch:/home/cpansand/.local/share/.cpan/build/2019051808/IO-Pipely-0.005-0/blib/lib:/home/cpansand/.local/share/.cpan/build/2019051808/POE-Test-Loops-1.360-0/blib/arch:/home/cpansand/.local/share/.cpan/build/2019051808/POE-Test-Loops-1.360-0/blib/lib
    PERL5OPT = 
    PERL5_CPANPLUS_IS_RUNNING = 26721
    PERL5_CPAN_IS_RUNNING = 26721
    PERL5_CPAN_IS_RUNNING_IN_RECURSION = 24667,26721
    PERLDOC = -MPod::Perldoc::ToTextOverstrike
    PERL_BATCH = yes
    PERL_CANARY_STABILITY_NOPROMPT = 1
    PERL_CPAN_REPORTER_CONFIG = /var/tmp/cpansmoker-1023/2019051808/cpanreporter_000_config.ini
    PERL_EXTUTILS_AUTOINSTALL = --defaultdeps
    PERL_USE_UNSAFE_INC = 1
    SHELL = /usr/bin/zsh
    TERM = screen
    TMPDIR = /var/tmp/cpansmoker-1023/2019051808

Perl special variables (and OS-specific diagnostics, for MSWin32):

    $^X = /opt/perl-5.26.3/bin/perl
    $UID/$EUID = 1023 / 1023
    $GID = 1023 1023
    $EGID = 1023 1023

Perl module toolchain versions installed:

    Module              Have      
    ------------------- ----------
    CPAN                2.18      
    CPAN::Meta          2.150010  
    Cwd                 3.67      
    ExtUtils::CBuilder  0.280225  
    ExtUtils::Command   7.24      
    ExtUtils::Install   2.04      
    ExtUtils::MakeMaker 7.24      
    ExtUtils::Manifest  1.70      
    ExtUtils::ParseXS   3.34      
    File::Spec          3.67      
    JSON                4.00      
    JSON::PP            2.27400_02
    Module::Build       0.4224    
    Module::Signature   n/a       
    Parse::CPAN::Meta   2.150010  
    Test::Harness       3.38      
    Test::More          1.302160  
    YAML                1.27      
    YAML::Syck          1.31      
    version             0.9917    


--

Summary of my perl5 (revision 5 version 26 subversion 3) configuration:
   
  Platform:
    osname=linux
    osvers=4.15.0-42-generic
    archname=x86_64-linux
    uname='linux ubuntu18 4.15.0-42-generic #45-ubuntu smp thu nov 15 19:32:57 utc 2018 x86_64 x86_64 x86_64 gnulinux '
    config_args='-ds -e -Dprefix=/opt/perl-5.26.3 -Dcf_email=srezic@cpan.org'
    hint=recommended
    useposix=true
    d_sigaction=define
    useithreads=undef
    usemultiplicity=undef
    use64bitint=define
    use64bitall=define
    uselongdouble=undef
    usemymalloc=n
    default_inc_excludes_dot=define
    bincompat5005=undef
  Compiler:
    cc='cc'
    ccflags ='-fwrapv -fno-strict-aliasing -pipe -fstack-protector-strong -I/usr/local/include -D_LARGEFILE_SOURCE -D_FILE_OFFSET_BITS=64'
    optimize='-O2'
    cppflags='-fwrapv -fno-strict-aliasing -pipe -fstack-protector-strong -I/usr/local/include'
    ccversion=''
    gccversion='7.3.0'
    gccosandvers=''
    intsize=4
    longsize=8
    ptrsize=8
    doublesize=8
    byteorder=12345678
    doublekind=3
    d_longlong=define
    longlongsize=8
    d_longdbl=define
    longdblsize=16
    longdblkind=3
    ivtype='long'
    ivsize=8
    nvtype='double'
    nvsize=8
    Off_t='off_t'
    lseeksize=8
    alignbytes=8
    prototype=define
  Linker and Libraries:
    ld='cc'
    ldflags =' -fstack-protector-strong -L/usr/local/lib'
    libpth=/usr/local/lib /usr/lib/gcc/x86_64-linux-gnu/7/include-fixed /usr/include/x86_64-linux-gnu /usr/lib /lib/x86_64-linux-gnu /lib/../lib /usr/lib/x86_64-linux-gnu /usr/lib/../lib /lib
    libs=-lpthread -lnsl -lgdbm -ldb -ldl -lm -lcrypt -lutil -lc
    perllibs=-lpthread -lnsl -ldl -lm -lcrypt -lutil -lc
    libc=libc-2.27.so
    so=so
    useshrplib=false
    libperl=libperl.a
    gnulibc_version='2.27'
  Dynamic Linking:
    dlsrc=dl_dlopen.xs
    dlext=so
    d_dlsymun=undef
    ccdlflags='-Wl,-E'
    cccdlflags='-fPIC'
    lddlflags='-shared -O2 -L/usr/local/lib -fstack-protector-strong'


Characteristics of this binary (from libperl): 
  Compile-time options:
    HAS_TIMES
    PERLIO_LAYERS
    PERL_COPY_ON_WRITE
    PERL_DONT_CREATE_GVSV
    PERL_MALLOC_WRAP
    PERL_OP_PARENT
    PERL_PRESERVE_IVUV
    USE_64_BIT_ALL
    USE_64_BIT_INT
    USE_LARGE_FILES
    USE_LOCALE
    USE_LOCALE_COLLATE
    USE_LOCALE_CTYPE
    USE_LOCALE_NUMERIC
    USE_LOCALE_TIME
    USE_PERLIO
    USE_PERL_ATOF
  Built under linux
  Compiled at Dec 12 2018 21:44:06
  %ENV:
    PERL5LIB="/home/cpansand/.local/share/.cpan/build/2019051808/Glib-1.329-0/blib/arch:/home/cpansand/.local/share/.cpan/build/2019051808/Glib-1.329-0/blib/lib:/home/cpansand/.local/share/.cpan/build/2019051808/ExtUtils-PkgConfig-1.16-0/blib/arch:/home/cpansand/.local/share/.cpan/build/2019051808/ExtUtils-PkgConfig-1.16-0/blib/lib:/home/cpansand/.local/share/.cpan/build/2019051808/ExtUtils-Depends-0.8000-0/blib/arch:/home/cpansand/.local/share/.cpan/build/2019051808/ExtUtils-Depends-0.8000-0/blib/lib:/home/cpansand/.local/share/.cpan/build/2019051808/POE-1.367-0/blib/arch:/home/cpansand/.local/share/.cpan/build/2019051808/POE-1.367-0/blib/lib:/home/cpansand/.local/share/.cpan/build/2019051808/IO-Pipely-0.005-0/blib/arch:/home/cpansand/.local/share/.cpan/build/2019051808/IO-Pipely-0.005-0/blib/lib:/home/cpansand/.local/share/.cpan/build/2019051808/POE-Test-Loops-1.360-0/blib/arch:/home/cpansand/.local/share/.cpan/build/2019051808/POE-Test-Loops-1.360-0/blib/lib"
    PERL5OPT=""
    PERL5_CPANPLUS_IS_RUNNING="26721"
    PERL5_CPAN_IS_RUNNING="26721"
    PERL5_CPAN_IS_RUNNING_IN_RECURSION="24667,26721"
    PERLDOC="-MPod::Perldoc::ToTextOverstrike"
    PERL_BATCH="yes"
    PERL_CANARY_STABILITY_NOPROMPT="1"
    PERL_CPAN_REPORTER_CONFIG="/var/tmp/cpansmoker-1023/2019051808/cpanreporter_000_config.ini"
    PERL_EXTUTILS_AUTOINSTALL="--defaultdeps"
    PERL_USE_UNSAFE_INC="1"
  @INC:
    /home/cpansand/.local/share/.cpan/build/2019051808/Glib-1.329-0/blib/arch
    /home/cpansand/.local/share/.cpan/build/2019051808/Glib-1.329-0/blib/lib
    /home/cpansand/.local/share/.cpan/build/2019051808/ExtUtils-PkgConfig-1.16-0/blib/arch
    /home/cpansand/.local/share/.cpan/build/2019051808/ExtUtils-PkgConfig-1.16-0/blib/lib
    /home/cpansand/.local/share/.cpan/build/2019051808/ExtUtils-Depends-0.8000-0/blib/arch
    /home/cpansand/.local/share/.cpan/build/2019051808/ExtUtils-Depends-0.8000-0/blib/lib
    /home/cpansand/.local/share/.cpan/build/2019051808/POE-1.367-0/blib/arch
    /home/cpansand/.local/share/.cpan/build/2019051808/POE-1.367-0/blib/lib
    /home/cpansand/.local/share/.cpan/build/2019051808/IO-Pipely-0.005-0/blib/arch
    /home/cpansand/.local/share/.cpan/build/2019051808/IO-Pipely-0.005-0/blib/lib
    /home/cpansand/.local/share/.cpan/build/2019051808/POE-Test-Loops-1.360-0/blib/arch
    /home/cpansand/.local/share/.cpan/build/2019051808/POE-Test-Loops-1.360-0/blib/lib
    /opt/perl-5.26.3/lib/site_perl/5.26.3/x86_64-linux
    /opt/perl-5.26.3/lib/site_perl/5.26.3
    /opt/perl-5.26.3/lib/5.26.3/x86_64-linux
    /opt/perl-5.26.3/lib/5.26.3
    .