Redis v1.999 Perl 5 v5.32.1 i386-openbsd
- Status
- Fail
- From
- Alceu Rodrigues de Freitas Junior
- Dist
-
Redis v1.999
- Platform
- Perl 5 v5.32.1 i386-openbsd
- Date
- 2022-06-07 20:45:18
- ID
- bdc8cd48-e6a2-11ec-b737-db65ffa5fe2c
This distribution has been tested as part of the CPAN Testers
project, supporting the Perl programming language. See
http://wiki.cpantesters.org/ for more information or email
questions to cpan-testers-discuss@perl.org
--
Dear Damien Krotkine,
This is a computer-generated report for Redis-1.999
on perl 5.32.1, created by CPAN-Reporter-1.2018.
Thank you for uploading your work to CPAN. However, there was a problem
testing your distribution.
If you think this report is invalid, please consult the CPAN Testers Wiki
for suggestions on how to avoid getting FAIL reports for missing library
or binary dependencies, unsupported operating systems, and so on:
http://wiki.cpantesters.org/wiki/CPANAuthorNotes
Sections of this report:
* Tester comments
* Program output
* Prerequisites
* Environment and other context
------------------------------
TESTER COMMENTS
------------------------------
Additional comments from tester:
this report is from an automated smoke testing program
and was not reviewed by a human for accuracy
------------------------------
PROGRAM OUTPUT
------------------------------
Output from './Build test':
t/00-compile.t ........... ok
t/01-basic.t ............. skipped: Could not find binary redis-server
t/02-responses.t ......... skipped: Could not find binary redis-server
t/03-pubsub.t ............ skipped: Could not find binary redis-server
t/04-pipeline.t .......... skipped: Could not find binary redis-server
t/05-nonblock.t .......... skipped: Could not find binary redis-server
t/06-on-connect.t ........ skipped: Could not find binary redis-server
t/07-reconnect.t ......... skipped: Could not find binary redis-server
t/08-unix-socket.t ....... skipped: Could not find binary redis-server
t/10-tie-list.t .......... skipped: Could not find binary redis-server
Use of uninitialized value in numeric lt (<) at /home/goku/perl5/lib/perl5/PerlIO/via/Timeout.pm line 174.
Use of uninitialized value in numeric lt (<) at /home/goku/perl5/lib/perl5/PerlIO/via/Timeout.pm line 174.
# Failed test 'the code died as expected'
# at t/11-timeout.t line 48.
# undef
# doesn't match '(?^:Error while reading from Redis server:)'
# Looks like you failed 1 test of 2.
# Failed test 'server doesn't replies quickly enough'
# at t/11-timeout.t line 51.
# Looks like you failed 1 test of 3.
t/11-timeout.t ...........
Dubious, test returned 1 (wstat 256, 0x100)
Failed 1/3 subtests
t/20-tie-hash.t .......... skipped: Could not find binary redis-server
t/30-scripts.t ........... skipped: Could not find binary redis-server
t/42-client_cmds.t ....... skipped: Could not find binary redis-server
t/44-no-unicode-bug.t .... skipped: Could not find binary redis-server
t/50-fork_safe.t ......... skipped: Could not find binary redis-server
t/author-distmeta.t ...... skipped: these tests are for testing by the author
t/author-pod-coverage.t .. skipped: these tests are for testing by the author
Test Summary Report
-------------------
t/11-timeout.t (Wstat: 256 (exited 1) Tests: 3 Failed: 1)
Failed test: 2
Non-zero exit status: 1
Files=18, Tests=7, 19 wallclock secs ( 0.09 usr 0.05 sys + 6.07 cusr 1.91 csys = 8.12 CPU)
Result: FAIL
------------------------------
PREREQUISITES
------------------------------
Prerequisite modules loaded:
requires:
Module Need Have
------------------- ------- --------
IO::Socket::Timeout 0.29 0.32
perl 5.010 5.032001
Try::Tiny 0 0.31
build_requires:
Module Need Have
------------------- ------- --------
Digest::SHA 0 6.02
File::Spec 0 3.78
IO::Handle 0 1.42
IO::String 0 1.08
IPC::Cmd 0 1.04
IPC::Open3 0 1.21
perl 5.010 5.032001
Test::Deep 0 1.130
Test::Fatal 0 0.016
Test::More 0.98 1.302190
Test::SharedFork 0 0.35
Test::TCP 1.19 2.22
configure_requires:
Module Need Have
------------------- ------- --------
ExtUtils::MakeMaker 6.63_03 7.64
Module::Build::Tiny 0.034 0.039
perl 5.010 5.032001
------------------------------
ENVIRONMENT AND OTHER CONTEXT
------------------------------
Environment variables:
AUTOMATED_TESTING = 1
PATH = /home/goku/perl5/bin:/usr/bin:/bin:/usr/sbin:/sbin:/usr/X11R6/bin:/usr/local/bin:/usr/local/sbin
PERL5LIB = /home/goku/perl5/lib/perl5
PERL5OPT =
PERL5_CPANPLUS_IS_RUNNING = 68982
PERL5_CPAN_IS_RUNNING = 68982
PERL5_CPAN_IS_RUNNING_IN_RECURSION = 84297,68982
PERL_CR_SMOKER_CURRENT = Test-RedisServer-0.23
PERL_EXTUTILS_AUTOINSTALL = --defaultdeps
PERL_LOCAL_LIB_ROOT = /home/goku/perl5
PERL_MB_OPT = --install_base "/home/goku/perl5"
PERL_MM_OPT = INSTALL_BASE=/home/goku/perl5
PERL_MM_USE_DEFAULT = 1
PERL_USE_UNSAFE_INC = 1
SHELL = /bin/ksh
TERM = xterm-256color
Perl special variables (and OS-specific diagnostics, for MSWin32):
$^X = /usr/bin/perl
$UID/$EUID = 1001 / 1001
$GID = 1002 1002 1001
$EGID = 1002 1002 1001
Perl module toolchain versions installed:
Module Have
------------------- --------
CPAN 2.34
CPAN::Meta 2.150010
Cwd 3.78
ExtUtils::CBuilder 0.280236
ExtUtils::Command 7.64
ExtUtils::Install 2.20
ExtUtils::MakeMaker 7.64
ExtUtils::Manifest 1.72
ExtUtils::ParseXS 3.40
File::Spec 3.78
JSON 4.06
JSON::PP 4.09
Module::Build 0.4231
Module::Signature n/a
Parse::CPAN::Meta 2.150010
Test::Harness 3.44
Test::More 1.302190
YAML 1.30
YAML::Syck 1.34
version 0.9924
--
Summary of my perl5 (revision 5 version 32 subversion 1) configuration:
Platform:
osname=openbsd
osvers=7.1
archname=i386-openbsd
uname='openbsd'
config_args='-dse -Dopenbsd_distribution=defined -Dmksymlinks'
hint=recommended
useposix=true
d_sigaction=define
useithreads=undef
usemultiplicity=undef
use64bitint=undef
use64bitall=undef
uselongdouble=undef
usemymalloc=n
default_inc_excludes_dot=define
bincompat5005=undef
Compiler:
cc='cc'
ccflags ='-DNO_LOCALE_NUMERIC -DNO_LOCALE_COLLATE -fno-strict-aliasing -fno-delete-null-pointer-checks -pipe -fstack-protector-strong -I/usr/local/include'
optimize='-O2'
cppflags='-DBIG_TIME -DNO_LOCALE_NUMERIC -DNO_LOCALE_COLLATE -fno-strict-aliasing -fno-delete-null-pointer-checks -pipe -fstack-protector-strong -I/usr/local/include'
ccversion=''
gccversion='OpenBSD Clang 13.0.0'
gccosandvers=''
intsize=4
longsize=4
ptrsize=4
doublesize=8
byteorder=1234
doublekind=3
d_longlong=define
longlongsize=8
d_longdbl=define
longdblsize=12
longdblkind=3
ivtype='long'
ivsize=4
nvtype='double'
nvsize=8
Off_t='off_t'
lseeksize=8
alignbytes=4
prototype=define
Linker and Libraries:
ld='cc'
ldflags ='-Wl,-E -fstack-protector-strong -L/usr/local/lib'
libpth=/usr/lib /usr/lib/clang/13.0.0/lib /usr/lib
libs=-lm -lc
perllibs=-lm -lc
libc=/usr/lib/libc.so.96.1
so=so
useshrplib=true
libperl=libperl.so.22.0
gnulibc_version=''
Dynamic Linking:
dlsrc=dl_dlopen.xs
dlext=so
d_dlsymun=undef
ccdlflags='-Wl,-R/usr/libdata/perl5/i386-openbsd/CORE'
cccdlflags='-DPIC -fpic '
lddlflags='-shared -fpic -fstack-protector-strong -L/usr/local/lib'
Characteristics of this binary (from libperl):
Compile-time options:
HAS_TIMES
PERLIO_LAYERS
PERL_COPY_ON_WRITE
PERL_DONT_CREATE_GVSV
PERL_MALLOC_WRAP
PERL_OP_PARENT
PERL_PRESERVE_IVUV
USE_LARGE_FILES
USE_LOCALE
USE_LOCALE_CTYPE
USE_LOCALE_TIME
USE_PERLIO
USE_PERL_ATOF
Built under openbsd
%ENV:
PERL5LIB="/home/goku/perl5/lib/perl5"
PERL5OPT=""
PERL5_CPANPLUS_IS_RUNNING="68982"
PERL5_CPAN_IS_RUNNING="68982"
PERL5_CPAN_IS_RUNNING_IN_RECURSION="84297,68982"
PERL_CR_SMOKER_CURRENT="Test-RedisServer-0.23"
PERL_EXTUTILS_AUTOINSTALL="--defaultdeps"
PERL_LOCAL_LIB_ROOT="/home/goku/perl5"
PERL_MB_OPT="--install_base "/home/goku/perl5""
PERL_MM_OPT="INSTALL_BASE=/home/goku/perl5"
PERL_MM_USE_DEFAULT="1"
PERL_USE_UNSAFE_INC="1"
@INC:
/home/goku/perl5/lib/perl5/i386-openbsd
/home/goku/perl5/lib/perl5
/usr/local/libdata/perl5/site_perl/i386-openbsd
/usr/local/libdata/perl5/site_perl
/usr/libdata/perl5/i386-openbsd
/usr/libdata/perl5
.