Back
From: metabase:user:322078bc-2aae-11df-837a-5e0a49663a4f
Subject: FAIL Geo-Calc-XS-0.29 v5.12.1 NetBSD
Date: 2014-10-18T19:12:45Z
This distribution has been tested as part of the CPAN Testers
project, supporting the Perl programming language. See
http://wiki.cpantesters.org/ for more information or email
questions to cpan-testers-discuss@perl.org
--
Dear FLIMM,
This is a computer-generated error report created automatically by
CPANPLUS, version 0.9152. Testers personal comments may appear
at the end of this report.
Thank you for uploading your work to CPAN. However, it appears that
there were some problems testing your distribution.
TEST RESULTS:
Below is the error stack from stage 'make test':
Running Mkbootstrap for Geo::Calc::XS ()
chmod 644 XS.bs
PERL_DL_NONLAZY=1 /home/cpan/pit/bare/perl-5.12.1/bin/perl "-MExtUtils::Command::MM" "-MTest::Harness" "-e" "undef *Test::Harness::Switches; test_harness(0, 'blib/lib', 'blib/arch')" t/*.t
t/01_use.t ........... ok
t/02_check_module.t .. ok
t/03_properties.t .... ok
t/04_units.t ......... ok
Bareword found where operator expected at t/05_fuzzy_input.t line 61, near "s/\n\z//r"
t/05_fuzzy_input.t ...
Dubious, test returned 2 (wstat 512, 0x200)
No subtests run
t/06_memory_leak.t ... ok
# Failed test 'Running 02_check_module.t under debugger succeeded'
# at t/07_debugger.t line 30.
# got: '11520'
# expected: '0'
# err:
# >
# > # Failed test 'boundry box 1/1 km'
# > # at /home/cpan/pit/bare/conf/perl-5.12.1/.cpanplus/5.12.1/build/Geo-Calc-XS-0.29/t/02_check_module.t line 99.
# > # Structures begin differing at:
# > # $got->{lon_max} = '-0.35088'
# > # $expected->{lon_max} = '-3.704309'
# >
# > # Failed test 'boundry box 2/2 km'
# > # at /home/cpan/pit/bare/conf/perl-5.12.1/.cpanplus/5.12.1/build/Geo-Calc-XS-0.29/t/02_check_module.t line 99.
# > # Structures begin differing at:
# > # $got->{lat_max} = '-3.695269'
# > # $expected->{lat_max} = '40.426878'
# >
# > # Failed test 'boundry box 2/2 km with 12 digits'
# > # at /home/cpan/pit/bare/conf/perl-5.12.1/.cpanplus/5.12.1/build/Geo-Calc-XS-0.29/t/02_check_module.t line 99.
# > # Structures begin differing at:
# > # $got->{lon_min} = '-0.364382897288'
# > # $expected->{lon_min} = '-3.721995897047'
# >
# > # Failed test 'boundry box 2/2 km with 1 args ( 1000, undef, -3 )'
# > # at /home/cpan/pit/bare/conf/perl-5.12.1/.cpanplus/5.12.1/build/Geo-Calc-XS-0.29/t/02_check_module.t line 99.
# > # Structures begin differing at:
# > # $got->{lat_max} = '-3.695'
# > # $expected->{lat_max} = '40.427'
# >
# > # Failed test 'boundry box 2/2 km with args ( 1000, undef )'
# > # at /home/cpan/pit/bare/conf/perl-5.12.1/.cpanplus/5.12.1/build/Geo-Calc-XS-0.29/t/02_check_module.t line 99.
# > # Structures begin differing at:
# > # $got->{lat_min} = '-3.713326'
# > # $expected->{lat_min} = '40.408872'
# >
# > # Failed test 'boundry box 2/2 km with args ( 1000 )'
# > # at /home/cpan/pit/bare/conf/perl-5.12.1/.cpanplus/5.12.1/build/Geo-Calc-XS-0.29/t/02_check_module.t line 99.
# > # Structures begin differing at:
# > # $got->{lat_max} = '-3.695269'
# > # $expected->{lat_max} = '40.426878'
# >
# > # Failed test 'boundry box 6/8 km'
# > # at /home/cpan/pit/bare/conf/perl-5.12.1/.cpanplus/5.12.1/build/Geo-Calc-XS-0.29/t/02_check_module.t line 99.
# > # Structures begin differing at:
# > # $got->{lon_max} = '-0.328375'
# > # $expected->{lon_max} = '-3.674832'
# >
# > # Failed test 'destination point 1'
# > # at /home/cpan/pit/bare/conf/perl-5.12.1/.cpanplus/5.12.1/build/Geo-Calc-XS-0.29/t/02_check_module.t line 99.
# > # Structures begin differing at:
# > # $got->{lat} = '0'
# > # $expected->{lat} = '40.424321'
# >
# > # Failed test 'destination point 2'
# > # at /home/cpan/pit/bare/conf/perl-5.12.1/.cpanplus/5.12.1/build/Geo-Calc-XS-0.29/t/02_check_module.t line 99.
# > # Structures begin differing at:
# > # $got->{lat} = '0'
# > # $expected->{lat} = '-70'
# >
# > # Failed test 'distance_to 40.422371/-3.704298'
# > # at /home/cpan/pit/bare/conf/perl-5.12.1/.cpanplus/5.12.1/build/Geo-Calc-XS-0.29/t/02_check_module.t line 99.
# > # got: '4921886.602974'
# > # expected: '707.106482'
# >
# > # Failed test 'distance_to 40.422371/-3.704298 ( Geo::Calc::XS Object )'
# > # at /home/cpan/pit/bare/conf/perl-5.12.1/.cpanplus/5.12.1/build/Geo-Calc-XS-0.29/t/02_check_module.t line 99.
# > # got: '6443923.517201'
# > # expected: '707.106482'
# >
# > # Failed test 'distance_to buckingham palace'
# > # at /home/cpan/pit/bare/conf/perl-5.12.1/.cpanplus/5.12.1/build/Geo-Calc-XS-0.29/t/02_check_module.t line 99.
# > # got: '4524690'
# > # expected: '1269060.915'
# >
# > # Failed test 'midpoint'
# > # at /home/cpan/pit/bare/conf/perl-5.12.1/.cpanplus/5.12.1/build/Geo-Calc-XS-0.29/t/02_check_module.t line 99.
# > # Structures begin differing at:
# > # $got->{lon} = '30'
# > # $expected->{lon} = '-3.707251'
# >
# > # Failed test 'midpoint ( Geo::Calc::XS Object )'
# > # at /home/cpan/pit/bare/conf/perl-5.12.1/.cpanplus/5.12.1/build/Geo-Calc-XS-0.29/t/02_check_module.t line 99.
# > # Structures begin differing at:
# > # $got->{lon} = '10'
# > # $expected->{lon} = '-3.707251'
# >
# > # Failed test 'midpoints are the same'
# > # at /home/cpan/pit/bare/conf/perl-5.12.1/.cpanplus/5.12.1/build/Geo-Calc-XS-0.29/t/02_check_module.t line 99.
# > # Structures begin differing at:
# > # $got->{lon} = '20'
# > # $expected->{lon} = '40'
# >
# > # Failed test 'midpoint'
# > # at /home/cpan/pit/bare/conf/perl-5.12.1/.cpanplus/5.12.1/build/Geo-Calc-XS-0.29/t/02_check_module.t line 99.
# > # Structures begin differing at:
# > # $got->{lat} = '20'
# > # $expected->{lat} = '44.543903'
# >
# > # Failed test 'intersection'
# > # at /home/cpan/pit/bare/conf/perl-5.12.1/.cpanplus/5.12.1/build/Geo-Calc-XS-0.29/t/02_check_module.t line 99.
# > # Structures begin differing at:
# > # $got = undef
# > # $expected = HASH(0x7f7ff59409f0)
# >
# > # Failed test 'intersection ( Geo::Calc::XS Object )'
# > # at /home/cpan/pit/bare/conf/perl-5.12.1/.cpanplus/5.12.1/build/Geo-Calc-XS-0.29/t/02_check_module.t line 99.
# > # Structures begin differing at:
# > # $got->{lon} = '30'
# > # $expected->{lon} = '-3.704298'
# >
# > # Failed test 'over intersection'
# > # at /home/cpan/pit/bare/conf/perl-5.12.1/.cpanplus/5.12.1/build/Geo-Calc-XS-0.29/t/02_check_module.t line 99.
# > # Structures begin differing at:
# > # $got->{lat} = '40'
# > # $expected->{lat} = '54.967178'
# >
# > # Failed test 'distance at latitude'
# > # at /home/cpan/pit/bare/conf/perl-5.12.1/.cpanplus/5.12.1/build/Geo-Calc-XS-0.29/t/02_check_module.t line 99.
# > # Structures begin differing at:
# > # $got->{m_lat} = '110578.907272'
# > # $expected->{m_lat} = '111042.645811'
# >
# > # Failed test 'initial bearing 1'
# > # at /home/cpan/pit/bare/conf/perl-5.12.1/.cpanplus/5.12.1/build/Geo-Calc-XS-0.29/t/02_check_module.t line 99.
# > # got: '20'
# > # expected: '45.004851'
# >
# > # Failed test 'initial bearing 1 ( Geo::Calc::XS Object )'
# > # at /home/cpan/pit/bare/conf/perl-5.12.1/.cpanplus/5.12.1/build/Geo-Calc-XS-0.29/t/02_check_module.t line 99.
# > # got: '30'
# > # expected: '45.004851'
# >
# > # Failed test 'initial bearing 2'
# > # at /home/cpan/pit/bare/conf/perl-5.12.1/.cpanplus/5.12.1/build/Geo-Calc-XS-0.29/t/02_check_module.t line 99.
# > # got: '280'
# > # expected: '273.683864'
# >
# > # Failed test 'initial bearing 3'
# > # at /home/cpan/pit/bare/conf/perl-5.12.1/.cpanplus/5.12.1/build/Geo-Calc-XS-0.29/t/02_check_module.t line 99.
# > # got: '70'
# > # expected: '158.973869'
# >
# > # Failed test 'initial bearing 4'
# > # at /home/cpan/pit/bare/conf/perl-5.12.1/.cpanplus/5.12.1/build/Geo-Calc-XS-0.29/t/02_check_module.t line 99.
# > # got: '0'
# > # expected: '45.753222'
# >
# > # Failed test 'final bearing'
# > # at /home/cpan/pit/bare/conf/perl-5.12.1/.cpanplus/5.12.1/build/Geo-Calc-XS-0.29/t/02_check_module.t line 99.
# > # got: '355.217023'
# > # expected: '45.008681'
# >
# > # Failed test 'final bearing ( Geo::Calc::XS Object )'
# > # at /home/cpan/pit/bare/conf/perl-5.12.1/.cpanplus/5.12.1/build/Geo-Calc-XS-0.29/t/02_check_module.t line 99.
# > # got: '44.632909'
# > # expected: '45.008681'
# >
# > # Failed test 'final bearing'
# > # at /home/cpan/pit/bare/conf/perl-5.12.1/.cpanplus/5.12.1/build/Geo-Calc-XS-0.29/t/02_check_module.t line 99.
# > # got: '274.750102'
# > # expected: '230.962738'
# >
# > # Failed test 'final bearing'
# > # at /home/cpan/pit/bare/conf/perl-5.12.1/.cpanplus/5.12.1/build/Geo-Calc-XS-0.29/t/02_check_module.t line 99.
# > # got: '65.504624'
# > # expected: '164.144976'
# >
# > # Failed test 'final bearing'
# > # at /home/cpan/pit/bare/conf/perl-5.12.1/.cpanplus/5.12.1/build/Geo-Calc-XS-0.29/t/02_check_module.t line 99.
# > # got: '6.990553'
# > # expected: '51.72994'
# >
# > # Failed test 'rhumb distance'
# > # at /home/cpan/pit/bare/conf/perl-5.12.1/.cpanplus/5.12.1/build/Geo-Calc-XS-0.29/t/02_check_module.t line 99.
# > # got: '634622710'
# > # expected: '707.094665'
# >
# > # Failed test 'rhumb distance ( Geo::Calc::XS Object )'
# > # at /home/cpan/pit/bare/conf/perl-5.12.1/.cpanplus/5.12.1/build/Geo-Calc-XS-0.29/t/02_check_module.t line 99.
# > # got: '327164380'
# > # expected: '707.094665'
# >
# > # Failed test 'rhumb bearing 1'
# > # at /home/cpan/pit/bare/conf/perl-5.12.1/.cpanplus/5.12.1/build/Geo-Calc-XS-0.29/t/02_check_module.t line 99.
# > # got: '89.997824'
# > # expected: '45.006766'
# >
# > # Failed test 'rhumb bearing 1 ( Geo::Calc::XS Object )'
# > # at /home/cpan/pit/bare/conf/perl-5.12.1/.cpanplus/5.12.1/build/Geo-Calc-XS-0.29/t/02_check_module.t line 99.
# > # got: '270.780104'
# > # expected: '45.006766'
# >
# > # Failed test 'rhumb bearing 2'
# > # at /home/cpan/pit/bare/conf/perl-5.12.1/.cpanplus/5.12.1/build/Geo-Calc-XS-0.29/t/02_check_module.t line 99.
# > # got: '270.145861'
# > # expected: '248.409098'
# >
# > # Failed test 'rhumb bearing 3'
# > # at /home/cpan/pit/bare/conf/perl-5.12.1/.cpanplus/5.12.1/build/Geo-Calc-XS-0.29/t/02_check_module.t line 99.
# > # got: '270.128685'
# > # expected: '183.829572'
# >
# > # Failed test 'rhumb bearing 4'
# > # at /home/cpan/pit/bare/conf/perl-5.12.1/.cpanplus/5.12.1/build/Geo-Calc-XS-0.29/t/02_check_module.t line 99.
# > # got: '270.521278'
# > # expected: '48.644443'
# >
# > # Failed test 'rhumb destination point'
# > # at /home/cpan/pit/bare/conf/perl-5.12.1/.cpanplus/5.12.1/build/Geo-Calc-XS-0.29/t/02_check_module.t line 99.
# > # Structures begin differing at:
# > # $got->{lon} = '0'
# > # $expected->{lon} = '-3.704298'
# >
# > # Failed test 'rhumb destination point'
# > # at /home/cpan/pit/bare/conf/perl-5.12.1/.cpanplus/5.12.1/build/Geo-Calc-XS-0.29/t/02_check_module.t line 99.
# > # Structures begin differing at:
# > # $got->{lon} = '0'
# > # $expected->{lon} = '40'
# >
# > # Failed test 'boundry box 1/1 km'
# > # at /home/cpan/pit/bare/conf/perl-5.12.1/.cpanplus/5.12.1/build/Geo-Calc-XS-0.29/t/02_check_module.t line 99.
# > # Structures begin differing at:
# > # $got->{lon_max} = '-0.35088'
# > # $expected->{lon_max} = '40.434133'
# >
# > # Failed test 'boundry box 5.5/1.2 km'
# > # at /home/cpan/pit/bare/conf/perl-5.12.1/.cpanplus/5.12.1/build/Geo-Calc-XS-0.29/t/02_check_module.t line 99.
# > # Structures begin differing at:
# > # $got->{lon_max} = '-0.330625'
# > # $expected->{lon_max} = '41.149537'
# >
# > # Failed test 'boundry box 1/1 mi'
# > # at /home/cpan/pit/bare/conf/perl-5.12.1/.cpanplus/5.12.1/build/Geo-Calc-XS-0.29/t/02_check_module.t line 99.
# > # Structures begin differing at:
# > # $got->{lon_min} = '40.415127377078'
# > # $expected->{lon_min} = '40.410631425305'
# >
# > # Failed test 'distance_to 40.422371/-3.704298 in miles'
# > # at /home/cpan/pit/bare/conf/perl-5.12.1/.cpanplus/5.12.1/build/Geo-Calc-XS-0.29/t/02_check_module.t line 99.
# > # got: '4465.17024'
# > # expected: '6119.644619'
# >
# > # Failed test 'distance_to 40.422371/-3.704298 in miles ( Geo::Calc::XS Object )'
# > # at /home/cpan/pit/bare/conf/perl-5.12.1/.cpanplus/5.12.1/build/Geo-Calc-XS-0.29/t/02_check_module.t line 99.
# > # got: '3105.722593'
# > # expected: '6119.644619'
# >
# > # Failed test 'distance_to NY -> LA'
# > # at /home/cpan/pit/bare/conf/perl-5.12.1/.cpanplus/5.12.1/build/Geo-Calc-XS-0.29/t/02_check_module.t line 99.
# > # got: '3050'
# > # expected: '2554.82647'
# > # Looks like you failed 45 tests of 47.
# Looks like you failed 1 test of 5.
t/07_debugger.t ......
Dubious, test returned 1 (wstat 256, 0x100)
Failed 1/5 subtests
t/90_benchmark.t ..... ok
t/99_pod.t ........... skipped: Test::Pod 1.00 required for testing POD
Test Summary Report
-------------------
t/05_fuzzy_input.t (Wstat: 512 Tests: 0 Failed: 0)
Non-zero exit status: 2
Parse errors: No plan found in TAP output
t/07_debugger.t (Wstat: 256 Tests: 5 Failed: 1)
Failed test: 5
Non-zero exit status: 1
Files=9, Tests=148, 1 wallclock secs ( 0.07 usr 0.02 sys + 0.94 cusr 0.18 csys = 1.21 CPU)
Result: FAIL
Failed 2/9 test programs. 1/148 subtests failed.
*** Error code 255
Stop.
make: stopped in /home/cpan/pit/bare/conf/perl-5.12.1/.cpanplus/5.12.1/build/Geo-Calc-XS-0.29
PREREQUISITES:
Here is a list of prerequisites you specified and versions we
managed to load:
Module Name Have Want
ExtUtils::MakeMaker 6.98 0
File::Spec 3.47 0
Math::Units 1.3 0
Test::Deep 0.113 0
Test::Exception 0.35 0
Test::LeakTrace 0.14 0
Test::More 1.001006 0
Test::NoWarnings 1.04 0
Test::Warn 0.30 0
Perl module toolchain versions installed:
Module Name Have
CPANPLUS 0.9152
CPANPLUS::Dist::Build 0.78
Cwd 3.47
ExtUtils::CBuilder 0.280219
ExtUtils::Command 1.16
ExtUtils::Install 1.68
ExtUtils::MakeMaker 6.98
ExtUtils::Manifest 1.66
ExtUtils::ParseXS 3.24
File::Spec 3.47
Module::Build 0.4210
Pod::Parser 1.37
Pod::Simple 3.14
Test::Harness 3.33
Test::More 1.001006
version 0.9909
******************************** NOTE ********************************
The comments above are created mechanically, possibly without manual
checking by the sender. As there are many people performing automatic
tests on each upload to CPAN, it is likely that you will receive
identical messages about the same problem.
If you believe that the message is mistaken, please reply to the first
one with correction and/or additional informations, and do not take
it personally. We appreciate your patience. :)
**********************************************************************
Additional comments:
This report was machine-generated by CPANPLUS::Dist::YACSmoke 0.90.
Powered by minismokebox version 0.58
------------------------------
ENVIRONMENT AND OTHER CONTEXT
------------------------------
Environment variables:
AUTOMATED_TESTING = 1
NONINTERACTIVE_TESTING = 1
PATH = /home/cpan/bin:/bin:/sbin:/usr/bin:/usr/sbin:/usr/X11R7/bin:/usr/X11R6/bin:/usr/pkg/bin:/usr/pkg/sbin:/usr/games:/usr/local/bin:/usr/local/sbin
PERL5LIB = :/home/cpan/pit/bare/conf/perl-5.12.1/.cpanplus/5.12.1/build/Math-Units-1.3/blib/lib:/home/cpan/pit/bare/conf/perl-5.12.1/.cpanplus/5.12.1/build/Math-Units-1.3/blib/arch:/home/cpan/pit/bare/conf/perl-5.12.1/.cpanplus/5.12.1/build/Test-Tester-0.109/blib/lib:/home/cpan/pit/bare/conf/perl-5.12.1/.cpanplus/5.12.1/build/Test-Tester-0.109/blib/arch:/home/cpan/pit/bare/conf/perl-5.12.1/.cpanplus/5.12.1/build/Test-NoWarnings-1.04/blib/lib:/home/cpan/pit/bare/conf/perl-5.12.1/.cpanplus/5.12.1/build/Test-NoWarnings-1.04/blib/arch:/home/cpan/pit/bare/conf/perl-5.12.1/.cpanplus/5.12.1/build/Test-Deep-0.113/blib/lib:/home/cpan/pit/bare/conf/perl-5.12.1/.cpanplus/5.12.1/build/Test-Deep-0.113/blib/arch:/home/cpan/pit/bare/conf/perl-5.12.1/.cpanplus/5.12.1/build/Sub-Uplevel-0.24/blib/lib:/home/cpan/pit/bare/conf/perl-5.12.1/.cpanplus/5.12.1/build/Sub-Uplevel-0.24/blib/arch:/home/cpan/pit/bare/conf/perl-5.12.1/.cpanplus/5.12.1/build/Test-Exception-0.35/blib/lib:/home/cpan/pit/bare/conf/perl-5.12.1/.cpanplus/5.12.1/build/Test-Exception-0.35/blib/arch:/home/cpan/pit/bare/conf/perl-5.12.1/.cpanplus/5.12.1/build/Test-LeakTrace-0.14/blib/lib:/home/cpan/pit/bare/conf/perl-5.12.1/.cpanplus/5.12.1/build/Test-LeakTrace-0.14/blib/arch:/home/cpan/pit/bare/conf/perl-5.12.1/.cpanplus/5.12.1/build/Carp-1.3301/blib/lib:/home/cpan/pit/bare/conf/perl-5.12.1/.cpanplus/5.12.1/build/Carp-1.3301/blib/arch:/home/cpan/pit/bare/conf/perl-5.12.1/.cpanplus/5.12.1/build/Test-Warn-0.30/blib/lib:/home/cpan/pit/bare/conf/perl-5.12.1/.cpanplus/5.12.1/build/Test-Warn-0.30/blib/arch:/home/cpan/pit/bare/conf/perl-5.12.1/.cpanplus/5.12.1/build/Geo-Calc-XS-0.29/blib/lib:/home/cpan/pit/bare/conf/perl-5.12.1/.cpanplus/5.12.1/build/Geo-Calc-XS-0.29/blib/arch
PERL5_CPANPLUS_IS_RUNNING = 17178
PERL5_CPANPLUS_IS_VERSION = 0.9152
PERL5_MINISMOKEBOX = 0.58
PERL5_YACSMOKE_BASE = /home/cpan/pit/bare/conf/perl-5.12.1
PERL_EXTUTILS_AUTOINSTALL = --defaultdeps
PERL_MM_USE_DEFAULT = 1
SHELL = /usr/pkg/bin/bash
TERM = screen
Perl special variables (and OS-specific diagnostics, for MSWin32):
Perl: $^X = /home/cpan/pit/bare/perl-5.12.1/bin/perl
UID: $< = 1002
EUID: $> = 1002
GID: $( = 100 100
EGID: $) = 100 100
-------------------------------
--
Summary of my perl5 (revision 5 version 12 subversion 1) configuration:
Platform:
osname=netbsd, osvers=6.1.4, archname=amd64-netbsd
uname='netbsd naboo.bingosnet.co.uk 6.1.4 netbsd 6.1.4 (generic) amd64 '
config_args='-des -Dprefix=/home/cpan/pit/bare/perl-5.12.1'
hint=recommended, useposix=true, d_sigaction=define
useithreads=undef, usemultiplicity=undef
useperlio=define, d_sfio=undef, uselargefiles=define, usesocks=undef
use64bitint=define, use64bitall=define, uselongdouble=undef
usemymalloc=n, bincompat5005=undef
Compiler:
cc='cc', ccflags ='-fno-strict-aliasing -pipe -fstack-protector -I/usr/pkg/include',
optimize='-O',
cppflags='-fno-strict-aliasing -pipe -fstack-protector -I/usr/pkg/include'
ccversion='', gccversion='4.5.3', gccosandvers=''
intsize=4, longsize=8, ptrsize=8, doublesize=8, byteorder=12345678
d_longlong=define, longlongsize=8, d_longdbl=define, longdblsize=16
ivtype='long', ivsize=8, nvtype='double', nvsize=8, Off_t='off_t', lseeksize=8
alignbytes=8, prototype=define
Linker and Libraries:
ld='cc', ldflags =' -Wl,-rpath,/usr/pkg/lib -Wl,-rpath,/usr/local/lib -fstack-protector -L/usr/pkg/lib'
libpth=/usr/pkg/lib /lib /usr/lib
libs=-lgdbm -lm -lcrypt -lutil -lc -lposix
perllibs=-lm -lcrypt -lutil -lc -lposix
libc=/lib/libc.so, so=so, useshrplib=false, libperl=libperl.a
gnulibc_version=''
Dynamic Linking:
dlsrc=dl_dlopen.xs, dlext=so, d_dlsymun=undef, ccdlflags='-Wl,-E '
cccdlflags='-DPIC -fPIC ', lddlflags='--whole-archive -shared -L/usr/pkg/lib -fstack-protector'
Characteristics of this binary (from libperl):
Compile-time options: PERL_DONT_CREATE_GVSV PERL_MALLOC_WRAP USE_64_BIT_ALL
USE_64_BIT_INT USE_LARGE_FILES USE_PERLIO
USE_PERL_ATOF
Built under netbsd
Compiled at May 9 2014 13:09:24
%ENV:
PERL5LIB=":/home/cpan/pit/bare/conf/perl-5.12.1/.cpanplus/5.12.1/build/Math-Units-1.3/blib/lib:/home/cpan/pit/bare/conf/perl-5.12.1/.cpanplus/5.12.1/build/Math-Units-1.3/blib/arch:/home/cpan/pit/bare/conf/perl-5.12.1/.cpanplus/5.12.1/build/Test-Tester-0.109/blib/lib:/home/cpan/pit/bare/conf/perl-5.12.1/.cpanplus/5.12.1/build/Test-Tester-0.109/blib/arch:/home/cpan/pit/bare/conf/perl-5.12.1/.cpanplus/5.12.1/build/Test-NoWarnings-1.04/blib/lib:/home/cpan/pit/bare/conf/perl-5.12.1/.cpanplus/5.12.1/build/Test-NoWarnings-1.04/blib/arch:/home/cpan/pit/bare/conf/perl-5.12.1/.cpanplus/5.12.1/build/Test-Deep-0.113/blib/lib:/home/cpan/pit/bare/conf/perl-5.12.1/.cpanplus/5.12.1/build/Test-Deep-0.113/blib/arch:/home/cpan/pit/bare/conf/perl-5.12.1/.cpanplus/5.12.1/build/Sub-Uplevel-0.24/blib/lib:/home/cpan/pit/bare/conf/perl-5.12.1/.cpanplus/5.12.1/build/Sub-Uplevel-0.24/blib/arch:/home/cpan/pit/bare/conf/perl-5.12.1/.cpanplus/5.12.1/build/Test-Exception-0.35/blib/lib:/home/cpan/pit/bare/conf/perl-5.12.1/.cpanplus/5.12.1/build/Test-Exception-0.35/blib/arch:/home/cpan/pit/bare/conf/perl-5.12.1/.cpanplus/5.12.1/build/Test-LeakTrace-0.14/blib/lib:/home/cpan/pit/bare/conf/perl-5.12.1/.cpanplus/5.12.1/build/Test-LeakTrace-0.14/blib/arch:/home/cpan/pit/bare/conf/perl-5.12.1/.cpanplus/5.12.1/build/Carp-1.3301/blib/lib:/home/cpan/pit/bare/conf/perl-5.12.1/.cpanplus/5.12.1/build/Carp-1.3301/blib/arch:/home/cpan/pit/bare/conf/perl-5.12.1/.cpanplus/5.12.1/build/Test-Warn-0.30/blib/lib:/home/cpan/pit/bare/conf/perl-5.12.1/.cpanplus/5.12.1/build/Test-Warn-0.30/blib/arch:/home/cpan/pit/bare/conf/perl-5.12.1/.cpanplus/5.12.1/build/Geo-Calc-XS-0.29/blib/lib:/home/cpan/pit/bare/conf/perl-5.12.1/.cpanplus/5.12.1/build/Geo-Calc-XS-0.29/blib/arch"
PERL5_CPANPLUS_IS_RUNNING="17178"
PERL5_CPANPLUS_IS_VERSION="0.9152"
PERL5_MINISMOKEBOX="0.58"
PERL5_YACSMOKE_BASE="/home/cpan/pit/bare/conf/perl-5.12.1"
PERL_EXTUTILS_AUTOINSTALL="--defaultdeps"
PERL_MM_USE_DEFAULT="1"
@INC:
/home/cpan/pit/bare/conf/perl-5.12.1/.cpanplus/5.12.1/build/Math-Units-1.3/blib/lib
/home/cpan/pit/bare/conf/perl-5.12.1/.cpanplus/5.12.1/build/Math-Units-1.3/blib/arch
/home/cpan/pit/bare/conf/perl-5.12.1/.cpanplus/5.12.1/build/Test-Tester-0.109/blib/lib
/home/cpan/pit/bare/conf/perl-5.12.1/.cpanplus/5.12.1/build/Test-Tester-0.109/blib/arch
/home/cpan/pit/bare/conf/perl-5.12.1/.cpanplus/5.12.1/build/Test-NoWarnings-1.04/blib/lib
/home/cpan/pit/bare/conf/perl-5.12.1/.cpanplus/5.12.1/build/Test-NoWarnings-1.04/blib/arch
/home/cpan/pit/bare/conf/perl-5.12.1/.cpanplus/5.12.1/build/Test-Deep-0.113/blib/lib
/home/cpan/pit/bare/conf/perl-5.12.1/.cpanplus/5.12.1/build/Test-Deep-0.113/blib/arch
/home/cpan/pit/bare/conf/perl-5.12.1/.cpanplus/5.12.1/build/Sub-Uplevel-0.24/blib/lib
/home/cpan/pit/bare/conf/perl-5.12.1/.cpanplus/5.12.1/build/Sub-Uplevel-0.24/blib/arch
/home/cpan/pit/bare/conf/perl-5.12.1/.cpanplus/5.12.1/build/Test-Exception-0.35/blib/lib
/home/cpan/pit/bare/conf/perl-5.12.1/.cpanplus/5.12.1/build/Test-Exception-0.35/blib/arch
/home/cpan/pit/bare/conf/perl-5.12.1/.cpanplus/5.12.1/build/Test-LeakTrace-0.14/blib/lib
/home/cpan/pit/bare/conf/perl-5.12.1/.cpanplus/5.12.1/build/Test-LeakTrace-0.14/blib/arch
/home/cpan/pit/bare/conf/perl-5.12.1/.cpanplus/5.12.1/build/Carp-1.3301/blib/lib
/home/cpan/pit/bare/conf/perl-5.12.1/.cpanplus/5.12.1/build/Carp-1.3301/blib/arch
/home/cpan/pit/bare/conf/perl-5.12.1/.cpanplus/5.12.1/build/Test-Warn-0.30/blib/lib
/home/cpan/pit/bare/conf/perl-5.12.1/.cpanplus/5.12.1/build/Test-Warn-0.30/blib/arch
/home/cpan/pit/bare/conf/perl-5.12.1/.cpanplus/5.12.1/build/Geo-Calc-XS-0.29/blib/lib
/home/cpan/pit/bare/conf/perl-5.12.1/.cpanplus/5.12.1/build/Geo-Calc-XS-0.29/blib/arch
/home/cpan/pit/bare/perl-5.12.1/lib/site_perl/5.12.1/amd64-netbsd
/home/cpan/pit/bare/perl-5.12.1/lib/site_perl/5.12.1
/home/cpan/pit/bare/perl-5.12.1/lib/5.12.1/amd64-netbsd
/home/cpan/pit/bare/perl-5.12.1/lib/5.12.1
.