Back
From: metabase:user:0b91ce32-3676-11e1-a1bc-bfed0df65b4f
Subject: FAIL Pod-Extract-URI-0.3 v5.14.2 GNU/Linux
Date: 2012-05-17T05:25:41Z
This distribution has been tested as part of the CPAN Testers
project, supporting the Perl programming language. See
http://wiki.cpantesters.org/ for more information or email
questions to cpan-testers-discuss@perl.org
--
Dear Ian Malpass,
This is a computer-generated report for Pod-Extract-URI-0.3
on perl 5.14.2, created by CPAN-Reporter-1.2006.
Thank you for uploading your work to CPAN. However, there was a problem
testing your distribution.
If you think this report is invalid, please consult the CPAN Testers Wiki
for suggestions on how to avoid getting FAIL reports for missing library
or binary dependencies, unsupported operating systems, and so on:
http://wiki.cpantesters.org/wiki/CPANAuthorNotes
Sections of this report:
* Tester comments
* Program output
* Prerequisites
* Environment and other context
------------------------------
TESTER COMMENTS
------------------------------
Additional comments from tester:
this report is from an automated smoke testing program
and was not reviewed by a human for accuracy
------------------------------
PROGRAM OUTPUT
------------------------------
Output from '/usr/bin/make test':
/opt/perl32-5.14.2/bin/perl Build --makefile_env_macros 1 test
[22:25:35] t/command.t .......
1..4
ok 1 - use Pod::Extract::URI;
ok 2
ok 3
ok 4
ok 292 ms
[22:25:35] t/int_seq.t .......
1..2
ok 1
ok 2
ok 202 ms
[22:25:35] t/new.t ...........
1..24
ok 1 - use Pod::Extract::URI;
ok 2
ok 3
ok 4
ok 5
ok 6
ok 7
ok 8
ok 9
ok 10
ok 11
ok 12
ok 13
ok 14
ok 15
ok 16
ok 17
ok 18
ok 19
ok 20
ok 21
ok 22
ok 23
ok 24
ok 152 ms
[22:25:35] t/pod-coverage.t ..
1..1
ok 1 - Pod coverage on Pod::Extract::URI
ok 268 ms
[22:25:36] t/pod.t ...........
1..1
ok 1 - POD test for blib/lib/Pod/Extract/URI.pm
ok 242 ms
[22:25:36] t/schemes.t .......
1..5
ok 1 - use Pod::Extract::URI;
ok 2 - No schemes - get all
ok 3 - Schemes - get right URIs
ok 4 - Exclude - get right URIs
ok 5 - Schemes & exclude schemes - get right URIs
ok 186 ms
[22:25:36] t/setter.t ........
1..15
ok 1 - use Pod::Extract::URI;
ok 2
ok 3
ok 4
ok 5
ok 6
ok 7
ok 8
ok 9
ok 10
ok 11
ok 12
ok 13
ok 14
ok 15
ok 171 ms
[22:25:36] t/stop_sub.t ......
1..8
ok 1 - use Pod::Extract::URI;
ok 2
ok 3
ok 4
ok 5
ok 6
ok 7
ok 8
ok 100 ms
[22:25:37] t/stop_uris.t .....
1..4
ok 1 - use Pod::Extract::URI;
ok 2
ok 3
ok 4
ok 172 ms
[22:25:37] t/synopsis.t ......
1..4
ok 1
ok 2
ok 3
ok 4
ok 250 ms
[22:25:37] t/textblock.t .....
1..4
ok 1 - use Pod::Extract::URI;
ok 2
ok 3
ok 4
ok 129 ms
# Failed test at t/uri_details.t line 41.
# got: 'http://www.google.com/'
# expected: '<URL:http://www.google.com/>'
# Failed test at t/uri_details.t line 48.
# got: '3'
# expected: '4'
# Failed test at t/uri_details.t line 50.
# got: undef
# expected: '<URL:http://www.google.com/>'
# Failed test at t/uri_details.t line 51.
# got: undef
# expected: '<URL:http://www.google.com/>'
# Looks like you failed 4 tests of 19.
[22:25:37] t/uri_details.t ...
1..19
ok 1 - use Pod::Extract::URI;
ok 2
ok 3
ok 4
ok 5
ok 6
ok 7
ok 8
ok 9
ok 10
ok 11
ok 12
ok 13
ok 14
ok 15
not ok 16
not ok 17
not ok 18
not ok 19
Dubious, test returned 4 (wstat 1024, 0x400)
Failed 4/19 subtests
[22:25:38] t/verbatim.t ......
1..3
ok 1 - use Pod::Extract::URI;
ok 2
ok 3
ok 208 ms
[22:25:38]
Test Summary Report
-------------------
t/uri_details.t (Wstat: 1024 Tests: 19 Failed: 4)
Failed tests: 16-19
Non-zero exit status: 4
Files=13, Tests=94, 4 wallclock secs ( 0.18 usr 0.02 sys + 2.70 cusr 0.21 csys = 3.11 CPU)
Result: FAIL
Failed 1/13 test programs. 4/94 subtests failed.
make: *** [test] Error 255
------------------------------
PREREQUISITES
------------------------------
Prerequisite modules loaded:
requires:
Module Need Have
--------------------- ---- --------
Carp 0 1.25
Pod::Escapes 0 1.04
Pod::Parser 0 1.51
URI::Find 0 20111103
URI::Find::Schemeless 0 20111103
build_requires:
Module Need Have
--------------------- ---- --------
Module::Build 0 0.40
Test::More 0 0.98
------------------------------
ENVIRONMENT AND OTHER CONTEXT
------------------------------
Environment variables:
AUTOMATED_TESTING = 1
DBI_PURE_PERL = 1
LANG = en_US.UTF-8
PATH = /usr/kerberos/sbin:/usr/kerberos/bin:/usr/local/sbin:/usr/local/bin:/sbin:/bin:/usr/sbin:/usr/bin:/opt/real/RealPlayer:/root/bin:/opt/real/RealPlayer
PERL5LIB =
PERL5OPT =
PERL5_CPANPLUS_IS_RUNNING = 17268
PERL5_CPAN_IS_RUNNING = 17268
PERLDOCDEBUG = 1
PERL_ANYEVENT_LOOP_TESTS = 1
PERL_ANYEVENT_NET_TESTS = 1
PERL_AUTOINSTALL = defaultdeps
PERL_BATCH = yes
PERL_CPANPLUS_VERBOSE = 1
PERL_EXTUTILS_AUTOINSTALL = --defaultdeps
PERL_MM_USE_DEFAULT = 1
PERL_TEST_POD = 1
SHELL = /bin/bash
TERM = xterm
Perl special variables (and OS-specific diagnostics, for MSWin32):
$^X = /opt/perl32-5.14.2/bin/perl
$UID/$EUID = 0 / 0
$GID = 0 0 1 2 3 4 6 10
$EGID = 0 0 1 2 3 4 6 10
Perl module toolchain versions installed:
Module Have
------------------- --------
CPAN 1.9800
CPAN::Meta 2.120921
Cwd 3.33
ExtUtils::CBuilder 0.280205
ExtUtils::Command 1.17
ExtUtils::Install 1.54
ExtUtils::MakeMaker 6.62
ExtUtils::Manifest 1.60
ExtUtils::ParseXS 3.15
File::Spec 3.33
JSON 2.53
JSON::PP 2.27200
Module::Build 0.40
Module::Signature 0.68
Parse::CPAN::Meta 1.4404
Test::Harness 3.23
Test::More 0.98
YAML 0.81
YAML::Syck 1.20
version 0.99
--
Summary of my perl5 (revision 5 version 14 subversion 2) configuration:
Platform:
osname=linux, osvers=2.6.18-1.2798.fc6, archname=i686-linux-thread-multi
uname='linux localhost.localdomain 2.6.18-1.2798.fc6 #1 smp mon oct 16 14:37:32 edt 2006 i686 i686 i386 gnulinux '
config_args='-Dcc=gcc -Dprefix=/opt/perl32-5.14.2 -DDEBUGGING'
hint=recommended, useposix=true, d_sigaction=define
useithreads=define, usemultiplicity=define
useperlio=define, d_sfio=undef, uselargefiles=undef, usesocks=undef
use64bitint=undef, use64bitall=undef, uselongdouble=undef
usemymalloc=n, bincompat5005=undef
Compiler:
cc='gcc', ccflags ='-D_REENTRANT -D_GNU_SOURCE -DDEBUGGING -fno-strict-aliasing -pipe -fstack-protector -I/usr/local/include',
optimize='-O2 -g',
cppflags='-D_REENTRANT -D_GNU_SOURCE -DDEBUGGING -fno-strict-aliasing -pipe -fstack-protector -I/usr/local/include'
ccversion='', gccversion='4.1.1 20061011 (Red Hat 4.1.1-30)', gccosandvers=''
intsize=4, longsize=4, ptrsize=4, doublesize=8, byteorder=1234
d_longlong=define, longlongsize=8, d_longdbl=define, longdblsize=12
ivtype='long', ivsize=4, nvtype='double', nvsize=8, Off_t='off_t', lseeksize=4
alignbytes=4, prototype=define
Linker and Libraries:
ld='gcc', ldflags =' -fstack-protector -L/usr/local/lib'
libpth=/usr/local/lib /lib /usr/lib
libs=-lnsl -lgdbm -ldb -ldl -lm -lcrypt -lutil -lpthread -lc
perllibs=-lnsl -ldl -lm -lcrypt -lutil -lpthread -lc
libc=/lib/libc-2.5.so, so=so, useshrplib=true, libperl=libperl.so
gnulibc_version='2.5'
Dynamic Linking:
dlsrc=dl_dlopen.xs, dlext=so, d_dlsymun=undef, ccdlflags='-Wl,-E -Wl,-rpath,/opt/perl32-5.14.2/lib/5.14.2/i686-linux-thread-multi/CORE'
cccdlflags='-fPIC', lddlflags='-shared -O2 -g -L/usr/local/lib -fstack-protector'
Characteristics of this binary (from libperl):
Compile-time options: DEBUGGING MULTIPLICITY PERL_DONT_CREATE_GVSV
PERL_IMPLICIT_CONTEXT PERL_MALLOC_WRAP
PERL_PRESERVE_IVUV PERL_TRACK_MEMPOOL USE_ITHREADS
USE_PERLIO USE_PERL_ATOF USE_REENTRANT_API
Built under linux
Compiled at Apr 21 2012 22:37:13
%ENV:
PERL5LIB=""
PERL5OPT=""
PERL5_CPANPLUS_IS_RUNNING="17268"
PERL5_CPAN_IS_RUNNING="17268"
PERLDOCDEBUG="1"
PERL_ANYEVENT_LOOP_TESTS="1"
PERL_ANYEVENT_NET_TESTS="1"
PERL_AUTOINSTALL="defaultdeps"
PERL_BATCH="yes"
PERL_CPANPLUS_VERBOSE="1"
PERL_EXTUTILS_AUTOINSTALL="--defaultdeps"
PERL_MM_USE_DEFAULT="1"
PERL_TEST_POD="1"
@INC:
/opt/perl32-5.14.2/lib/site_perl/5.14.2/i686-linux-thread-multi
/opt/perl32-5.14.2/lib/site_perl/5.14.2
/opt/perl32-5.14.2/lib/5.14.2/i686-linux-thread-multi
/opt/perl32-5.14.2/lib/5.14.2
.