Report for MRS-Client-1.0.1

Back
From: metabase:user:314402c4-2aae-11df-837a-5e0a49663a4f
Subject: FAIL MRS-Client-1.0.1 v5.25.10 FreeBSD
Date: 2017-02-27T09:11:37Z

This distribution has been tested as part of the CPAN Testers
project, supporting the Perl programming language.  See
http://wiki.cpantesters.org/ for more information or email
questions to cpan-testers-discuss@perl.org


--
Dear Martin Senger,

This is a computer-generated report for MRS-Client-1.0.1
on perl 5.25.10, created by CPAN-Reporter-1.2018.

Thank you for uploading your work to CPAN.  However, there was a problem
testing your distribution.

If you think this report is invalid, please consult the CPAN Testers Wiki
for suggestions on how to avoid getting FAIL reports for missing library
or binary dependencies, unsupported operating systems, and so on:

http://wiki.cpantesters.org/wiki/CPANAuthorNotes

Sections of this report:

    * Tester comments
    * Program output
    * Prerequisites
    * Environment and other context

------------------------------
TESTER COMMENTS
------------------------------

Additional comments from tester:

none provided

------------------------------
PROGRAM OUTPUT
------------------------------

Output from '/usr/bin/make test':

PERL_DL_NONLAZY=1 "/usr/perl5.25.10p/bin/perl5.25.10" "-MExtUtils::Command::MM" "-MTest::Harness" "-e" "undef *Test::Harness::Switches; test_harness(0, 'blib/lib', 'blib/arch')" t/*.t
Possible precedence issue with control flow operator at lib/MRS/Client/Blast.pm line 269.
Unescaped left brace in regex is illegal here in regex; marked by <-- HERE in m/\${ <-- HERE JOBID}/ at lib/MRS/Client/Blast.pm line 409.
Compilation failed in require at lib/MRS/Client.pm line 27.
BEGIN failed--compilation aborted at lib/MRS/Client.pm line 27.
Compilation failed in require at -e line 1.

#   Failed test 'MRS::Client loaded ok'
#   at t/00-compile.t line 62.
#                   ''
#     doesn't match '(?^s:^\s*MRS::Client ok)'
Possible precedence issue with control flow operator at lib/MRS/Client/Blast.pm line 269.
Unescaped left brace in regex is illegal here in regex; marked by <-- HERE in m/\${ <-- HERE JOBID}/ at lib/MRS/Client/Blast.pm line 409.
Compilation failed in require at -e line 1.

#   Failed test 'MRS::Client::Blast loaded ok'
#   at t/00-compile.t line 62.
#                   ''
#     doesn't match '(?^s:^\s*MRS::Client::Blast ok)'

#   Failed test 'mrsblast script compiles'
#   at t/00-compile.t line 70.
# 255 - Possible precedence issue with control flow operator at /home/cpansand/.cpan/build/2017022709/MRS-Client-1.0.1-0/bin/../lib/MRS/Client/Blast.pm line 269.
# Unescaped left brace in regex is illegal here in regex; marked by <-- HERE in m/\${ <-- HERE JOBID}/ at /home/cpansand/.cpan/build/2017022709/MRS-Client-1.0.1-0/bin/../lib/MRS/Client/Blast.pm line 409.
# Compilation failed in require at /home/cpansand/.cpan/build/2017022709/MRS-Client-1.0.1-0/bin/../lib/MRS/Client.pm line 27.
# BEGIN failed--compilation aborted at /home/cpansand/.cpan/build/2017022709/MRS-Client-1.0.1-0/bin/../lib/MRS/Client.pm line 27.
# Compilation failed in require at bin/mrsblast line 19.
# BEGIN failed--compilation aborted at bin/mrsblast line 19.

#   Failed test 'mrsclient script compiles'
#   at t/00-compile.t line 70.
# 255 - Possible precedence issue with control flow operator at /home/cpansand/.cpan/build/2017022709/MRS-Client-1.0.1-0/bin/../lib/MRS/Client/Blast.pm line 269.
# Unescaped left brace in regex is illegal here in regex; marked by <-- HERE in m/\${ <-- HERE JOBID}/ at /home/cpansand/.cpan/build/2017022709/MRS-Client-1.0.1-0/bin/../lib/MRS/Client/Blast.pm line 409.
# Compilation failed in require at /home/cpansand/.cpan/build/2017022709/MRS-Client-1.0.1-0/bin/../lib/MRS/Client.pm line 27.
# BEGIN failed--compilation aborted at /home/cpansand/.cpan/build/2017022709/MRS-Client-1.0.1-0/bin/../lib/MRS/Client.pm line 27.
# Compilation failed in require at bin/mrsclient line 19.
# BEGIN failed--compilation aborted at bin/mrsclient line 19.

#   Failed test 'mrsclustal script compiles'
#   at t/00-compile.t line 70.
# 255 - Possible precedence issue with control flow operator at /home/cpansand/.cpan/build/2017022709/MRS-Client-1.0.1-0/bin/../lib/MRS/Client/Blast.pm line 269.
# Unescaped left brace in regex is illegal here in regex; marked by <-- HERE in m/\${ <-- HERE JOBID}/ at /home/cpansand/.cpan/build/2017022709/MRS-Client-1.0.1-0/bin/../lib/MRS/Client/Blast.pm line 409.
# Compilation failed in require at /home/cpansand/.cpan/build/2017022709/MRS-Client-1.0.1-0/bin/../lib/MRS/Client.pm line 27.
# BEGIN failed--compilation aborted at /home/cpansand/.cpan/build/2017022709/MRS-Client-1.0.1-0/bin/../lib/MRS/Client.pm line 27.
# Compilation failed in require at bin/mrsclustal line 19.
# BEGIN failed--compilation aborted at bin/mrsclustal line 19.
# Looks like you failed 5 tests of 9.
t/00-compile.t .......... 
Dubious, test returned 5 (wstat 1280, 0x500)
Failed 5/9 subtests 
Possible precedence issue with control flow operator at /home/cpansand/.cpan/build/2017022709/MRS-Client-1.0.1-0/blib/lib/MRS/Client/Blast.pm line 269.

#   Failed test 'use MRS::Client;'
#   at t/00-load.t line 6.
#     Tried to use 'MRS::Client'.
#     Error:  Unescaped left brace in regex is illegal here in regex; marked by <-- HERE in m/\${ <-- HERE JOBID}/ at /home/cpansand/.cpan/build/2017022709/MRS-Client-1.0.1-0/blib/lib/MRS/Client/Blast.pm line 409.
# Compilation failed in require at /home/cpansand/.cpan/build/2017022709/MRS-Client-1.0.1-0/blib/lib/MRS/Client.pm line 27.
# BEGIN failed--compilation aborted at /home/cpansand/.cpan/build/2017022709/MRS-Client-1.0.1-0/blib/lib/MRS/Client.pm line 27.
# Compilation failed in require at t/00-load.t line 6.
# BEGIN failed--compilation aborted at t/00-load.t line 6.
# Testing MRS::Client , Perl v5.25.10, /usr/perl5.25.10p/bin/perl5.25.10
# Looks like you failed 1 test of 1.
t/00-load.t ............. 
Dubious, test returned 1 (wstat 256, 0x100)
Failed 1/1 subtests 
Possible precedence issue with control flow operator at /home/cpansand/.cpan/build/2017022709/MRS-Client-1.0.1-0/blib/lib/MRS/Client/Blast.pm line 269.

#   Failed test 'use MRS::Client;'
#   at t/01-data.t line 7.
#     Tried to use 'MRS::Client'.
#     Error:  Unescaped left brace in regex is illegal here in regex; marked by <-- HERE in m/\${ <-- HERE JOBID}/ at /home/cpansand/.cpan/build/2017022709/MRS-Client-1.0.1-0/blib/lib/MRS/Client/Blast.pm line 409.
# Compilation failed in require at /home/cpansand/.cpan/build/2017022709/MRS-Client-1.0.1-0/blib/lib/MRS/Client.pm line 27.
# BEGIN failed--compilation aborted at /home/cpansand/.cpan/build/2017022709/MRS-Client-1.0.1-0/blib/lib/MRS/Client.pm line 27.
# Compilation failed in require at t/01-data.t line 7.
# BEGIN failed--compilation aborted at t/01-data.t line 7.
# Data manipulation
Can't locate object method "new" via package "MRS::Client" at t/01-data.t line 15.
# Looks like your test exited with 255 just after 1.
t/01-data.t ............. 
Dubious, test returned 255 (wstat 65280, 0xff00)
Failed 76/76 subtests 
Possible precedence issue with control flow operator at /home/cpansand/.cpan/build/2017022709/MRS-Client-1.0.1-0/blib/lib/MRS/Client/Blast.pm line 269.

#   Failed test 'use MRS::Client;'
#   at t/02-endpoint.t line 7.
#     Tried to use 'MRS::Client'.
#     Error:  Unescaped left brace in regex is illegal here in regex; marked by <-- HERE in m/\${ <-- HERE JOBID}/ at /home/cpansand/.cpan/build/2017022709/MRS-Client-1.0.1-0/blib/lib/MRS/Client/Blast.pm line 409.
# Compilation failed in require at /home/cpansand/.cpan/build/2017022709/MRS-Client-1.0.1-0/blib/lib/MRS/Client.pm line 27.
# BEGIN failed--compilation aborted at /home/cpansand/.cpan/build/2017022709/MRS-Client-1.0.1-0/blib/lib/MRS/Client.pm line 27.
# Compilation failed in require at t/02-endpoint.t line 7.
# BEGIN failed--compilation aborted at t/02-endpoint.t line 7.
# Setting host and endpoints
Can't locate object method "new" via package "MRS::Client" at t/02-endpoint.t line 16.
# Looks like your test exited with 255 just after 1.
t/02-endpoint.t ......... 
Dubious, test returned 255 (wstat 65280, 0xff00)
Failed 25/25 subtests 
t/03-network.t .......... skipped: these tests are for testing by the author (when AUTHOR_TESTING=1)
Possible precedence issue with control flow operator at /home/cpansand/.cpan/build/2017022709/MRS-Client-1.0.1-0/blib/lib/MRS/Client/Blast.pm line 269.
Unescaped left brace in regex is illegal here in regex; marked by <-- HERE in m/\${ <-- HERE JOBID}/ at /home/cpansand/.cpan/build/2017022709/MRS-Client-1.0.1-0/blib/lib/MRS/Client/Blast.pm line 409.
Compilation failed in require at /home/cpansand/.cpan/build/2017022709/MRS-Client-1.0.1-0/blib/lib/MRS/Client.pm line 27.
BEGIN failed--compilation aborted at /home/cpansand/.cpan/build/2017022709/MRS-Client-1.0.1-0/blib/lib/MRS/Client.pm line 27.
Compilation failed in require at t/04-links.t line 22.
BEGIN failed--compilation aborted at t/04-links.t line 22.
# Looks like your test exited with 255 before it could output anything.
t/04-links.t ............ 
Dubious, test returned 255 (wstat 65280, 0xff00)
Failed 2/2 subtests 
t/author-critic.t ....... skipped: these tests are for testing by the author
t/author-pod-spell.t .... skipped: these tests are for testing by the author
t/release-eol.t ......... skipped: these tests are for release candidate testing
t/release-no-tabs.t ..... skipped: these tests are for release candidate testing
t/release-pod-syntax.t .. skipped: these tests are for release candidate testing

Test Summary Report
-------------------
t/00-compile.t        (Wstat: 1280 Tests: 9 Failed: 5)
  Failed tests:  1-2, 7-9
  Non-zero exit status: 5
t/00-load.t           (Wstat: 256 Tests: 1 Failed: 1)
  Failed test:  1
  Non-zero exit status: 1
t/01-data.t           (Wstat: 65280 Tests: 1 Failed: 1)
  Failed test:  1
  Non-zero exit status: 255
  Parse errors: Bad plan.  You planned 76 tests but ran 1.
t/02-endpoint.t       (Wstat: 65280 Tests: 1 Failed: 1)
  Failed test:  1
  Non-zero exit status: 255
  Parse errors: Bad plan.  You planned 25 tests but ran 1.
t/04-links.t          (Wstat: 65280 Tests: 0 Failed: 0)
  Non-zero exit status: 255
  Parse errors: Bad plan.  You planned 2 tests but ran 0.
Files=11, Tests=12,  2 wallclock secs ( 0.01 usr  0.05 sys +  0.36 cusr  1.40 csys =  1.81 CPU)
Result: FAIL
Failed 5/11 test programs. 8/12 subtests failed.
*** Error code 255

Stop.
make: stopped in /home/cpansand/.cpan/build/2017022709/MRS-Client-1.0.1-0

------------------------------
PREREQUISITES
------------------------------

Prerequisite modules loaded:

requires:

    Module                            Need Have    
    --------------------------------- ---- --------
    base                              0    2.24    
    Carp                              0    1.42    
    constant                          0    1.33    
    Data::Dumper                      0    2.167   
    File::Basename                    0    2.85    
    FindBin                           0    1.51    
    Getopt::Std                       0    1.12    
    Math::BigInt                      0    1.999806
    overload                          0    1.28    
    strict                            0    1.11    
    vars                              0    1.03    
    warnings                          0    1.37    
    XML::Compile::SOAP11              2.26 3.21    
    XML::Compile::Transport::SOAPHTTP 0    3.21    
    XML::Compile::WSDL11              0    3.06    

build_requires:

    Module                            Need Have    
    --------------------------------- ---- --------
    File::Find                        0    1.34    
    File::Spec                        0    3.66    
    File::Temp                        0    0.2304  
    Test::More                        0    1.302075

configure_requires:

    Module                            Need Have    
    --------------------------------- ---- --------
    ExtUtils::MakeMaker               6.30 7.24    


------------------------------
ENVIRONMENT AND OTHER CONTEXT
------------------------------

Environment variables:

    LC_ALL = de_DE.ISO8859-1
    PATH = /usr/local/bin:/usr/bin:/bin:/usr/local/sbin:/usr/sbin:/sbin:/home/cpansand/bin/freebsd10.3:/home/cpansand/bin/sh:/home/cpansand/bin:/usr/games:/home/cpansand/devel:/home/eserte/src/srezic-misc/scripts
    PERL5LIB = 
    PERL5OPT = 
    PERL5_CPANPLUS_IS_RUNNING = 47957
    PERL5_CPAN_IS_RUNNING = 47957
    PERL5_CPAN_IS_RUNNING_IN_RECURSION = 53929,47957
    PERLDOC = -MPod::Perldoc::ToTextOverstrike
    PERL_BATCH = yes
    PERL_CANARY_STABILITY_NOPROMPT = 1
    PERL_CPAN_REPORTER_CONFIG = /var/tmp/cpansmoker-1023/2017022706/cpanreporter_001_config.ini
    PERL_EXTUTILS_AUTOINSTALL = --defaultdeps
    PERL_USE_UNSAFE_INC = 1
    SHELL = /usr/local/bin/zsh
    TERM = screen
    TMPDIR = /var/tmp/cpansmoker-1023/2017022706

Perl special variables (and OS-specific diagnostics, for MSWin32):

    $^X = /usr/perl5.25.10p/bin/perl5.25.10
    $UID/$EUID = 1023 / 1023
    $GID = 1023 1023
    $EGID = 1023 1023

Perl module toolchain versions installed:

    Module              Have      
    ------------------- ----------
    CPAN                2.17      
    CPAN::Meta          2.150010  
    Cwd                 3.66      
    ExtUtils::CBuilder  0.280225  
    ExtUtils::Command   7.24      
    ExtUtils::Install   2.04      
    ExtUtils::MakeMaker 7.24      
    ExtUtils::Manifest  1.70      
    ExtUtils::ParseXS   3.33      
    File::Spec          3.66      
    JSON                2.90      
    JSON::PP            2.27400_02
    Module::Build       0.4220    
    Module::Signature   n/a       
    Parse::CPAN::Meta   2.150010  
    Test::Harness       3.36_01   
    Test::More          1.302075  
    YAML                1.23      
    YAML::Syck          1.29      
    version             0.9917    


--

Summary of my perl5 (revision 5 version 25 subversion 10) configuration:
   
  Platform:
    osname=freebsd
    osvers=10.3-release-p11
    archname=amd64-freebsd
    uname='freebsd cvrsnica-freebsd-101.herceg.de 10.3-release-p11 freebsd 10.3-release-p11 #0: mon oct 24 18:49:24 utc 2016 root@amd64-builder.daemonology.net:usrobjusrsrcsysgeneric amd64 '
    config_args='-ds -e -Dprefix=/usr/perl5.25.10p -Dusedevel -Dusemallocwrap=no -Dcf_email=srezic@cpan.org -Doptimize=-O2 -pipe'
    hint=recommended
    useposix=true
    d_sigaction=define
    useithreads=undef
    usemultiplicity=undef
    use64bitint=define
    use64bitall=define
    uselongdouble=undef
    usemymalloc=n
    bincompat5005=undef
  Compiler:
    cc='cc'
    ccflags ='-DHAS_FPSETMASK -DHAS_FLOATINGPOINT_H -fno-strict-aliasing -pipe -fstack-protector -I/usr/local/include -D_FORTIFY_SOURCE=2'
    optimize='-O2 -pipe'
    cppflags='-DHAS_FPSETMASK -DHAS_FLOATINGPOINT_H -fno-strict-aliasing -pipe -fstack-protector -I/usr/local/include'
    ccversion=''
    gccversion='4.2.1 Compatible FreeBSD Clang 3.4.1 (tags/RELEASE_34/dot1-final 208032)'
    gccosandvers=''
    intsize=4
    longsize=8
    ptrsize=8
    doublesize=8
    byteorder=12345678
    doublekind=3
    d_longlong=define
    longlongsize=8
    d_longdbl=define
    longdblsize=16
    longdblkind=3
    ivtype='long'
    ivsize=8
    nvtype='double'
    nvsize=8
    Off_t='off_t'
    lseeksize=8
    alignbytes=8
    prototype=define
  Linker and Libraries:
    ld='cc'
    ldflags ='-pthread -Wl,-E  -fstack-protector -L/usr/local/lib'
    libpth=/usr/lib /usr/local/lib /usr/include/clang/3.4.1 /usr/lib
    libs=-lpthread -lgdbm -lm -lcrypt -lutil -lc -lelf
    perllibs=-lpthread -lm -lcrypt -lutil -lc -lelf
    libc=
    so=so
    useshrplib=false
    libperl=libperl.a
    gnulibc_version=''
  Dynamic Linking:
    dlsrc=dl_dlopen.xs
    dlext=so
    d_dlsymun=undef
    ccdlflags=' '
    cccdlflags='-DPIC -fPIC'
    lddlflags='-shared  -L/usr/local/lib -fstack-protector'


Characteristics of this binary (from libperl): 
  Compile-time options:
    HAS_TIMES
    PERLIO_LAYERS
    PERL_COPY_ON_WRITE
    PERL_DONT_CREATE_GVSV
    PERL_OP_PARENT
    PERL_PRESERVE_IVUV
    PERL_USE_DEVEL
    USE_64_BIT_ALL
    USE_64_BIT_INT
    USE_LARGE_FILES
    USE_LOCALE
    USE_LOCALE_COLLATE
    USE_LOCALE_CTYPE
    USE_LOCALE_NUMERIC
    USE_LOCALE_TIME
    USE_PERLIO
    USE_PERL_ATOF
  Built under freebsd
  Compiled at Feb 24 2017 09:17:11
  %ENV:
    PERL5LIB=""
    PERL5OPT=""
    PERL5_CPANPLUS_IS_RUNNING="47957"
    PERL5_CPAN_IS_RUNNING="47957"
    PERL5_CPAN_IS_RUNNING_IN_RECURSION="53929,47957"
    PERLDOC="-MPod::Perldoc::ToTextOverstrike"
    PERL_BATCH="yes"
    PERL_CANARY_STABILITY_NOPROMPT="1"
    PERL_CPAN_REPORTER_CONFIG="/var/tmp/cpansmoker-1023/2017022706/cpanreporter_001_config.ini"
    PERL_EXTUTILS_AUTOINSTALL="--defaultdeps"
    PERL_USE_UNSAFE_INC="1"
  @INC:
    /usr/perl5.25.10p/lib/site_perl/5.25.10/amd64-freebsd
    /usr/perl5.25.10p/lib/site_perl/5.25.10
    /usr/perl5.25.10p/lib/5.25.10/amd64-freebsd
    /usr/perl5.25.10p/lib/5.25.10
    .