Regexp-Common-time v0.16 Perl 5 v5.20.3 amd64-netbsd

Status
Fail
From
Chris Williams (BINGOS)
Dist
Regexp-Common-time v0.16
Platform
Perl 5 v5.20.3 amd64-netbsd
Date
2018-03-01 04:26:42
ID
be5b3f4c-1d08-11e8-9abe-a171f40b351c
This distribution has been tested as part of the CPAN Testers
project, supporting the Perl programming language.  See
http://wiki.cpantesters.org/ for more information or email
questions to cpan-testers-discuss@perl.org


--

Dear MANWAR,

This is a computer-generated error report created automatically by
CPANPLUS, version 0.9172. Testers personal comments may appear
at the end of this report.


Thank you for uploading your work to CPAN.  However, it appears that
there were some problems testing your distribution.

TEST RESULTS:

Below is the error stack from stage 'make test':

PERL_DL_NONLAZY=1 "/home/cpan/pit/bare/perl-5.20.3/bin/perl" "-MExtUtils::Command::MM" "-MTest::Harness" "-e" "undef *Test::Harness::Switches; test_harness(0, 'blib/lib', 'blib/arch')" t/*.t
# Testing Regexp::Common::time 0.16, Perl 5.020003, /home/cpan/pit/bare/perl-5.20.3/bin/perl
# POSIX: 1
# I18N:  1
t/1-load.t ....... ok
t/american.t ..... ok
# Jan
# Feb
# Mar
# Apr
# May
# Jun
# Jul
# Aug
# Sep
# Oct
# Nov
# Dec

#   Failed test '"01 January 2005" =~ "dmy" - did not match as expected (nokeep).'
#   at t/dmy.t line 631.

#   Failed test '"01 January 2005" =~ "dmy" - did not match as expected (keep).'
#   at t/dmy.t line 658.

#   Failed test '"01 January 05" =~ "dmy" - did not match as expected (nokeep).'
#   at t/dmy.t line 631.

#   Failed test '"01 January 05" =~ "dmy" - did not match as expected (keep).'
#   at t/dmy.t line 658.

#   Failed test '"abc01 January 05" =~ "dmy" - did not match as expected (nokeep).'
#   at t/dmy.t line 631.

#   Failed test '"abc01 January 05" =~ "dmy" - did not match as expected (keep).'
#   at t/dmy.t line 658.

#   Failed test '"01 January 05xyz" =~ "dmy" - did not match as expected (nokeep).'
#   at t/dmy.t line 631.

#   Failed test '"01 January 05xyz" =~ "dmy" - did not match as expected (keep).'
#   at t/dmy.t line 658.

#   Failed test '"1 February 2005" =~ "dmy" - did not match as expected (nokeep).'
#   at t/dmy.t line 631.

#   Failed test '"1 February 2005" =~ "dmy" - did not match as expected (keep).'
#   at t/dmy.t line 658.

#   Failed test '"2 March 2005" =~ "dmy" - did not match as expected (nokeep).'
#   at t/dmy.t line 631.

#   Failed test '"2 March 2005" =~ "dmy" - did not match as expected (keep).'
#   at t/dmy.t line 658.

#   Failed test '"09 April 2005" =~ "dmy" - did not match as expected (nokeep).'
#   at t/dmy.t line 631.

#   Failed test '"09 April 2005" =~ "dmy" - did not match as expected (keep).'
#   at t/dmy.t line 658.

#   Failed test '"10 June 2005" =~ "dmy" - did not match as expected (nokeep).'
#   at t/dmy.t line 631.

#   Failed test '"10 June 2005" =~ "dmy" - did not match as expected (keep).'
#   at t/dmy.t line 658.

#   Failed test '"11 July 2005" =~ "dmy" - did not match as expected (nokeep).'
#   at t/dmy.t line 631.

#   Failed test '"11 July 2005" =~ "dmy" - did not match as expected (keep).'
#   at t/dmy.t line 658.

#   Failed test '"19 August 2005" =~ "dmy" - did not match as expected (nokeep).'
#   at t/dmy.t line 631.

#   Failed test '"19 August 2005" =~ "dmy" - did not match as expected (keep).'
#   at t/dmy.t line 658.

#   Failed test '"20 September 2005" =~ "dmy" - did not match as expected (nokeep).'
#   at t/dmy.t line 631.

#   Failed test '"20 September 2005" =~ "dmy" - did not match as expected (keep).'
#   at t/dmy.t line 658.

#   Failed test '"21 October 2005" =~ "dmy" - did not match as expected (nokeep).'
#   at t/dmy.t line 631.

#   Failed test '"21 October 2005" =~ "dmy" - did not match as expected (keep).'
#   at t/dmy.t line 658.

#   Failed test '"30 November 2005" =~ "dmy" - did not match as expected (nokeep).'
#   at t/dmy.t line 631.

#   Failed test '"30 November 2005" =~ "dmy" - did not match as expected (keep).'
#   at t/dmy.t line 658.

#   Failed test '"31 December 2005" =~ "dmy" - did not match as expected (nokeep).'
#   at t/dmy.t line 631.

#   Failed test '"31 December 2005" =~ "dmy" - did not match as expected (keep).'
#   at t/dmy.t line 658.

#   Failed test '"01 january 2005" =~ "dmy" - did not match as expected (nokeep).'
#   at t/dmy.t line 631.

#   Failed test '"01 january 2005" =~ "dmy" - did not match as expected (keep).'
#   at t/dmy.t line 658.

#   Failed test '"01 jANUARY 2005" =~ "dmy" - did not match as expected (nokeep).'
#   at t/dmy.t line 631.

#   Failed test '"01 jANUARY 2005" =~ "dmy" - did not match as expected (keep).'
#   at t/dmy.t line 658.

#   Failed test '"01-January-2005" =~ "dmy" - did not match as expected (nokeep).'
#   at t/dmy.t line 631.

#   Failed test '"01-January-2005" =~ "dmy" - did not match as expected (keep).'
#   at t/dmy.t line 658.

#   Failed test '"01.January.2005" =~ "dmy" - did not match as expected (nokeep).'
#   at t/dmy.t line 631.

#   Failed test '"01.January.2005" =~ "dmy" - did not match as expected (keep).'
#   at t/dmy.t line 658.

#   Failed test '"01 January 2005blah" =~ "dmy" - did not match as expected (nokeep).'
#   at t/dmy.t line 631.

#   Failed test '"01 January 2005blah" =~ "dmy" - did not match as expected (keep).'
#   at t/dmy.t line 658.

#   Failed test '"01 January 2005" =~ "dmy4" - did not match as expected (nokeep).'
#   at t/dmy.t line 631.

#   Failed test '"01 January 2005" =~ "dmy4" - did not match as expected (keep).'
#   at t/dmy.t line 658.

#   Failed test '"01 January 20051" =~ "dmy4" - did not match as expected (nokeep).'
#   at t/dmy.t line 631.

#   Failed test '"01 January 20051" =~ "dmy4" - did not match as expected (keep).'
#   at t/dmy.t line 658.

#   Failed test '"abc01 January 2005" =~ "dmy4" - did not match as expected (nokeep).'
#   at t/dmy.t line 631.

#   Failed test '"abc01 January 2005" =~ "dmy4" - did not match as expected (keep).'
#   at t/dmy.t line 658.

#   Failed test '"01 January 2005xyz" =~ "dmy4" - did not match as expected (nokeep).'
#   at t/dmy.t line 631.

#   Failed test '"01 January 2005xyz" =~ "dmy4" - did not match as expected (keep).'
#   at t/dmy.t line 658.

#   Failed test '"01 January 20050" =~ "dmy4" - did not match as expected (nokeep).'
#   at t/dmy.t line 631.

#   Failed test '"01 January 20050" =~ "dmy4" - did not match as expected (keep).'
#   at t/dmy.t line 658.

#   Failed test '"1 February 2005" =~ "dmy4" - did not match as expected (nokeep).'
#   at t/dmy.t line 631.

#   Failed test '"1 February 2005" =~ "dmy4" - did not match as expected (keep).'
#   at t/dmy.t line 658.

#   Failed test '"2 March 2005" =~ "dmy4" - did not match as expected (nokeep).'
#   at t/dmy.t line 631.

#   Failed test '"2 March 2005" =~ "dmy4" - did not match as expected (keep).'
#   at t/dmy.t line 658.

#   Failed test '"09 April 2005" =~ "dmy4" - did not match as expected (nokeep).'
#   at t/dmy.t line 631.

#   Failed test '"09 April 2005" =~ "dmy4" - did not match as expected (keep).'
#   at t/dmy.t line 658.

#   Failed test '"10 June 2005" =~ "dmy4" - did not match as expected (nokeep).'
#   at t/dmy.t line 631.

#   Failed test '"10 June 2005" =~ "dmy4" - did not match as expected (keep).'
#   at t/dmy.t line 658.

#   Failed test '"11 July 2005" =~ "dmy4" - did not match as expected (nokeep).'
#   at t/dmy.t line 631.

#   Failed test '"11 July 2005" =~ "dmy4" - did not match as expected (keep).'
#   at t/dmy.t line 658.

#   Failed test '"19 August 2005" =~ "dmy4" - did not match as expected (nokeep).'
#   at t/dmy.t line 631.

#   Failed test '"19 August 2005" =~ "dmy4" - did not match as expected (keep).'
#   at t/dmy.t line 658.

#   Failed test '"20 September 2005" =~ "dmy4" - did not match as expected (nokeep).'
#   at t/dmy.t line 631.

#   Failed test '"20 September 2005" =~ "dmy4" - did not match as expected (keep).'
#   at t/dmy.t line 658.

#   Failed test '"21 October 2005" =~ "dmy4" - did not match as expected (nokeep).'
#   at t/dmy.t line 631.

#   Failed test '"21 October 2005" =~ "dmy4" - did not match as expected (keep).'
#   at t/dmy.t line 658.

#   Failed test '"30 November 2005" =~ "dmy4" - did not match as expected (nokeep).'
#   at t/dmy.t line 631.

#   Failed test '"30 November 2005" =~ "dmy4" - did not match as expected (keep).'
#   at t/dmy.t line 658.

#   Failed test '"31 December 2005" =~ "dmy4" - did not match as expected (nokeep).'
#   at t/dmy.t line 631.

#   Failed test '"31 December 2005" =~ "dmy4" - did not match as expected (keep).'
#   at t/dmy.t line 658.

#   Failed test '"01 january 2005" =~ "dmy4" - did not match as expected (nokeep).'
#   at t/dmy.t line 631.

#   Failed test '"01 january 2005" =~ "dmy4" - did not match as expected (keep).'
#   at t/dmy.t line 658.

#   Failed test '"01 jANUARY 2005" =~ "dmy4" - did not match as expected (nokeep).'
#   at t/dmy.t line 631.

#   Failed test '"01 jANUARY 2005" =~ "dmy4" - did not match as expected (keep).'
#   at t/dmy.t line 658.

#   Failed test '"01-January-2005" =~ "dmy4" - did not match as expected (nokeep).'
#   at t/dmy.t line 631.

#   Failed test '"01-January-2005" =~ "dmy4" - did not match as expected (keep).'
#   at t/dmy.t line 658.

#   Failed test '"01.January.2005" =~ "dmy4" - did not match as expected (nokeep).'
#   at t/dmy.t line 631.

#   Failed test '"01.January.2005" =~ "dmy4" - did not match as expected (keep).'
#   at t/dmy.t line 658.

#   Failed test '"01 January 2005blah" =~ "dmy4" - did not match as expected (nokeep).'
#   at t/dmy.t line 631.

#   Failed test '"01 January 2005blah" =~ "dmy4" - did not match as expected (keep).'
#   at t/dmy.t line 658.

#   Failed test '"01 January 2005" =~ "dmy2" - did not match as expected (nokeep).'
#   at t/dmy.t line 631.

#   Failed test '"01 January 2005" =~ "dmy2" - did not match as expected (keep).'
#   at t/dmy.t line 658.

#   Failed test '"01 January 05" =~ "dmy2" - did not match as expected (nokeep).'
#   at t/dmy.t line 631.

#   Failed test '"01 January 05" =~ "dmy2" - did not match as expected (keep).'
#   at t/dmy.t line 658.

#   Failed test '"01 January 120" =~ "dmy2" - did not match as expected (nokeep).'
#   at t/dmy.t line 631.

#   Failed test '"01 January 120" =~ "dmy2" - did not match as expected (keep).'
#   at t/dmy.t line 658.

#   Failed test '"abc01 January 05" =~ "dmy2" - did not match as expected (nokeep).'
#   at t/dmy.t line 631.

#   Failed test '"abc01 January 05" =~ "dmy2" - did not match as expected (keep).'
#   at t/dmy.t line 658.

#   Failed test '"01 January 05xyz" =~ "dmy2" - did not match as expected (nokeep).'
#   at t/dmy.t line 631.

#   Failed test '"01 January 05xyz" =~ "dmy2" - did not match as expected (keep).'
#   at t/dmy.t line 658.

#   Failed test '"01 January 050" =~ "dmy2" - did not match as expected (nokeep).'
#   at t/dmy.t line 631.

#   Failed test '"01 January 050" =~ "dmy2" - did not match as expected (keep).'
#   at t/dmy.t line 658.

#   Failed test '"1 February 05" =~ "dmy2" - did not match as expected (nokeep).'
#   at t/dmy.t line 631.

#   Failed test '"1 February 05" =~ "dmy2" - did not match as expected (keep).'
#   at t/dmy.t line 658.

#   Failed test '"2 March 05" =~ "dmy2" - did not match as expected (nokeep).'
#   at t/dmy.t line 631.

#   Failed test '"2 March 05" =~ "dmy2" - did not match as expected (keep).'
#   at t/dmy.t line 658.

#   Failed test '"09 April 05" =~ "dmy2" - did not match as expected (nokeep).'
#   at t/dmy.t line 631.

#   Failed test '"09 April 05" =~ "dmy2" - did not match as expected (keep).'
#   at t/dmy.t line 658.

#   Failed test '"10 June 05" =~ "dmy2" - did not match as expected (nokeep).'
#   at t/dmy.t line 631.

#   Failed test '"10 June 05" =~ "dmy2" - did not match as expected (keep).'
#   at t/dmy.t line 658.

#   Failed test '"11 July 05" =~ "dmy2" - did not match as expected (nokeep).'
#   at t/dmy.t line 631.

#   Failed test '"11 July 05" =~ "dmy2" - did not match as expected (keep).'
#   at t/dmy.t line 658.

#   Failed test '"19 August 05" =~ "dmy2" - did not match as expected (nokeep).'
#   at t/dmy.t line 631.

#   Failed test '"19 August 05" =~ "dmy2" - did not match as expected (keep).'
#   at t/dmy.t line 658.

#   Failed test '"20 September 05" =~ "dmy2" - did not match as expected (nokeep).'
#   at t/dmy.t line 631.

#   Failed test '"20 September 05" =~ "dmy2" - did not match as expected (keep).'
#   at t/dmy.t line 658.

#   Failed test '"21 October 05" =~ "dmy2" - did not match as expected (nokeep).'
#   at t/dmy.t line 631.

#   Failed test '"21 October 05" =~ "dmy2" - did not match as expected (keep).'
#   at t/dmy.t line 658.

#   Failed test '"30 November 05" =~ "dmy2" - did not match as expected (nokeep).'
#   at t/dmy.t line 631.

#   Failed test '"30 November 05" =~ "dmy2" - did not match as expected (keep).'
#   at t/dmy.t line 658.

#   Failed test '"31 December 05" =~ "dmy2" - did not match as expected (nokeep).'
#   at t/dmy.t line 631.

#   Failed test '"31 December 05" =~ "dmy2" - did not match as expected (keep).'
#   at t/dmy.t line 658.

#   Failed test '"01 january 05" =~ "dmy2" - did not match as expected (nokeep).'
#   at t/dmy.t line 631.

#   Failed test '"01 january 05" =~ "dmy2" - did not match as expected (keep).'
#   at t/dmy.t line 658.

#   Failed test '"01 jANUARY 05" =~ "dmy2" - did not match as expected (nokeep).'
#   at t/dmy.t line 631.

#   Failed test '"01 jANUARY 05" =~ "dmy2" - did not match as expected (keep).'
#   at t/dmy.t line 658.

#   Failed test '"01-January-05" =~ "dmy2" - did not match as expected (nokeep).'
#   at t/dmy.t line 631.

#   Failed test '"01-January-05" =~ "dmy2" - did not match as expected (keep).'
#   at t/dmy.t line 658.

#   Failed test '"01.January.05" =~ "dmy2" - did not match as expected (nokeep).'
#   at t/dmy.t line 631.

#   Failed test '"01.January.05" =~ "dmy2" - did not match as expected (keep).'
#   at t/dmy.t line 658.

#   Failed test '"01 January 05blah" =~ "dmy2" - did not match as expected (nokeep).'
#   at t/dmy.t line 631.

#   Failed test '"01 January 05blah" =~ "dmy2" - did not match as expected (keep).'
#   at t/dmy.t line 658.
# Looks like you failed 120 tests of 1406.
t/dmy.t .......... 
Dubious, test returned 120 (wstat 30720, 0x7800)
Failed 120/1406 subtests 
	(less 120 skipped subtests: 1166 okay)
t/doc.t .......... ok
t/hms.t .......... ok
t/mail-strict.t .. ok
t/mail.t ......... ok

#   Failed test '"January 01, 2005" =~ "mdy" - did not match as expected (nokeep).'
#   at t/mdy.t line 731.

#   Failed test '"January 01, 2005" =~ "mdy" - did not match as expected (keep).'
#   at t/mdy.t line 758.

#   Failed test '"January 01, 05" =~ "mdy" - did not match as expected (nokeep).'
#   at t/mdy.t line 731.

#   Failed test '"January 01, 05" =~ "mdy" - did not match as expected (keep).'
#   at t/mdy.t line 758.

#   Failed test '"January012005" =~ "mdy" - correct capture variables'
#   at t/mdy.t line 768.
#     Structures begin differing at:
#          $got->[0] = '012005'
#     $expected->[0] = 'January012005'

#   Failed test '"January0105" =~ "mdy" - did not match as expected (nokeep).'
#   at t/mdy.t line 731.

#   Failed test '"January0105" =~ "mdy" - did not match as expected (keep).'
#   at t/mdy.t line 758.

#   Failed test '"February 1, 2005" =~ "mdy" - did not match as expected (nokeep).'
#   at t/mdy.t line 731.

#   Failed test '"February 1, 2005" =~ "mdy" - did not match as expected (keep).'
#   at t/mdy.t line 758.

#   Failed test '"March 2, 2005" =~ "mdy" - did not match as expected (nokeep).'
#   at t/mdy.t line 731.

#   Failed test '"March 2, 2005" =~ "mdy" - did not match as expected (keep).'
#   at t/mdy.t line 758.

#   Failed test '"April 09, 2005" =~ "mdy" - did not match as expected (nokeep).'
#   at t/mdy.t line 731.

#   Failed test '"April 09, 2005" =~ "mdy" - did not match as expected (keep).'
#   at t/mdy.t line 758.

#   Failed test '"June 10, 2005" =~ "mdy" - did not match as expected (nokeep).'
#   at t/mdy.t line 731.

#   Failed test '"June 10, 2005" =~ "mdy" - did not match as expected (keep).'
#   at t/mdy.t line 758.

#   Failed test '"July 11, 2005" =~ "mdy" - did not match as expected (nokeep).'
#   at t/mdy.t line 731.

#   Failed test '"July 11, 2005" =~ "mdy" - did not match as expected (keep).'
#   at t/mdy.t line 758.

#   Failed test '"August 19, 2005" =~ "mdy" - did not match as expected (nokeep).'
#   at t/mdy.t line 731.

#   Failed test '"August 19, 2005" =~ "mdy" - did not match as expected (keep).'
#   at t/mdy.t line 758.

#   Failed test '"September 20, 2005" =~ "mdy" - did not match as expected (nokeep).'
#   at t/mdy.t line 731.

#   Failed test '"September 20, 2005" =~ "mdy" - did not match as expected (keep).'
#   at t/mdy.t line 758.

#   Failed test '"October 21, 2005" =~ "mdy" - did not match as expected (nokeep).'
#   at t/mdy.t line 731.

#   Failed test '"October 21, 2005" =~ "mdy" - did not match as expected (keep).'
#   at t/mdy.t line 758.

#   Failed test '"November 30, 2005" =~ "mdy" - did not match as expected (nokeep).'
#   at t/mdy.t line 731.

#   Failed test '"November 30, 2005" =~ "mdy" - did not match as expected (keep).'
#   at t/mdy.t line 758.

#   Failed test '"December 31, 2005" =~ "mdy" - did not match as expected (nokeep).'
#   at t/mdy.t line 731.

#   Failed test '"December 31, 2005" =~ "mdy" - did not match as expected (keep).'
#   at t/mdy.t line 758.

#   Failed test '"january 01, 2005" =~ "mdy" - did not match as expected (nokeep).'
#   at t/mdy.t line 731.

#   Failed test '"january 01, 2005" =~ "mdy" - did not match as expected (keep).'
#   at t/mdy.t line 758.

#   Failed test '"jANUARY 01, 2005" =~ "mdy" - did not match as expected (nokeep).'
#   at t/mdy.t line 731.

#   Failed test '"jANUARY 01, 2005" =~ "mdy" - did not match as expected (keep).'
#   at t/mdy.t line 758.

#   Failed test '"January 01 2005" =~ "mdy" - did not match as expected (nokeep).'
#   at t/mdy.t line 731.

#   Failed test '"January 01 2005" =~ "mdy" - did not match as expected (keep).'
#   at t/mdy.t line 758.

#   Failed test '"January-01-2005" =~ "mdy" - did not match as expected (nokeep).'
#   at t/mdy.t line 731.

#   Failed test '"January-01-2005" =~ "mdy" - did not match as expected (keep).'
#   at t/mdy.t line 758.

#   Failed test '"blahJanuary 01, 2005" =~ "mdy" - did not match as expected (nokeep).'
#   at t/mdy.t line 731.

#   Failed test '"blahJanuary 01, 2005" =~ "mdy" - did not match as expected (keep).'
#   at t/mdy.t line 758.

#   Failed test '"January 01, 2005blah" =~ "mdy" - did not match as expected (nokeep).'
#   at t/mdy.t line 731.

#   Failed test '"January 01, 2005blah" =~ "mdy" - did not match as expected (keep).'
#   at t/mdy.t line 758.

#   Failed test '"January 01, 2005" =~ "mdy4" - did not match as expected (nokeep).'
#   at t/mdy.t line 731.

#   Failed test '"January 01, 2005" =~ "mdy4" - did not match as expected (keep).'
#   at t/mdy.t line 758.

#   Failed test '"January012005" =~ "mdy4" - did not match as expected (nokeep).'
#   at t/mdy.t line 731.

#   Failed test '"January012005" =~ "mdy4" - did not match as expected (keep).'
#   at t/mdy.t line 758.

#   Failed test '"January 01, 90120" =~ "mdy4" - did not match as expected (nokeep).'
#   at t/mdy.t line 731.

#   Failed test '"January 01, 90120" =~ "mdy4" - did not match as expected (keep).'
#   at t/mdy.t line 758.

#   Failed test '"February 1, 2005" =~ "mdy4" - did not match as expected (nokeep).'
#   at t/mdy.t line 731.

#   Failed test '"February 1, 2005" =~ "mdy4" - did not match as expected (keep).'
#   at t/mdy.t line 758.

#   Failed test '"March 2, 2005" =~ "mdy4" - did not match as expected (nokeep).'
#   at t/mdy.t line 731.

#   Failed test '"March 2, 2005" =~ "mdy4" - did not match as expected (keep).'
#   at t/mdy.t line 758.

#   Failed test '"April 09, 2005" =~ "mdy4" - did not match as expected (nokeep).'
#   at t/mdy.t line 731.

#   Failed test '"April 09, 2005" =~ "mdy4" - did not match as expected (keep).'
#   at t/mdy.t line 758.

#   Failed test '"June 10, 2005" =~ "mdy4" - did not match as expected (nokeep).'
#   at t/mdy.t line 731.

#   Failed test '"June 10, 2005" =~ "mdy4" - did not match as expected (keep).'
#   at t/mdy.t line 758.

#   Failed test '"July 11, 2005" =~ "mdy4" - did not match as expected (nokeep).'
#   at t/mdy.t line 731.

#   Failed test '"July 11, 2005" =~ "mdy4" - did not match as expected (keep).'
#   at t/mdy.t line 758.

#   Failed test '"August 19, 2005" =~ "mdy4" - did not match as expected (nokeep).'
#   at t/mdy.t line 731.

#   Failed test '"August 19, 2005" =~ "mdy4" - did not match as expected (keep).'
#   at t/mdy.t line 758.

#   Failed test '"September 20, 2005" =~ "mdy4" - did not match as expected (nokeep).'
#   at t/mdy.t line 731.

#   Failed test '"September 20, 2005" =~ "mdy4" - did not match as expected (keep).'
#   at t/mdy.t line 758.

#   Failed test '"October 21, 2005" =~ "mdy4" - did not match as expected (nokeep).'
#   at t/mdy.t line 731.

#   Failed test '"October 21, 2005" =~ "mdy4" - did not match as expected (keep).'
#   at t/mdy.t line 758.

#   Failed test '"November 30, 2005" =~ "mdy4" - did not match as expected (nokeep).'
#   at t/mdy.t line 731.

#   Failed test '"November 30, 2005" =~ "mdy4" - did not match as expected (keep).'
#   at t/mdy.t line 758.

#   Failed test '"December 31, 2005" =~ "mdy4" - did not match as expected (nokeep).'
#   at t/mdy.t line 731.

#   Failed test '"December 31, 2005" =~ "mdy4" - did not match as expected (keep).'
#   at t/mdy.t line 758.

#   Failed test '"january 01, 2005" =~ "mdy4" - did not match as expected (nokeep).'
#   at t/mdy.t line 731.

#   Failed test '"january 01, 2005" =~ "mdy4" - did not match as expected (keep).'
#   at t/mdy.t line 758.

#   Failed test '"jANUARY 01, 2005" =~ "mdy4" - did not match as expected (nokeep).'
#   at t/mdy.t line 731.

#   Failed test '"jANUARY 01, 2005" =~ "mdy4" - did not match as expected (keep).'
#   at t/mdy.t line 758.

#   Failed test '"January 01 2005" =~ "mdy4" - did not match as expected (nokeep).'
#   at t/mdy.t line 731.

#   Failed test '"January 01 2005" =~ "mdy4" - did not match as expected (keep).'
#   at t/mdy.t line 758.

#   Failed test '"January-01-2005" =~ "mdy4" - did not match as expected (nokeep).'
#   at t/mdy.t line 731.

#   Failed test '"January-01-2005" =~ "mdy4" - did not match as expected (keep).'
#   at t/mdy.t line 758.

#   Failed test '"blahJanuary 01, 2005" =~ "mdy4" - did not match as expected (nokeep).'
#   at t/mdy.t line 731.

#   Failed test '"blahJanuary 01, 2005" =~ "mdy4" - did not match as expected (keep).'
#   at t/mdy.t line 758.

#   Failed test '"January 01, 2005blah" =~ "mdy4" - did not match as expected (nokeep).'
#   at t/mdy.t line 731.

#   Failed test '"January 01, 2005blah" =~ "mdy4" - did not match as expected (keep).'
#   at t/mdy.t line 758.

#   Failed test '"January 01, 2005" =~ "mdy2" - did not match as expected (nokeep).'
#   at t/mdy.t line 731.

#   Failed test '"January 01, 2005" =~ "mdy2" - did not match as expected (keep).'
#   at t/mdy.t line 758.

#   Failed test '"January 01, 05" =~ "mdy2" - did not match as expected (nokeep).'
#   at t/mdy.t line 731.

#   Failed test '"January 01, 05" =~ "mdy2" - did not match as expected (keep).'
#   at t/mdy.t line 758.

#   Failed test '"January012005" =~ "mdy2" - correct capture variables'
#   at t/mdy.t line 768.
#     Structures begin differing at:
#          $got->[0] = '012005'
#     $expected->[0] = 'January0120'

#   Failed test '"January0105" =~ "mdy2" - did not match as expected (nokeep).'
#   at t/mdy.t line 731.

#   Failed test '"January0105" =~ "mdy2" - did not match as expected (keep).'
#   at t/mdy.t line 758.

#   Failed test '"January 01, 120" =~ "mdy2" - did not match as expected (nokeep).'
#   at t/mdy.t line 731.

#   Failed test '"January 01, 120" =~ "mdy2" - did not match as expected (keep).'
#   at t/mdy.t line 758.

#   Failed test '"February 1, 05" =~ "mdy2" - did not match as expected (nokeep).'
#   at t/mdy.t line 731.

#   Failed test '"February 1, 05" =~ "mdy2" - did not match as expected (keep).'
#   at t/mdy.t line 758.

#   Failed test '"March 2, 05" =~ "mdy2" - did not match as expected (nokeep).'
#   at t/mdy.t line 731.

#   Failed test '"March 2, 05" =~ "mdy2" - did not match as expected (keep).'
#   at t/mdy.t line 758.

#   Failed test '"April 09, 05" =~ "mdy2" - did not match as expected (nokeep).'
#   at t/mdy.t line 731.

#   Failed test '"April 09, 05" =~ "mdy2" - did not match as expected (keep).'
#   at t/mdy.t line 758.

#   Failed test '"June 10, 05" =~ "mdy2" - did not match as expected (nokeep).'
#   at t/mdy.t line 731.

#   Failed test '"June 10, 05" =~ "mdy2" - did not match as expected (keep).'
#   at t/mdy.t line 758.

#   Failed test '"July 11, 05" =~ "mdy2" - did not match as expected (nokeep).'
#   at t/mdy.t line 731.

#   Failed test '"July 11, 05" =~ "mdy2" - did not match as expected (keep).'
#   at t/mdy.t line 758.

#   Failed test '"August 19, 05" =~ "mdy2" - did not match as expected (nokeep).'
#   at t/mdy.t line 731.

#   Failed test '"August 19, 05" =~ "mdy2" - did not match as expected (keep).'
#   at t/mdy.t line 758.

#   Failed test '"September 20, 05" =~ "mdy2" - did not match as expected (nokeep).'
#   at t/mdy.t line 731.

#   Failed test '"September 20, 05" =~ "mdy2" - did not match as expected (keep).'
#   at t/mdy.t line 758.

#   Failed test '"October 21, 05" =~ "mdy2" - did not match as expected (nokeep).'
#   at t/mdy.t line 731.

#   Failed test '"October 21, 05" =~ "mdy2" - did not match as expected (keep).'
#   at t/mdy.t line 758.

#   Failed test '"November 30, 05" =~ "mdy2" - did not match as expected (nokeep).'
#   at t/mdy.t line 731.

#   Failed test '"November 30, 05" =~ "mdy2" - did not match as expected (keep).'
#   at t/mdy.t line 758.

#   Failed test '"December 31, 05" =~ "mdy2" - did not match as expected (nokeep).'
#   at t/mdy.t line 731.

#   Failed test '"December 31, 05" =~ "mdy2" - did not match as expected (keep).'
#   at t/mdy.t line 758.

#   Failed test '"january 01, 05" =~ "mdy2" - did not match as expected (nokeep).'
#   at t/mdy.t line 731.

#   Failed test '"january 01, 05" =~ "mdy2" - did not match as expected (keep).'
#   at t/mdy.t line 758.

#   Failed test '"jANUARY 01, 05" =~ "mdy2" - did not match as expected (nokeep).'
#   at t/mdy.t line 731.

#   Failed test '"jANUARY 01, 05" =~ "mdy2" - did not match as expected (keep).'
#   at t/mdy.t line 758.

#   Failed test '"January 01 05" =~ "mdy2" - did not match as expected (nokeep).'
#   at t/mdy.t line 731.

#   Failed test '"January 01 05" =~ "mdy2" - did not match as expected (keep).'
#   at t/mdy.t line 758.

#   Failed test '"January-01-05" =~ "mdy2" - did not match as expected (nokeep).'
#   at t/mdy.t line 731.

#   Failed test '"January-01-05" =~ "mdy2" - did not match as expected (keep).'
#   at t/mdy.t line 758.

#   Failed test '"blahJanuary 01, 05" =~ "mdy2" - did not match as expected (nokeep).'
#   at t/mdy.t line 731.

#   Failed test '"blahJanuary 01, 05" =~ "mdy2" - did not match as expected (keep).'
#   at t/mdy.t line 758.

#   Failed test '"January 01, 05blah" =~ "mdy2" - did not match as expected (nokeep).'
#   at t/mdy.t line 731.

#   Failed test '"January 01, 05blah" =~ "mdy2" - did not match as expected (keep).'
#   at t/mdy.t line 758.
# Looks like you failed 118 tests of 1653.
t/mdy.t .......... 
Dubious, test returned 118 (wstat 30208, 0x7600)
Failed 118/1653 subtests 
	(less 116 skipped subtests: 1419 okay)
t/meta-json.t .... skipped: Test::CPAN::Meta::JSON required for testing MYMETA.json
t/meta-yml.t ..... skipped: Test::CPAN::Meta required for testing MYMETA.yml
t/strftime.t ..... ok
t/tf.t ........... ok

#   Failed test '"2005 January 01" =~ "ymd" - did not match as expected (nokeep).'
#   at t/ymd.t line 634.

#   Failed test '"2005 January 01" =~ "ymd" - did not match as expected (keep).'
#   at t/ymd.t line 661.

#   Failed test '"05 January 01" =~ "ymd" - did not match as expected (nokeep).'
#   at t/ymd.t line 634.

#   Failed test '"05 January 01" =~ "ymd" - did not match as expected (keep).'
#   at t/ymd.t line 661.

#   Failed test '"2005 February 1" =~ "ymd" - did not match as expected (nokeep).'
#   at t/ymd.t line 634.

#   Failed test '"2005 February 1" =~ "ymd" - did not match as expected (keep).'
#   at t/ymd.t line 661.

#   Failed test '"2005 March 2" =~ "ymd" - did not match as expected (nokeep).'
#   at t/ymd.t line 634.

#   Failed test '"2005 March 2" =~ "ymd" - did not match as expected (keep).'
#   at t/ymd.t line 661.

#   Failed test '"2005 April 09" =~ "ymd" - did not match as expected (nokeep).'
#   at t/ymd.t line 634.

#   Failed test '"2005 April 09" =~ "ymd" - did not match as expected (keep).'
#   at t/ymd.t line 661.

#   Failed test '"2005 June 10" =~ "ymd" - did not match as expected (nokeep).'
#   at t/ymd.t line 634.

#   Failed test '"2005 June 10" =~ "ymd" - did not match as expected (keep).'
#   at t/ymd.t line 661.

#   Failed test '"2005 July 11" =~ "ymd" - did not match as expected (nokeep).'
#   at t/ymd.t line 634.

#   Failed test '"2005 July 11" =~ "ymd" - did not match as expected (keep).'
#   at t/ymd.t line 661.

#   Failed test '"2005 August 19" =~ "ymd" - did not match as expected (nokeep).'
#   at t/ymd.t line 634.

#   Failed test '"2005 August 19" =~ "ymd" - did not match as expected (keep).'
#   at t/ymd.t line 661.

#   Failed test '"2005 September 20" =~ "ymd" - did not match as expected (nokeep).'
#   at t/ymd.t line 634.

#   Failed test '"2005 September 20" =~ "ymd" - did not match as expected (keep).'
#   at t/ymd.t line 661.

#   Failed test '"2005 October 21" =~ "ymd" - did not match as expected (nokeep).'
#   at t/ymd.t line 634.

#   Failed test '"2005 October 21" =~ "ymd" - did not match as expected (keep).'
#   at t/ymd.t line 661.

#   Failed test '"2005 November 30" =~ "ymd" - did not match as expected (nokeep).'
#   at t/ymd.t line 634.

#   Failed test '"2005 November 30" =~ "ymd" - did not match as expected (keep).'
#   at t/ymd.t line 661.

#   Failed test '"2005 December 31" =~ "ymd" - did not match as expected (nokeep).'
#   at t/ymd.t line 634.

#   Failed test '"2005 December 31" =~ "ymd" - did not match as expected (keep).'
#   at t/ymd.t line 661.

#   Failed test '"2005 january 01" =~ "ymd" - did not match as expected (nokeep).'
#   at t/ymd.t line 634.

#   Failed test '"2005 january 01" =~ "ymd" - did not match as expected (keep).'
#   at t/ymd.t line 661.

#   Failed test '"2005 jANUARY 01" =~ "ymd" - did not match as expected (nokeep).'
#   at t/ymd.t line 634.

#   Failed test '"2005 jANUARY 01" =~ "ymd" - did not match as expected (keep).'
#   at t/ymd.t line 661.

#   Failed test '"2005-January-01" =~ "ymd" - did not match as expected (nokeep).'
#   at t/ymd.t line 634.

#   Failed test '"2005-January-01" =~ "ymd" - did not match as expected (keep).'
#   at t/ymd.t line 661.

#   Failed test '"2005.January.01" =~ "ymd" - did not match as expected (nokeep).'
#   at t/ymd.t line 634.

#   Failed test '"2005.January.01" =~ "ymd" - did not match as expected (keep).'
#   at t/ymd.t line 661.

#   Failed test '"blah2005 January 01" =~ "ymd" - did not match as expected (nokeep).'
#   at t/ymd.t line 634.

#   Failed test '"blah2005 January 01" =~ "ymd" - did not match as expected (keep).'
#   at t/ymd.t line 661.

#   Failed test '"2005 January 01blah" =~ "ymd" - did not match as expected (nokeep).'
#   at t/ymd.t line 634.

#   Failed test '"2005 January 01blah" =~ "ymd" - did not match as expected (keep).'
#   at t/ymd.t line 661.

#   Failed test '"2005 January 01" =~ "y4md" - did not match as expected (nokeep).'
#   at t/ymd.t line 634.

#   Failed test '"2005 January 01" =~ "y4md" - did not match as expected (keep).'
#   at t/ymd.t line 661.

#   Failed test '"2005 February 1" =~ "y4md" - did not match as expected (nokeep).'
#   at t/ymd.t line 634.

#   Failed test '"2005 February 1" =~ "y4md" - did not match as expected (keep).'
#   at t/ymd.t line 661.

#   Failed test '"2005 March 2" =~ "y4md" - did not match as expected (nokeep).'
#   at t/ymd.t line 634.

#   Failed test '"2005 March 2" =~ "y4md" - did not match as expected (keep).'
#   at t/ymd.t line 661.

#   Failed test '"2005 April 09" =~ "y4md" - did not match as expected (nokeep).'
#   at t/ymd.t line 634.

#   Failed test '"2005 April 09" =~ "y4md" - did not match as expected (keep).'
#   at t/ymd.t line 661.

#   Failed test '"2005 June 10" =~ "y4md" - did not match as expected (nokeep).'
#   at t/ymd.t line 634.

#   Failed test '"2005 June 10" =~ "y4md" - did not match as expected (keep).'
#   at t/ymd.t line 661.

#   Failed test '"2005 July 11" =~ "y4md" - did not match as expected (nokeep).'
#   at t/ymd.t line 634.

#   Failed test '"2005 July 11" =~ "y4md" - did not match as expected (keep).'
#   at t/ymd.t line 661.

#   Failed test '"2005 August 19" =~ "y4md" - did not match as expected (nokeep).'
#   at t/ymd.t line 634.

#   Failed test '"2005 August 19" =~ "y4md" - did not match as expected (keep).'
#   at t/ymd.t line 661.

#   Failed test '"2005 September 20" =~ "y4md" - did not match as expected (nokeep).'
#   at t/ymd.t line 634.

#   Failed test '"2005 September 20" =~ "y4md" - did not match as expected (keep).'
#   at t/ymd.t line 661.

#   Failed test '"2005 October 21" =~ "y4md" - did not match as expected (nokeep).'
#   at t/ymd.t line 634.

#   Failed test '"2005 October 21" =~ "y4md" - did not match as expected (keep).'
#   at t/ymd.t line 661.

#   Failed test '"2005 November 30" =~ "y4md" - did not match as expected (nokeep).'
#   at t/ymd.t line 634.

#   Failed test '"2005 November 30" =~ "y4md" - did not match as expected (keep).'
#   at t/ymd.t line 661.

#   Failed test '"2005 December 31" =~ "y4md" - did not match as expected (nokeep).'
#   at t/ymd.t line 634.

#   Failed test '"2005 December 31" =~ "y4md" - did not match as expected (keep).'
#   at t/ymd.t line 661.

#   Failed test '"2005 january 01" =~ "y4md" - did not match as expected (nokeep).'
#   at t/ymd.t line 634.

#   Failed test '"2005 january 01" =~ "y4md" - did not match as expected (keep).'
#   at t/ymd.t line 661.

#   Failed test '"2005 jANUARY 01" =~ "y4md" - did not match as expected (nokeep).'
#   at t/ymd.t line 634.

#   Failed test '"2005 jANUARY 01" =~ "y4md" - did not match as expected (keep).'
#   at t/ymd.t line 661.

#   Failed test '"2005-January-01" =~ "y4md" - did not match as expected (nokeep).'
#   at t/ymd.t line 634.

#   Failed test '"2005-January-01" =~ "y4md" - did not match as expected (keep).'
#   at t/ymd.t line 661.

#   Failed test '"2005.January.01" =~ "y4md" - did not match as expected (nokeep).'
#   at t/ymd.t line 634.

#   Failed test '"2005.January.01" =~ "y4md" - did not match as expected (keep).'
#   at t/ymd.t line 661.

#   Failed test '"blah2005 January 01" =~ "y4md" - did not match as expected (nokeep).'
#   at t/ymd.t line 634.

#   Failed test '"blah2005 January 01" =~ "y4md" - did not match as expected (keep).'
#   at t/ymd.t line 661.

#   Failed test '"2005 January 01blah" =~ "y4md" - did not match as expected (nokeep).'
#   at t/ymd.t line 634.

#   Failed test '"2005 January 01blah" =~ "y4md" - did not match as expected (keep).'
#   at t/ymd.t line 661.

#   Failed test '"12005 January 01" =~ "y4md" - did not match as expected (nokeep).'
#   at t/ymd.t line 634.

#   Failed test '"12005 January 01" =~ "y4md" - did not match as expected (keep).'
#   at t/ymd.t line 661.

#   Failed test '"05 January 01" =~ "y2md" - did not match as expected (nokeep).'
#   at t/ymd.t line 634.

#   Failed test '"05 January 01" =~ "y2md" - did not match as expected (keep).'
#   at t/ymd.t line 661.

#   Failed test '"2005 January 01" =~ "y2md" - did not match as expected (nokeep).'
#   at t/ymd.t line 634.

#   Failed test '"2005 January 01" =~ "y2md" - did not match as expected (keep).'
#   at t/ymd.t line 661.

#   Failed test '"120 January 01" =~ "y2md" - did not match as expected (nokeep).'
#   at t/ymd.t line 634.

#   Failed test '"120 January 01" =~ "y2md" - did not match as expected (keep).'
#   at t/ymd.t line 661.

#   Failed test '"05 February 1" =~ "y2md" - did not match as expected (nokeep).'
#   at t/ymd.t line 634.

#   Failed test '"05 February 1" =~ "y2md" - did not match as expected (keep).'
#   at t/ymd.t line 661.

#   Failed test '"05 March 2" =~ "y2md" - did not match as expected (nokeep).'
#   at t/ymd.t line 634.

#   Failed test '"05 March 2" =~ "y2md" - did not match as expected (keep).'
#   at t/ymd.t line 661.

#   Failed test '"05 April 09" =~ "y2md" - did not match as expected (nokeep).'
#   at t/ymd.t line 634.

#   Failed test '"05 April 09" =~ "y2md" - did not match as expected (keep).'
#   at t/ymd.t line 661.

#   Failed test '"05 June 10" =~ "y2md" - did not match as expected (nokeep).'
#   at t/ymd.t line 634.

#   Failed test '"05 June 10" =~ "y2md" - did not match as expected (keep).'
#   at t/ymd.t line 661.

#   Failed test '"05 July 11" =~ "y2md" - did not match as expected (nokeep).'
#   at t/ymd.t line 634.

#   Failed test '"05 July 11" =~ "y2md" - did not match as expected (keep).'
#   at t/ymd.t line 661.

#   Failed test '"05 August 19" =~ "y2md" - did not match as expected (nokeep).'
#   at t/ymd.t line 634.

#   Failed test '"05 August 19" =~ "y2md" - did not match as expected (keep).'
#   at t/ymd.t line 661.

#   Failed test '"05 September 20" =~ "y2md" - did not match as expected (nokeep).'
#   at t/ymd.t line 634.

#   Failed test '"05 September 20" =~ "y2md" - did not match as expected (keep).'
#   at t/ymd.t line 661.

#   Failed test '"05 October 21" =~ "y2md" - did not match as expected (nokeep).'
#   at t/ymd.t line 634.

#   Failed test '"05 October 21" =~ "y2md" - did not match as expected (keep).'
#   at t/ymd.t line 661.

#   Failed test '"05 November 30" =~ "y2md" - did not match as expected (nokeep).'
#   at t/ymd.t line 634.

#   Failed test '"05 November 30" =~ "y2md" - did not match as expected (keep).'
#   at t/ymd.t line 661.

#   Failed test '"05 December 31" =~ "y2md" - did not match as expected (nokeep).'
#   at t/ymd.t line 634.

#   Failed test '"05 December 31" =~ "y2md" - did not match as expected (keep).'
#   at t/ymd.t line 661.

#   Failed test '"05 january 01" =~ "y2md" - did not match as expected (nokeep).'
#   at t/ymd.t line 634.

#   Failed test '"05 january 01" =~ "y2md" - did not match as expected (keep).'
#   at t/ymd.t line 661.

#   Failed test '"05 jANUARY 01" =~ "y2md" - did not match as expected (nokeep).'
#   at t/ymd.t line 634.

#   Failed test '"05 jANUARY 01" =~ "y2md" - did not match as expected (keep).'
#   at t/ymd.t line 661.

#   Failed test '"05-January-01" =~ "y2md" - did not match as expected (nokeep).'
#   at t/ymd.t line 634.

#   Failed test '"05-January-01" =~ "y2md" - did not match as expected (keep).'
#   at t/ymd.t line 661.

#   Failed test '"05.January.01" =~ "y2md" - did not match as expected (nokeep).'
#   at t/ymd.t line 634.

#   Failed test '"05.January.01" =~ "y2md" - did not match as expected (keep).'
#   at t/ymd.t line 661.

#   Failed test '"blah05 January 01" =~ "y2md" - did not match as expected (nokeep).'
#   at t/ymd.t line 634.

#   Failed test '"blah05 January 01" =~ "y2md" - did not match as expected (keep).'
#   at t/ymd.t line 661.

#   Failed test '"05 January 01blah" =~ "y2md" - did not match as expected (nokeep).'
#   at t/ymd.t line 634.

#   Failed test '"05 January 01blah" =~ "y2md" - did not match as expected (keep).'
#   at t/ymd.t line 661.

#   Failed test '"05 January 01x" =~ "y2md" - did not match as expected (nokeep).'
#   at t/ymd.t line 634.

#   Failed test '"05 January 01x" =~ "y2md" - did not match as expected (keep).'
#   at t/ymd.t line 661.

#   Failed test '"105 January 01" =~ "y2md" - did not match as expected (nokeep).'
#   at t/ymd.t line 634.

#   Failed test '"105 January 01" =~ "y2md" - did not match as expected (keep).'
#   at t/ymd.t line 661.
# Looks like you failed 114 tests of 1464.
t/ymd.t .......... 
Dubious, test returned 114 (wstat 29184, 0x7200)
Failed 114/1464 subtests 
	(less 114 skipped subtests: 1236 okay)
t/zone.t ......... ok

Test Summary Report
-------------------
t/dmy.t        (Wstat: 30720 Tests: 1406 Failed: 120)
  Failed tests:  803, 805, 807, 809, 817, 819, 821, 823
                881, 883, 885, 887, 889, 891, 897, 899
                901, 903, 905, 907, 909, 911, 913, 915
                917, 919, 921, 923, 925, 927, 929, 931
                935, 937, 939, 941, 945, 947, 961, 963
                971, 973, 975, 977, 979, 981, 985, 987
                1039, 1041, 1043, 1045, 1047, 1049, 1055
                1057, 1059, 1061, 1063, 1065, 1067, 1069
                1071, 1073, 1075, 1077, 1079, 1081, 1083
                1085, 1087, 1089, 1093, 1095, 1097, 1099
                1103, 1105, 1119, 1121, 1123, 1125, 1129
                1131, 1133, 1135, 1137, 1139, 1143, 1145
                1197, 1199, 1201, 1203, 1205, 1207, 1213
                1215, 1217, 1219, 1221, 1223, 1225, 1227
                1229, 1231, 1233, 1235, 1237, 1239, 1241
                1243, 1245, 1247, 1251, 1253, 1255, 1257
                1261, 1263
  Non-zero exit status: 120
t/mdy.t        (Wstat: 30208 Tests: 1653 Failed: 118)
  Failed tests:  770, 772, 774, 776, 781-782, 784, 842, 844
                846, 848, 850, 852, 858, 860, 862, 864
                866, 868, 870, 872, 874, 876, 878, 880
                882, 884, 886, 888, 890, 892, 896, 898
                900, 902, 914, 916, 918, 920, 932, 934
                938, 940, 948, 950, 1002, 1004, 1006, 1008
                1010, 1012, 1018, 1020, 1022, 1024, 1026
                1028, 1030, 1032, 1034, 1036, 1038, 1040
                1042, 1044, 1046, 1048, 1050, 1052, 1056
                1058, 1060, 1062, 1074, 1076, 1078, 1080
                1092, 1094, 1096, 1098, 1103-1104, 1106
                1110, 1112, 1164, 1166, 1168, 1170, 1172
                1174, 1180, 1182, 1184, 1186, 1188, 1190
                1192, 1194, 1196, 1198, 1200, 1202, 1204
                1206, 1208, 1210, 1212, 1214, 1218, 1220
                1222, 1224, 1236, 1238, 1240, 1242
  Non-zero exit status: 118
t/ymd.t        (Wstat: 29184 Tests: 1464 Failed: 114)
  Failed tests:  875, 877, 879, 881, 937, 939, 941, 943
                945, 947, 953, 955, 957, 959, 961, 963
                965, 967, 969, 971, 973, 975, 977, 979
                981, 983, 985, 987, 989, 991, 993, 995
                997, 999, 1001, 1003, 1023, 1025, 1083
                1085, 1087, 1089, 1091, 1093, 1099, 1101
                1103, 1105, 1107, 1109, 1111, 1113, 1115
                1117, 1119, 1121, 1123, 1125, 1127, 1129
                1131, 1133, 1135, 1137, 1139, 1141, 1143
                1145, 1147, 1149, 1153, 1155, 1169, 1171
                1173, 1175, 1179, 1181, 1233, 1235, 1237
                1239, 1241, 1243, 1249, 1251, 1253, 1255
                1257, 1259, 1261, 1263, 1265, 1267, 1269
                1271, 1273, 1275, 1277, 1279, 1281, 1283
                1285, 1287, 1289, 1291, 1293, 1295, 1297
                1299, 1303, 1305, 1307, 1309
  Non-zero exit status: 114
Files=14, Tests=7202,  6 wallclock secs ( 0.84 usr  0.04 sys +  3.84 cusr  0.44 csys =  5.16 CPU)
Result: FAIL
*** Error code 255

Stop.
make: stopped in /home/cpan/pit/bare/conf/perl-5.20.3/.cpanplus/5.20.3/build/5cKMyu8HmO/Regexp-Common-time-0.16
Failed 3/14 test programs. 352/7202 subtests failed.


PREREQUISITES:

Here is a list of prerequisites you specified and versions we
managed to load:

	  Module Name                        Have     Want
	  Modern::Perl                   1.20170117        0
	  Regexp::Common                 2017060201        0
	  Test::More                     1.302120     0.40

Perl module toolchain versions installed:
	Module Name                        Have
	CPANPLUS                         0.9172
	CPANPLUS::Dist::Build              0.88
	Cwd                                3.62
	ExtUtils::CBuilder             0.280230
	ExtUtils::Command                  7.30
	ExtUtils::Install                  2.14
	ExtUtils::MakeMaker                7.30
	ExtUtils::Manifest                 1.70
	ExtUtils::ParseXS                  3.35
	File::Spec                         3.62
	Module::Build                    0.4224
	Pod::Parser                        1.62
	Pod::Simple                        3.28
	Test2                          1.302120
	Test::Harness                      3.39
	Test::More                     1.302120
	version                          0.9918

******************************** NOTE ********************************
The comments above are created mechanically, possibly without manual
checking by the sender.  As there are many people performing automatic
tests on each upload to CPAN, it is likely that you will receive
identical messages about the same problem.

If you believe that the message is mistaken, please reply to the first
one with correction and/or additional informations, and do not take
it personally.  We appreciate your patience. :)
**********************************************************************

Additional comments:


This report was machine-generated by CPANPLUS::Dist::YACSmoke 1.02.
Powered by minismokebox version 0.68

------------------------------
ENVIRONMENT AND OTHER CONTEXT
------------------------------

Environment variables:

    AUTOMATED_TESTING = 1
    NONINTERACTIVE_TESTING = 1
    PATH = /home/cpan/bin:/bin:/sbin:/usr/bin:/usr/sbin:/usr/X11R7/bin:/usr/X11R6/bin:/usr/pkg/bin:/usr/pkg/sbin:/usr/games:/usr/local/bin:/usr/local/sbin
    PERL5LIB = :/home/cpan/pit/bare/conf/perl-5.20.3/.cpanplus/5.20.3/build/3C0667izc1/Modern-Perl-1.20170117/blib/lib:/home/cpan/pit/bare/conf/perl-5.20.3/.cpanplus/5.20.3/build/3C0667izc1/Modern-Perl-1.20170117/blib/arch:/home/cpan/pit/bare/conf/perl-5.20.3/.cpanplus/5.20.3/build/8sUrRQ7d10/Regexp-Common-2017060201/blib/lib:/home/cpan/pit/bare/conf/perl-5.20.3/.cpanplus/5.20.3/build/8sUrRQ7d10/Regexp-Common-2017060201/blib/arch:/home/cpan/pit/bare/conf/perl-5.20.3/.cpanplus/5.20.3/build/5cKMyu8HmO/Regexp-Common-time-0.16/blib/lib:/home/cpan/pit/bare/conf/perl-5.20.3/.cpanplus/5.20.3/build/5cKMyu8HmO/Regexp-Common-time-0.16/blib/arch
    PERL5_CPANPLUS_IS_RUNNING = 9402
    PERL5_CPANPLUS_IS_VERSION = 0.9172
    PERL5_MINISMOKEBOX = 0.68
    PERL5_YACSMOKE_BASE = /home/cpan/pit/bare/conf/perl-5.20.3
    PERL_EXTUTILS_AUTOINSTALL = --defaultdeps
    PERL_MM_USE_DEFAULT = 1
    SHELL = /usr/pkg/bin/bash
    TERM = screen

Perl special variables (and OS-specific diagnostics, for MSWin32):

    Perl: $^X = /home/cpan/pit/bare/perl-5.20.3/bin/perl
    UID:  $<  = 1002
    EUID: $>  = 1002
    GID:  $(  = 100 100
    EGID: $)  = 100 100


-------------------------------


--

Summary of my perl5 (revision 5 version 20 subversion 3) configuration:
   
  Platform:
    osname=netbsd, osvers=6.1.4, archname=amd64-netbsd
    uname='netbsd naboo.bingosnet.co.uk 6.1.4 netbsd 6.1.4 (generic) amd64 '
    config_args='-des -Dprefix=/home/cpan/pit/bare/perl-5.20.3'
    hint=recommended, useposix=true, d_sigaction=define
    useithreads=undef, usemultiplicity=undef
    use64bitint=define, use64bitall=define, uselongdouble=undef
    usemymalloc=n, bincompat5005=undef
  Compiler:
    cc='cc', ccflags ='-fwrapv -fno-strict-aliasing -pipe -fstack-protector -I/usr/pkg/include',
    optimize='-O',
    cppflags='-fwrapv -fno-strict-aliasing -pipe -fstack-protector -I/usr/pkg/include'
    ccversion='', gccversion='4.5.3', gccosandvers=''
    intsize=4, longsize=8, ptrsize=8, doublesize=8, byteorder=12345678
    d_longlong=define, longlongsize=8, d_longdbl=define, longdblsize=16
    ivtype='long', ivsize=8, nvtype='double', nvsize=8, Off_t='off_t', lseeksize=8
    alignbytes=8, prototype=define
  Linker and Libraries:
    ld='cc', ldflags =' -Wl,-rpath,/usr/pkg/lib -Wl,-rpath,/usr/local/lib -fstack-protector -L/usr/pkg/lib'
    libpth=/usr/include/gcc-4.5 /usr/lib /usr/pkg/lib /lib
    libs=-lpthread -lgdbm -lm -lcrypt -lutil -lc -lposix
    perllibs=-lpthread -lm -lcrypt -lutil -lc -lposix
    libc=/lib/libc.so, so=so, useshrplib=false, libperl=libperl.a
    gnulibc_version=''
  Dynamic Linking:
    dlsrc=dl_dlopen.xs, dlext=so, d_dlsymun=undef, ccdlflags='-Wl,-E '
    cccdlflags='-DPIC -fPIC ', lddlflags='--whole-archive -shared  -L/usr/pkg/lib -fstack-protector'


Characteristics of this binary (from libperl): 
  Compile-time options: HAS_TIMES PERLIO_LAYERS PERL_DONT_CREATE_GVSV
                        PERL_HASH_FUNC_ONE_AT_A_TIME_HARD PERL_MALLOC_WRAP
                        PERL_NEW_COPY_ON_WRITE PERL_PRESERVE_IVUV
                        USE_64_BIT_ALL USE_64_BIT_INT USE_LARGE_FILES
                        USE_LOCALE USE_LOCALE_COLLATE USE_LOCALE_CTYPE
                        USE_LOCALE_NUMERIC USE_PERLIO USE_PERL_ATOF
  Locally applied patches:
	Devel::PatchPerl 1.38
  Built under netbsd
  Compiled at Sep 14 2015 13:28:03
  %ENV:
    PERL5LIB=":/home/cpan/pit/bare/conf/perl-5.20.3/.cpanplus/5.20.3/build/3C0667izc1/Modern-Perl-1.20170117/blib/lib:/home/cpan/pit/bare/conf/perl-5.20.3/.cpanplus/5.20.3/build/3C0667izc1/Modern-Perl-1.20170117/blib/arch:/home/cpan/pit/bare/conf/perl-5.20.3/.cpanplus/5.20.3/build/8sUrRQ7d10/Regexp-Common-2017060201/blib/lib:/home/cpan/pit/bare/conf/perl-5.20.3/.cpanplus/5.20.3/build/8sUrRQ7d10/Regexp-Common-2017060201/blib/arch:/home/cpan/pit/bare/conf/perl-5.20.3/.cpanplus/5.20.3/build/5cKMyu8HmO/Regexp-Common-time-0.16/blib/lib:/home/cpan/pit/bare/conf/perl-5.20.3/.cpanplus/5.20.3/build/5cKMyu8HmO/Regexp-Common-time-0.16/blib/arch"
    PERL5_CPANPLUS_IS_RUNNING="9402"
    PERL5_CPANPLUS_IS_VERSION="0.9172"
    PERL5_MINISMOKEBOX="0.68"
    PERL5_YACSMOKE_BASE="/home/cpan/pit/bare/conf/perl-5.20.3"
    PERL_EXTUTILS_AUTOINSTALL="--defaultdeps"
    PERL_MM_USE_DEFAULT="1"
  @INC:
    /home/cpan/pit/bare/conf/perl-5.20.3/.cpanplus/5.20.3/build/3C0667izc1/Modern-Perl-1.20170117/blib/lib
    /home/cpan/pit/bare/conf/perl-5.20.3/.cpanplus/5.20.3/build/3C0667izc1/Modern-Perl-1.20170117/blib/arch
    /home/cpan/pit/bare/conf/perl-5.20.3/.cpanplus/5.20.3/build/8sUrRQ7d10/Regexp-Common-2017060201/blib/lib
    /home/cpan/pit/bare/conf/perl-5.20.3/.cpanplus/5.20.3/build/8sUrRQ7d10/Regexp-Common-2017060201/blib/arch
    /home/cpan/pit/bare/conf/perl-5.20.3/.cpanplus/5.20.3/build/5cKMyu8HmO/Regexp-Common-time-0.16/blib/lib
    /home/cpan/pit/bare/conf/perl-5.20.3/.cpanplus/5.20.3/build/5cKMyu8HmO/Regexp-Common-time-0.16/blib/arch
    /home/cpan/pit/bare/perl-5.20.3/lib/site_perl/5.20.3/amd64-netbsd
    /home/cpan/pit/bare/perl-5.20.3/lib/site_perl/5.20.3
    /home/cpan/pit/bare/perl-5.20.3/lib/5.20.3/amd64-netbsd
    /home/cpan/pit/bare/perl-5.20.3/lib/5.20.3
    .