Back
From: metabase:user:322078bc-2aae-11df-837a-5e0a49663a4f
Subject: FAIL POE-Component-Client-BigBrother-1.00 v5.10.0 NetBSD
Date: 2010-09-18T23:23:28Z
This distribution has been tested as part of the CPAN Testers
project, supporting the Perl programming language. See
http://wiki.cpantesters.org/ for more information or email
questions to cpan-testers-discuss@perl.org
--
Dear SAPER,
This is a computer-generated error report created automatically by
CPANPLUS, version 0.9007. Testers personal comments may appear
at the end of this report.
Thank you for uploading your work to CPAN. However, it appears that
there were some problems testing your distribution.
TEST RESULTS:
Below is the error stack from stage 'make test':
[MSG] [Sun Sep 19 00:25:29 2010] Building POE-Component-Client-BigBrother
[ERROR] [Sun Sep 19 00:25:31 2010] MAKE TEST failed:
# Testing POE::Component::Client::BigBrother 1.00, Perl 5.010000, /home/cpan/pit/bare/perl-5.10.0/bin/perl
t/00-load.t .............. ok
t/01-api.t ............... ok
# Failed test 'received[0] == results[0]{message}'
# at t/10-check-by-pocotcp.t line 138.
# got: 'page+10 front02,domain,net.sync red files not synchronised'
# expected: 'status front01,domain,net.cpu red load average is 105.45'
# Failed test 'received[0] == expected[0]'
# at t/10-check-by-pocotcp.t line 141.
# got: 'page+10 front02,domain,net.sync red files not synchronised'
# expected: 'status front01,domain,net.cpu red load average is 105.45'
# Failed test 'received[1] == results[1]{message}'
# at t/10-check-by-pocotcp.t line 138.
# got: 'status front01,domain,net.cpu red load average is 105.45'
# expected: 'page+10 front02,domain,net.sync red files not synchronised'
# Failed test 'received[1] == expected[1]'
# at t/10-check-by-pocotcp.t line 141.
# got: 'status front01,domain,net.cpu red load average is 105.45'
# expected: 'page+10 front02,domain,net.sync red files not synchronised'
# Looks like you failed 4 tests of 17.
t/10-check-by-pocotcp.t ..
Dubious, test returned 4 (wstat 1024, 0x400)
Failed 4/17 subtests
t/pod-coverage.t ......... skipped: Test::Pod::Coverage 1.08 required for testing POD coverage
t/pod.t .................. skipped: Test::Pod 1.22 required for testing POD
Test Summary Report
-------------------
t/10-check-by-pocotcp.t (Wstat: 1024 Tests: 17 Failed: 4)
Failed tests: 7-8, 10-11
Non-zero exit status: 4
Files=5, Tests=20, 2 wallclock secs ( 0.04 usr 0.01 sys + 0.39 cusr 0.07 csys = 0.51 CPU)
Result: FAIL
Failed 1/5 test programs. 4/20 subtests failed.
BEGIN failed--compilation aborted at /home/cpan/pit/bare/perl-5.10.0/bin/cpanp-run-perl line 8.
[MSG] [Sun Sep 19 00:25:31 2010] DEFAULT 'proceed_on_test_failure' HANDLER RETURNING 'sub return value'
PREREQUISITES:
Here is a list of prerequisites you specified and versions we
managed to load:
Module Name Have Want
POE 1.293 0
Test::More 0.96 0
Perl module toolchain versions installed:
Module Name Have
CPANPLUS 0.9007
CPANPLUS::Dist::Build 0.48
Cwd 3.31
ExtUtils::CBuilder 0.2703
ExtUtils::Command 1.16
ExtUtils::Install 1.54
ExtUtils::MakeMaker 6.56
ExtUtils::Manifest 1.58
ExtUtils::ParseXS 2.2206
File::Spec 3.31
Module::Build 0.3607
Test::Harness 3.22
Test::More 0.96
version 0.82
******************************** NOTE ********************************
The comments above are created mechanically, possibly without manual
checking by the sender. As there are many people performing automatic
tests on each upload to CPAN, it is likely that you will receive
identical messages about the same problem.
If you believe that the message is mistaken, please reply to the first
one with correction and/or additional informations, and do not take
it personally. We appreciate your patience. :)
**********************************************************************
Additional comments:
This report was machine-generated by CPANPLUS::Dist::YACSmoke 0.58.
Powered by minismokebox version 0.30
------------------------------
ENVIRONMENT AND OTHER CONTEXT
------------------------------
Environment variables:
AUTOMATED_TESTING = 1
PATH = /home/cpan/bin:/bin:/sbin:/usr/bin:/usr/sbin:/usr/X11R7/bin:/usr/X11R6/bin:/usr/pkg/bin:/usr/pkg/sbin:/usr/games:/usr/local/bin:/usr/local/sbin
PERL5LIB = :/home/cpan/pit/bare/conf/perl-5.10.0/.cpanplus/5.10.0/build/IO-Tty-1.08/blib/lib:/home/cpan/pit/bare/conf/perl-5.10.0/.cpanplus/5.10.0/build/IO-Tty-1.08/blib/arch:/home/cpan/pit/bare/conf/perl-5.10.0/.cpanplus/5.10.0/build/POE-Test-Loops-1.035/blib/lib:/home/cpan/pit/bare/conf/perl-5.10.0/.cpanplus/5.10.0/build/POE-Test-Loops-1.035/blib/arch:/home/cpan/pit/bare/conf/perl-5.10.0/.cpanplus/5.10.0/build/POE-1.293/blib/lib:/home/cpan/pit/bare/conf/perl-5.10.0/.cpanplus/5.10.0/build/POE-1.293/blib/arch:/home/cpan/pit/bare/conf/perl-5.10.0/.cpanplus/5.10.0/build/POE-Component-Client-BigBrother-1.00/blib/lib:/home/cpan/pit/bare/conf/perl-5.10.0/.cpanplus/5.10.0/build/POE-Component-Client-BigBrother-1.00/blib/arch
PERL5_CPANPLUS_IS_RUNNING = 26448
PERL5_CPANPLUS_IS_VERSION = 0.9007
PERL5_MINISMOKEBOX = 0.30
PERL5_YACSMOKE_BASE = /home/cpan/pit/bare/conf/perl-5.10.0
PERL_EXTUTILS_AUTOINSTALL = --defaultdeps
PERL_MM_USE_DEFAULT = 1
SHELL = /usr/pkg/bin/bash
TERM = screen
Perl special variables (and OS-specific diagnostics, for MSWin32):
Perl: $^X = /home/cpan/pit/bare/perl-5.10.0/bin/perl
UID: $< = 1001
EUID: $> = 1001
GID: $( = 100 100
EGID: $) = 100 100
-------------------------------
--
Summary of my perl5 (revision 5 version 10 subversion 0) configuration:
Platform:
osname=netbsd, osvers=5.1_rc3, archname=amd64-netbsd
uname='netbsd fubar.bingosnet.co.uk 5.1_rc3 netbsd 5.1_rc3 (generic) #0: sat jun 12 20:26:01 utc 2010 builds@b8.netbsd.org:homebuildsabnetbsd-5-1-rc3amd64201006130031z-objhomebuildsabnetbsd-5-1-rc3srcsysarchamd64compilegeneric amd64 '
config_args='-des -Dprefix=/home/cpan/pit/bare/perl-5.10.0 -Dusemallocwrap=y -Dusemymalloc=n'
hint=recommended, useposix=true, d_sigaction=define
useithreads=undef, usemultiplicity=undef
useperlio=define, d_sfio=undef, uselargefiles=define, usesocks=undef
use64bitint=define, use64bitall=define, uselongdouble=undef
usemymalloc=n, bincompat5005=undef
Compiler:
cc='cc', ccflags ='-fno-strict-aliasing -pipe -I/usr/pkg/include',
optimize='-O',
cppflags='-fno-strict-aliasing -pipe -I/usr/pkg/include'
ccversion='', gccversion='4.1.3 20080704 prerelease (NetBSD nb2 20081120)', gccosandvers=''
intsize=4, longsize=8, ptrsize=8, doublesize=8, byteorder=12345678
d_longlong=define, longlongsize=8, d_longdbl=define, longdblsize=16
ivtype='long', ivsize=8, nvtype='double', nvsize=8, Off_t='off_t', lseeksize=8
alignbytes=8, prototype=define
Linker and Libraries:
ld='cc', ldflags =' -Wl,-rpath,/usr/pkg/lib -Wl,-rpath,/usr/local/lib -L/usr/pkg/lib'
libpth=/usr/pkg/lib /lib /usr/lib
libs=-lm -lcrypt -lutil -lc -lposix
perllibs=-lm -lcrypt -lutil -lc -lposix
libc=/lib/libc.so, so=so, useshrplib=false, libperl=libperl.a
gnulibc_version=''
Dynamic Linking:
dlsrc=dl_dlopen.xs, dlext=so, d_dlsymun=undef, ccdlflags='-Wl,-E '
cccdlflags='-DPIC -fPIC ', lddlflags='--whole-archive -shared -L/usr/pkg/lib'
Characteristics of this binary (from libperl):
Compile-time options: PERL_DONT_CREATE_GVSV PERL_MALLOC_WRAP USE_64_BIT_ALL
USE_64_BIT_INT USE_LARGE_FILES USE_PERLIO
Built under netbsd
Compiled at Sep 14 2010 22:19:49
%ENV:
PERL5LIB=":/home/cpan/pit/bare/conf/perl-5.10.0/.cpanplus/5.10.0/build/IO-Tty-1.08/blib/lib:/home/cpan/pit/bare/conf/perl-5.10.0/.cpanplus/5.10.0/build/IO-Tty-1.08/blib/arch:/home/cpan/pit/bare/conf/perl-5.10.0/.cpanplus/5.10.0/build/POE-Test-Loops-1.035/blib/lib:/home/cpan/pit/bare/conf/perl-5.10.0/.cpanplus/5.10.0/build/POE-Test-Loops-1.035/blib/arch:/home/cpan/pit/bare/conf/perl-5.10.0/.cpanplus/5.10.0/build/POE-1.293/blib/lib:/home/cpan/pit/bare/conf/perl-5.10.0/.cpanplus/5.10.0/build/POE-1.293/blib/arch:/home/cpan/pit/bare/conf/perl-5.10.0/.cpanplus/5.10.0/build/POE-Component-Client-BigBrother-1.00/blib/lib:/home/cpan/pit/bare/conf/perl-5.10.0/.cpanplus/5.10.0/build/POE-Component-Client-BigBrother-1.00/blib/arch"
PERL5_CPANPLUS_IS_RUNNING="26448"
PERL5_CPANPLUS_IS_VERSION="0.9007"
PERL5_MINISMOKEBOX="0.30"
PERL5_YACSMOKE_BASE="/home/cpan/pit/bare/conf/perl-5.10.0"
PERL_EXTUTILS_AUTOINSTALL="--defaultdeps"
PERL_MM_USE_DEFAULT="1"
@INC:
/home/cpan/pit/bare/conf/perl-5.10.0/.cpanplus/5.10.0/build/IO-Tty-1.08/blib/lib
/home/cpan/pit/bare/conf/perl-5.10.0/.cpanplus/5.10.0/build/IO-Tty-1.08/blib/arch
/home/cpan/pit/bare/conf/perl-5.10.0/.cpanplus/5.10.0/build/POE-Test-Loops-1.035/blib/lib
/home/cpan/pit/bare/conf/perl-5.10.0/.cpanplus/5.10.0/build/POE-Test-Loops-1.035/blib/arch
/home/cpan/pit/bare/conf/perl-5.10.0/.cpanplus/5.10.0/build/POE-1.293/blib/lib
/home/cpan/pit/bare/conf/perl-5.10.0/.cpanplus/5.10.0/build/POE-1.293/blib/arch
/home/cpan/pit/bare/conf/perl-5.10.0/.cpanplus/5.10.0/build/POE-Component-Client-BigBrother-1.00/blib/lib
/home/cpan/pit/bare/conf/perl-5.10.0/.cpanplus/5.10.0/build/POE-Component-Client-BigBrother-1.00/blib/arch
/home/cpan/pit/bare/perl-5.10.0/lib/5.10.0/amd64-netbsd
/home/cpan/pit/bare/perl-5.10.0/lib/5.10.0
/home/cpan/pit/bare/perl-5.10.0/lib/site_perl/5.10.0/amd64-netbsd
/home/cpan/pit/bare/perl-5.10.0/lib/site_perl/5.10.0
.