Astro-Catalog v4.37 Perl 5 v5.32.1 x86_64-linux-thread-multi
- Status
- Fail
- From
- David Cantrell (DCANTRELL)
- Dist
-
Astro-Catalog v4.37
- Platform
- Perl 5 v5.32.1 x86_64-linux-thread-multi
- Date
- 2023-04-20 04:20:56
- ID
- bf01f1ce-df32-11ed-957f-2dc61630cf07
This distribution has been tested as part of the CPAN Testers
project, supporting the Perl programming language. See
http://wiki.cpantesters.org/ for more information or email
questions to cpan-testers-discuss@perl.org
--
Dear Graham Bell,
This is a computer-generated report for Astro-Catalog-4.37
on perl 5.32.1, created by CPAN-Reporter-1.2018.
Thank you for uploading your work to CPAN. However, there was a problem
testing your distribution.
If you think this report is invalid, please consult the CPAN Testers Wiki
for suggestions on how to avoid getting FAIL reports for missing library
or binary dependencies, unsupported operating systems, and so on:
http://wiki.cpantesters.org/wiki/CPANAuthorNotes
Sections of this report:
* Tester comments
* Program output
* Prerequisites
* Environment and other context
------------------------------
TESTER COMMENTS
------------------------------
Additional comments from tester:
this report is from an automated smoke testing program
and was not reviewed by a human for accuracy
------------------------------
PROGRAM OUTPUT
------------------------------
Output from './Build test':
# Astro::Catalog::IO::VOTable can not locate Astro/VO/VOTable/Document.pm
# Astro::Catalog::IO::FITSTable can not locate Astro/FITS/CFITSIO.pm
# Astro::Catalog::IO::VEX can not locate Astro/VEX.pm
# Astro::Catalog::IO::LCOGTFITSTable can not locate Astro/FITS/CFITSIO.pm
# Astro::Catalog::IO::Hedwig can not locate Text/CSV.pm
# Tk::AstroCatalog can not locate Tk.pm
t/1_compile.t ..... ok
t/2_astrom.t ...... ok
do "t/helper.pl" failed, '.' is no longer in @INC; did you mean do "./t/helper.pl"? at t/2_cluster.t line 13.
Error reading test functions: No such file or directory at t/2_cluster.t line 13.
# Looks like your test exited with 2 just after 1.
t/2_cluster.t .....
Dubious, test returned 2 (wstat 512, 0x200)
Failed 71/72 subtests
t/2_findoff.t ..... ok
t/2_fitstable.t ... skipped: Tests require Astro::FITS::CFITSIO
t/2_gaiapick.t .... ok
t/2_jcmt.t ........ ok
t/2_jcmt_loose.t .. ok
t/2_northstar.t ... ok
t/2_ritmatch.t .... ok
t/2_sextractor.t .. ok
t/2_simple.t ...... ok
t/2_stl.t ......... ok
t/2_tst.t ......... ok
t/2_ukirtbs.t ..... ok
t/2_votable.t ..... skipped: Astro::VO::VOTable not installed
t/2_xy.t .......... ok
t/3_catalog.t ..... ok
t/3_item.t ........ ok
t/3_morphology.t .. ok
t/3_star.t ........ ok
do "t/helper.pl" failed, '.' is no longer in @INC; did you mean do "./t/helper.pl"? at t/4_cmc.t line 17.
Error reading test functions: No such file or directory at t/4_cmc.t line 17.
# Looks like your test exited with 2 just after 3.
t/4_cmc.t .........
Dubious, test returned 2 (wstat 512, 0x200)
All 3 subtests passed
do "t/helper.pl" failed, '.' is no longer in @INC; did you mean do "./t/helper.pl"? at t/4_gsc.t line 21.
Error reading test functions: No such file or directory at t/4_gsc.t line 21.
# Looks like your test exited with 2 just after 3.
t/4_gsc.t .........
Dubious, test returned 2 (wstat 512, 0x200)
Failed 156/159 subtests
do "t/helper.pl" failed, '.' is no longer in @INC; did you mean do "./t/helper.pl"? at t/4_mpc.t line 23.
Error reading test functions: No such file or directory at t/4_mpc.t line 23.
# Looks like your test exited with 2 just after 3.
t/4_mpc.t .........
Dubious, test returned 2 (wstat 512, 0x200)
Failed 199/202 subtests
do "t/helper.pl" failed, '.' is no longer in @INC; did you mean do "./t/helper.pl"? at t/4_sesame.t line 18.
Error reading test functions: No such file or directory at t/4_sesame.t line 18.
# Looks like your test exited with 2 just after 2.
t/4_sesame.t ......
Dubious, test returned 2 (wstat 512, 0x200)
Failed 27/29 subtests
do "t/helper.pl" failed, '.' is no longer in @INC; did you mean do "./t/helper.pl"? at t/4_skycat_gsc.t line 23.
Error reading test functions: No such file or directory at t/4_skycat_gsc.t line 23.
# Looks like your test exited with 2 just after 3.
t/4_skycat_gsc.t ..
Dubious, test returned 2 (wstat 512, 0x200)
Failed 147/150 subtests
do "t/helper.pl" failed, '.' is no longer in @INC; did you mean do "./t/helper.pl"? at t/4_usnoa2.t line 25.
Error reading test functions: No such file or directory at t/4_usnoa2.t line 25.
# Looks like your test exited with 2 just after 3.
t/4_usnoa2.t ......
Dubious, test returned 2 (wstat 512, 0x200)
Failed 348/351 subtests
Test Summary Report
-------------------
t/2_cluster.t (Wstat: 512 Tests: 1 Failed: 0)
Non-zero exit status: 2
Parse errors: Bad plan. You planned 72 tests but ran 1.
t/4_cmc.t (Wstat: 512 Tests: 3 Failed: 0)
Non-zero exit status: 2
t/4_gsc.t (Wstat: 512 Tests: 3 Failed: 0)
Non-zero exit status: 2
Parse errors: Bad plan. You planned 159 tests but ran 3.
t/4_mpc.t (Wstat: 512 Tests: 3 Failed: 0)
Non-zero exit status: 2
Parse errors: Bad plan. You planned 202 tests but ran 3.
t/4_sesame.t (Wstat: 512 Tests: 2 Failed: 0)
Non-zero exit status: 2
Parse errors: Bad plan. You planned 29 tests but ran 2.
t/4_skycat_gsc.t (Wstat: 512 Tests: 3 Failed: 0)
Non-zero exit status: 2
Parse errors: Bad plan. You planned 150 tests but ran 3.
t/4_usnoa2.t (Wstat: 512 Tests: 3 Failed: 0)
Non-zero exit status: 2
Parse errors: Bad plan. You planned 351 tests but ran 3.
Files=27, Tests=2505, 265 wallclock secs ( 0.89 usr 0.21 sys + 50.51 cusr 5.22 csys = 56.83 CPU)
Result: FAIL
Failed 7/27 test programs. 0/2505 subtests failed.
------------------------------
PREREQUISITES
------------------------------
Prerequisite modules loaded:
requires:
Module Need Have
------------------------- ---- --------
Astro::Coords 0.12 0.21
Astro::Flux 0.01 0.01
Astro::Telescope 0.5 0.71
Carp 1.01 1.50
Class::Struct 0.63 0.66
Data::Dumper 2.12 2.174_01
DateTime 0 1.59
DateTime::Format::ISO8601 0 0.16
File::Spec 0.84 3.78
File::Temp 0.14 0.2309
LWP 5.53 6.68
Misc::Quality 0.01 0.01
Net::Domain 2.13 3.11
Number::Uncertainty 0.01 1.4
Pod::Usage 1.14 1.69
Scalar::Util 1.14 1.55
SOAP::Lite 0 1.27
Time::Piece 1.08 1.3401
build_requires:
Module Need Have
------------------------- ---- --------
Test::More 0 1.302194
configure_requires:
Module Need Have
------------------------- ---- --------
Module::Build 0.3 0.4231
------------------------------
ENVIRONMENT AND OTHER CONTEXT
------------------------------
Environment variables:
AUTOMATED_TESTING = 1
LANG = en_GB.UTF-8
LANGUAGE = en_GB:en
LC_TERMINAL = iTerm2
LC_TERMINAL_VERSION = 3.4.19
NONINTERACTIVE_TESTING = 1
PATH = /home/david/.nvm/versions/node/v18.15.0/bin:/home/david/.cargo/bin:/home/david/perl5/perlbrew/bin:/home/david/perl5/perlbrew/perls/perl-5.30.2/bin:/home/david/bin:/usr/local/bin:/usr/bin:/bin:/usr/local/games:/usr/games
PERL = 5.32.1
PERL5LIB =
PERL5OPT =
PERL5_CPANPLUS_IS_RUNNING = 1312349
PERL5_CPAN_IS_RUNNING = 1312349
PERLBREW_HOME = /home/david/.perlbrew
PERLBREW_MANPATH = /home/david/perl5/perlbrew/perls/perl-5.30.2/man
PERLBREW_PATH = /home/david/perl5/perlbrew/bin:/home/david/perl5/perlbrew/perls/perl-5.30.2/bin
PERLBREW_PERL = perl-5.30.2
PERLBREW_ROOT = /home/david/perl5/perlbrew
PERLBREW_SHELLRC_VERSION = 0.89
PERLBREW_VERSION = 0.89
PERLVER = 5.32.1
PERL_INLINE_DIRECTORY = /home/david/.Inline-5.32.1
PERL_MM_USE_DEFAULT = 1
PERL_USE_UNSAFE_INC = 0
SHELL = /bin/bash
TERM = screen
Perl special variables (and OS-specific diagnostics, for MSWin32):
$^X = /home/david/cpantesting/perl-5.32.1/bin/perl
$UID/$EUID = 1000 / 1000
$GID = 1000 24 25 27 29 30 44 46 109 1000
$EGID = 1000 24 25 27 29 30 44 46 109 1000
Perl module toolchain versions installed:
Module Have
------------------- --------
CPAN 2.27
CPAN::Meta 2.150010
Cwd 3.78
ExtUtils::CBuilder 0.280234
ExtUtils::Command 7.44
ExtUtils::Install 2.14
ExtUtils::MakeMaker 7.44
ExtUtils::Manifest 1.72
ExtUtils::ParseXS 3.40
File::Spec 3.78
JSON 4.10
JSON::PP 4.04
Module::Build 0.4231
Module::Signature n/a
Parse::CPAN::Meta 2.150010
Test::Harness 3.42
Test::More 1.302194
YAML n/a
YAML::Syck n/a
version 0.9924
--
Summary of my perl5 (revision 5 version 32 subversion 1) configuration:
Platform:
osname=linux
osvers=5.10.0-11-amd64
archname=x86_64-linux-thread-multi
uname='linux cpantesting-linux-utm 5.10.0-11-amd64 #1 smp debian 5.10.92-1 (2022-01-18) x86_64 gnulinux '
config_args='-de -Dprefix=/home/david/cpantesting/perl-5.32.1 -Dusethreads'
hint=recommended
useposix=true
d_sigaction=define
useithreads=define
usemultiplicity=define
use64bitint=define
use64bitall=define
uselongdouble=undef
usemymalloc=n
default_inc_excludes_dot=define
bincompat5005=undef
Compiler:
cc='cc'
ccflags ='-D_REENTRANT -D_GNU_SOURCE -fwrapv -fno-strict-aliasing -pipe -fstack-protector-strong -I/usr/local/include -D_LARGEFILE_SOURCE -D_FILE_OFFSET_BITS=64 -D_FORTIFY_SOURCE=2'
optimize='-O2'
cppflags='-D_REENTRANT -D_GNU_SOURCE -fwrapv -fno-strict-aliasing -pipe -fstack-protector-strong -I/usr/local/include'
ccversion=''
gccversion='10.2.1 20210110'
gccosandvers=''
intsize=4
longsize=8
ptrsize=8
doublesize=8
byteorder=12345678
doublekind=3
d_longlong=define
longlongsize=8
d_longdbl=define
longdblsize=16
longdblkind=3
ivtype='long'
ivsize=8
nvtype='double'
nvsize=8
Off_t='off_t'
lseeksize=8
alignbytes=8
prototype=define
Linker and Libraries:
ld='cc'
ldflags =' -fstack-protector-strong -L/usr/local/lib'
libpth=/usr/local/lib /usr/include/x86_64-linux-gnu /usr/lib /lib/x86_64-linux-gnu /lib/../lib /usr/lib/x86_64-linux-gnu /usr/lib/../lib /lib /lib64 /usr/lib64
libs=-lpthread -lnsl -ldl -lm -lcrypt -lutil -lc
perllibs=-lpthread -lnsl -ldl -lm -lcrypt -lutil -lc
libc=libc-2.31.so
so=so
useshrplib=false
libperl=libperl.a
gnulibc_version='2.31'
Dynamic Linking:
dlsrc=dl_dlopen.xs
dlext=so
d_dlsymun=undef
ccdlflags='-Wl,-E'
cccdlflags='-fPIC'
lddlflags='-shared -O2 -L/usr/local/lib -fstack-protector-strong'
Characteristics of this binary (from libperl):
Compile-time options:
HAS_TIMES
MULTIPLICITY
PERLIO_LAYERS
PERL_COPY_ON_WRITE
PERL_DONT_CREATE_GVSV
PERL_IMPLICIT_CONTEXT
PERL_MALLOC_WRAP
PERL_OP_PARENT
PERL_PRESERVE_IVUV
USE_64_BIT_ALL
USE_64_BIT_INT
USE_ITHREADS
USE_LARGE_FILES
USE_LOCALE
USE_LOCALE_COLLATE
USE_LOCALE_CTYPE
USE_LOCALE_NUMERIC
USE_LOCALE_TIME
USE_PERLIO
USE_PERL_ATOF
USE_REENTRANT_API
USE_THREAD_SAFE_LOCALE
Built under linux
Compiled at Feb 5 2022 21:10:07
%ENV:
PERL="5.32.1"
PERL5LIB=""
PERL5OPT=""
PERL5_CPANPLUS_IS_RUNNING="1312349"
PERL5_CPAN_IS_RUNNING="1312349"
PERLBREW_HOME="/home/david/.perlbrew"
PERLBREW_MANPATH="/home/david/perl5/perlbrew/perls/perl-5.30.2/man"
PERLBREW_PATH="/home/david/perl5/perlbrew/bin:/home/david/perl5/perlbrew/perls/perl-5.30.2/bin"
PERLBREW_PERL="perl-5.30.2"
PERLBREW_ROOT="/home/david/perl5/perlbrew"
PERLBREW_SHELLRC_VERSION="0.89"
PERLBREW_VERSION="0.89"
PERLVER="5.32.1"
PERL_INLINE_DIRECTORY="/home/david/.Inline-5.32.1"
PERL_MM_USE_DEFAULT="1"
PERL_USE_UNSAFE_INC="0"
@INC:
/home/david/cpantesting/perl-5.32.1/lib/site_perl/5.32.1/x86_64-linux-thread-multi
/home/david/cpantesting/perl-5.32.1/lib/site_perl/5.32.1
/home/david/cpantesting/perl-5.32.1/lib/5.32.1/x86_64-linux-thread-multi
/home/david/cpantesting/perl-5.32.1/lib/5.32.1