Back
From: metabase:user:9820532a-708b-1014-9a05-b18a96298da1
Subject: FAIL Cvs-0.07 v5.8.9 GNU/Linux
Date: 2011-08-25T18:26:28Z
This distribution has been tested as part of the CPAN Testers
project, supporting the Perl programming language. See
http://wiki.cpantesters.org/ for more information or email
questions to cpan-testers-discuss@perl.org
--
Dear Olivier Poitrey,
This is a computer-generated report for Cvs-0.07
on perl 5.8.9, created by CPAN-Reporter-1.2002.
Thank you for uploading your work to CPAN. However, there was a problem
testing your distribution.
If you think this report is invalid, please consult the CPAN Testers Wiki
for suggestions on how to avoid getting FAIL reports for missing library
or binary dependencies, unsupported operating systems, and so on:
http://wiki.cpantesters.org/wiki/CPANAuthorNotes
Sections of this report:
* Tester comments
* Program output
* Prerequisites
* Environment and other context
------------------------------
TESTER COMMENTS
------------------------------
Additional comments from tester:
this report is from an automated smoke testing program
and was not reviewed by a human for accuracy
------------------------------
PROGRAM OUTPUT
------------------------------
Output from '/usr/bin/make test':
PERL_DL_NONLAZY=1 /home/test/perl5/perlbrew/perls/perl-5.8.9/bin/perl "-MExtUtils::Command::MM" "-e" "test_harness(0, 'blib/lib', 'blib/arch')" t/*.t
Command 'cvs' not found in /home/test/perl5/perlbrew/bin, /home/test/perl5/perlbrew/perls/perl-5.8.9/bin, /home/test/bin, ~/bin, /usr/bin, /bin at /home/test/.cpan/build/Cvs-0.07-S6A2ah/blib/lib/Cvs/Command/Base.pm line 113
t/00checkout.t ..
Dubious, test returned 9 (wstat 2304, 0x900)
Failed 1/3 subtests
# Failed test 2 in t/05commit.t at line 12
# t/05commit.t line 12 is: ok($cvs);
Cannot open file `/home/test/.cpan/build/Cvs-0.07-S6A2ah/cvs-test/test.txt': No such file or directory at t/05commit.t line 14.
t/05commit.t ....
Dubious, test returned 2 (wstat 512, 0x200)
Failed 4/5 subtests
# Failed test 2 in t/10status.t at line 11
# t/10status.t line 11 is: ok($cvs);
Can't call method "status" on an undefined value at t/10status.t line 13.
t/10status.t ....
Dubious, test returned 2 (wstat 512, 0x200)
Failed 10/11 subtests
# Failed test 2 in t/20tag.t at line 11
# t/20tag.t line 11 is: ok($cvs);
Can't call method "tag" on an undefined value at t/20tag.t line 13.
t/20tag.t .......
Dubious, test returned 2 (wstat 512, 0x200)
Failed 5/6 subtests
Command 'cvs' not found in /home/test/perl5/perlbrew/bin, /home/test/perl5/perlbrew/perls/perl-5.8.9/bin, /home/test/bin, ~/bin, /usr/bin, /bin at /home/test/.cpan/build/Cvs-0.07-S6A2ah/blib/lib/Cvs/Command/Base.pm line 113
t/21rtag.t ......
Dubious, test returned 9 (wstat 2304, 0x900)
Failed 4/6 subtests
# Failed test 2 in t/30update.t at line 11
# t/30update.t line 11 is: ok($cvs);
Cannot open file `/home/test/.cpan/build/Cvs-0.07-S6A2ah/cvs-test/test.txt': No such file or directory at t/30update.t line 13.
t/30update.t ....
Dubious, test returned 2 (wstat 512, 0x200)
Failed 5/6 subtests
# Failed test 2 in t/40diff.t at line 11
# t/40diff.t line 11 is: ok($cvs);
Cannot open file `/home/test/.cpan/build/Cvs-0.07-S6A2ah/cvs-test/test.txt': No such file or directory at t/40diff.t line 13.
t/40diff.t ......
Dubious, test returned 2 (wstat 512, 0x200)
Failed 5/6 subtests
Command 'cvs' not found in /home/test/perl5/perlbrew/bin, /home/test/perl5/perlbrew/perls/perl-5.8.9/bin, /home/test/bin, ~/bin, /usr/bin, /bin at /home/test/.cpan/build/Cvs-0.07-S6A2ah/blib/lib/Cvs/Command/Base.pm line 113
t/50export.t ....
Dubious, test returned 9 (wstat 2304, 0x900)
Failed 1/3 subtests
Command 'cvs' not found in /home/test/perl5/perlbrew/bin, /home/test/perl5/perlbrew/perls/perl-5.8.9/bin, /home/test/bin, ~/bin, /usr/bin, /bin at /home/test/.cpan/build/Cvs-0.07-S6A2ah/blib/lib/Cvs/Command/Base.pm line 113
t/90release.t ...
Dubious, test returned 9 (wstat 2304, 0x900)
Failed 2/4 subtests
Test Summary Report
-------------------
t/00checkout.t (Wstat: 2304 Tests: 2 Failed: 0)
Non-zero exit status: 9
Parse errors: Bad plan. You planned 3 tests but ran 2.
t/05commit.t (Wstat: 512 Tests: 2 Failed: 1)
Failed test: 2
Non-zero exit status: 2
Parse errors: Bad plan. You planned 5 tests but ran 2.
t/10status.t (Wstat: 512 Tests: 2 Failed: 1)
Failed test: 2
Non-zero exit status: 2
Parse errors: Bad plan. You planned 11 tests but ran 2.
t/20tag.t (Wstat: 512 Tests: 2 Failed: 1)
Failed test: 2
Non-zero exit status: 2
Parse errors: Bad plan. You planned 6 tests but ran 2.
t/21rtag.t (Wstat: 2304 Tests: 2 Failed: 0)
Non-zero exit status: 9
Parse errors: Bad plan. You planned 6 tests but ran 2.
t/30update.t (Wstat: 512 Tests: 2 Failed: 1)
Failed test: 2
Non-zero exit status: 2
Parse errors: Bad plan. You planned 6 tests but ran 2.
t/40diff.t (Wstat: 512 Tests: 2 Failed: 1)
Failed test: 2
Non-zero exit status: 2
Parse errors: Bad plan. You planned 6 tests but ran 2.
t/50export.t (Wstat: 2304 Tests: 2 Failed: 0)
Non-zero exit status: 9
Parse errors: Bad plan. You planned 3 tests but ran 2.
t/90release.t (Wstat: 2304 Tests: 2 Failed: 0)
Non-zero exit status: 9
Parse errors: Bad plan. You planned 4 tests but ran 2.
Files=9, Tests=18, 1 wallclock secs ( 0.05 usr 0.03 sys + 0.49 cusr 0.12 csys = 0.69 CPU)
Result: FAIL
Failed 9/9 test programs. 5/18 subtests failed.
make: *** [test_dynamic] Error 9
------------------------------
PREREQUISITES
------------------------------
Prerequisite modules loaded:
requires:
Module Need Have
------------------- ---- ----
Class::Accessor 0.17 0.34
Cwd 2.04 3.33
File::Temp 0.12 0.22
FileHandle 2.0 2.01
IO::Pty 1.02 1.10
IPC::Run 0.74 0.90
build_requires:
Module Need Have
------------------- ---- ----
ExtUtils::MakeMaker 0 6.59
------------------------------
ENVIRONMENT AND OTHER CONTEXT
------------------------------
Environment variables:
AUTOMATED_TESTING = 1
LANG = C
LC_ALL = C
PATH = /home/test/perl5/perlbrew/bin:/home/test/perl5/perlbrew/perls/perl-5.8.9/bin:/home/test/bin:~/bin:/usr/bin:/bin
PATH_WITHOUT_PERLBREW = /home/test/bin:~/bin:/usr/bin:/bin
PERL5LIB =
PERL5OPT =
PERL5_CPANPLUS_IS_RUNNING = 14142
PERL5_CPAN_IS_RUNNING = 14142
PERL5_CPAN_IS_RUNNING_IN_RECURSION = 15479,14142
PERLBREW_HOME = /home/test/.perlbrew
PERLBREW_PATH = /home/test/perl5/perlbrew/bin:/home/test/perl5/perlbrew/perls/perl-5.8.9/bin
PERLBREW_PERL = perl-5.8.9
PERLBREW_ROOT = /home/test/perl5/perlbrew
PERLBREW_VERSION = 0.28
PERL_CR_SMOKER_CURRENT = Cvs-0.07
PERL_EXTUTILS_AUTOINSTALL = --defaultdeps
PERL_MM_USE_DEFAULT = 1
SHELL = /bin/bash
TERM = linux
Perl special variables (and OS-specific diagnostics, for MSWin32):
$^X = /home/test/perl5/perlbrew/perls/perl-5.8.9/bin/perl
$UID/$EUID = 1001 / 1001
$GID = 1001 1001
$EGID = 1001 1001
Perl module toolchain versions installed:
Module Have
------------------- --------
CPAN 1.9800
CPAN::Meta 2.112150
Cwd 3.33
ExtUtils::CBuilder 0.280202
ExtUtils::Command 1.17
ExtUtils::Install 1.54
ExtUtils::MakeMaker 6.59
ExtUtils::Manifest 1.60
ExtUtils::ParseXS 3.04
File::Spec 3.33
JSON 2.53
JSON::PP 2.27200
Module::Build 0.3800
Module::Signature n/a
Parse::CPAN::Meta 1.4401
Test::Harness 3.23
Test::More 0.98
YAML 0.73
YAML::Syck 1.17
version 0.94
--
Summary of my perl5 (revision 5 version 8 subversion 9) configuration:
Platform:
osname=linux, osvers=2.6.35-28-generic, archname=x86_64-linux
uname='linux zippy 2.6.35-28-generic #50-ubuntu smp fri mar 18 18:42:20 utc 2011 x86_64 gnulinux '
config_args='-de -Dprefix=/home/test/perl5/perlbrew/perls/perl-5.8.9'
hint=recommended, useposix=true, d_sigaction=define
usethreads=undef use5005threads=undef useithreads=undef usemultiplicity=undef
useperlio=define d_sfio=undef uselargefiles=define usesocks=undef
use64bitint=define use64bitall=define uselongdouble=undef
usemymalloc=n, bincompat5005=undef
Compiler:
cc='cc', ccflags ='-fno-strict-aliasing -pipe -I/usr/local/include -D_LARGEFILE_SOURCE -D_FILE_OFFSET_BITS=64',
optimize='-O2',
cppflags='-fno-strict-aliasing -pipe -I/usr/local/include'
ccversion='', gccversion='4.4.5', gccosandvers=''
intsize=4, longsize=8, ptrsize=8, doublesize=8, byteorder=12345678
d_longlong=define, longlongsize=8, d_longdbl=define, longdblsize=16
ivtype='long', ivsize=8, nvtype='double', nvsize=8, Off_t='off_t', lseeksize=8
alignbytes=8, prototype=define
Linker and Libraries:
ld='cc', ldflags =' -L/usr/local/lib'
libpth=/usr/local/lib /lib/../lib /usr/lib/../lib /lib /usr/lib /usr/lib/x86_64-linux-gnu /lib64 /usr/lib64
libs=-lnsl -ldl -lm -lcrypt -lutil -lc
perllibs=-lnsl -ldl -lm -lcrypt -lutil -lc
libc=/lib/libc-2.12.1.so, so=so, useshrplib=false, libperl=libperl.a
gnulibc_version='2.12.1'
Dynamic Linking:
dlsrc=dl_dlopen.xs, dlext=so, d_dlsymun=undef, ccdlflags='-Wl,-E'
cccdlflags='-fPIC', lddlflags='-shared -O2 -L/usr/local/lib'
Characteristics of this binary (from libperl):
Compile-time options: PERL_MALLOC_WRAP USE_64_BIT_ALL USE_64_BIT_INT
USE_FAST_STDIO USE_LARGE_FILES USE_PERLIO
Built under linux
Compiled at Aug 21 2011 11:04:29
%ENV:
PERL5LIB=""
PERL5OPT=""
PERL5_CPANPLUS_IS_RUNNING="14142"
PERL5_CPAN_IS_RUNNING="14142"
PERL5_CPAN_IS_RUNNING_IN_RECURSION="15479,14142"
PERLBREW_HOME="/home/test/.perlbrew"
PERLBREW_PATH="/home/test/perl5/perlbrew/bin:/home/test/perl5/perlbrew/perls/perl-5.8.9/bin"
PERLBREW_PERL="perl-5.8.9"
PERLBREW_ROOT="/home/test/perl5/perlbrew"
PERLBREW_VERSION="0.28"
PERL_CR_SMOKER_CURRENT="Cvs-0.07"
PERL_EXTUTILS_AUTOINSTALL="--defaultdeps"
PERL_MM_USE_DEFAULT="1"
@INC:
/home/test/perl5/perlbrew/perls/perl-5.8.9/lib/5.8.9/x86_64-linux
/home/test/perl5/perlbrew/perls/perl-5.8.9/lib/5.8.9
/home/test/perl5/perlbrew/perls/perl-5.8.9/lib/site_perl/5.8.9/x86_64-linux
/home/test/perl5/perlbrew/perls/perl-5.8.9/lib/site_perl/5.8.9
.