Back
From: metabase:user:320bfe00-2aae-11df-837a-5e0a49663a4f
Subject: FAIL IPC-ShareLite-0.17 v5.22.2 RC1 GNU/Linux
Date: 2016-04-11T11:51:38Z
This distribution has been tested as part of the CPAN Testers
project, supporting the Perl programming language. See
http://wiki.cpantesters.org/ for more information or email
questions to cpan-testers-discuss@perl.org
--
Dear Andy Armstrong,
This is a computer-generated report for IPC-ShareLite-0.17
on perl 5.22.2, created by CPAN-Reporter-1.2017.
Thank you for uploading your work to CPAN. However, there was a problem
testing your distribution.
If you think this report is invalid, please consult the CPAN Testers Wiki
for suggestions on how to avoid getting FAIL reports for missing library
or binary dependencies, unsupported operating systems, and so on:
http://wiki.cpantesters.org/wiki/CPANAuthorNotes
Sections of this report:
* Tester comments
* Program output
* Prerequisites
* Environment and other context
------------------------------
TESTER COMMENTS
------------------------------
Additional comments from tester:
this report is from an automated smoke testing program
and was not reviewed by a human for accuracy
------------------------------
PROGRAM OUTPUT
------------------------------
Output from '/usr/bin/make test':
Running Mkbootstrap for IPC::ShareLite ()
chmod 644 "ShareLite.bs"
PERL_DL_NONLAZY=1 "/tmp/basesmoker-reloperl-Ppis/bin/perl" "-MExtUtils::Command::MM" "-MTest::Harness" "-e" "undef *Test::Harness::Switches; test_harness(0, 'blib/lib', 'blib/arch')" t/*.t
# Testing IPC::ShareLite 0.17
t/00-load.t ...... ok
t/pod.t .......... ok
Failed to create share at t/sharelite.t line 18.
# Looks like you planned 14 tests but ran 1.
# Looks like your test exited with 28 just after 1.
t/sharelite.t ....
Dubious, test returned 28 (wstat 7168, 0x1c00)
Failed 13/14 subtests
t/unicode-key.t .. ok
Test Summary Report
-------------------
t/sharelite.t (Wstat: 7168 Tests: 1 Failed: 0)
Non-zero exit status: 28
Parse errors: Bad plan. You planned 14 tests but ran 1.
Files=4, Tests=6, 1 wallclock secs ( 0.03 usr 0.02 sys + 0.17 cusr 0.02 csys = 0.24 CPU)
Result: FAIL
Failed 1/4 test programs. 0/6 subtests failed.
Makefile:1022: recipe for target 'test_dynamic' failed
make: *** [test_dynamic] Error 255
------------------------------
PREREQUISITES
------------------------------
Prerequisite modules loaded:
requires:
Module Need Have
------------------- ---- --------
File::Spec 0 3.62
Test::More 0 1.001014
build_requires:
Module Need Have
------------------- ---- --------
ExtUtils::MakeMaker 0 7.10
configure_requires:
Module Need Have
------------------- ---- --------
ExtUtils::MakeMaker 0 7.10
------------------------------
ENVIRONMENT AND OTHER CONTEXT
------------------------------
Environment variables:
AUTOMATED_TESTING = 1
LANG = en_US.UTF-8
LANGUAGE = en_US:en
PATH = /usr/lib/ccache:/home/sand/bin:/usr/local/bin:/usr/bin:/bin:/usr/games:/usr/local/perl/bin:/usr/X11/bin:/sbin:/usr/sbin
PERL5LIB = /tmp/loop_over_bdir-11026-wOsZ0f/FusionInventory-Agent-2.3.17-0/blib/arch:/tmp/loop_over_bdir-11026-wOsZ0f/FusionInventory-Agent-2.3.17-0/blib/lib:/tmp/loop_over_bdir-11026-wOsZ0f/Alien-ActiveMQ-0.00005-0/blib/arch:/tmp/loop_over_bdir-11026-wOsZ0f/Alien-ActiveMQ-0.00005-0/blib/lib
PERL5OPT =
PERL5_CPANPLUS_IS_RUNNING = 2986
PERL5_CPAN_IS_RUNNING = 2986
PERL_CANARY_STABILITY_NOPROMPT = 1
PERL_MM_USE_DEFAULT = 1
SHELL = /usr/bin/zsh
TERM = screen
Perl special variables (and OS-specific diagnostics, for MSWin32):
$^X = /tmp/basesmoker-reloperl-Ppis/bin/perl
$UID/$EUID = 1005 / 1005
$GID = 1005 1005
$EGID = 1005 1005
Perl module toolchain versions installed:
Module Have
------------------- --------
CPAN 2.12
CPAN::Meta 2.150005
Cwd 3.62
ExtUtils::CBuilder 0.280224
ExtUtils::Command 7.10
ExtUtils::Install 2.04
ExtUtils::MakeMaker 7.10
ExtUtils::Manifest 1.70
ExtUtils::ParseXS 3.28
File::Spec 3.62
JSON 2.90
JSON::PP 2.27300
Module::Build 0.4216
Module::Signature 0.79
Parse::CPAN::Meta 1.4417
Test::Harness 3.36
Test::More 1.001014
YAML 1.15
YAML::Syck 1.29
version 0.9916
--
Summary of my perl5 (revision 5 version 22 subversion 2) configuration:
Commit id: 1b027307a936ccbc52a7291729dae1c16f10576a
Platform:
osname=linux, osvers=4.3.0-1-amd64, archname=x86_64-linux
uname='linux k83 4.3.0-1-amd64 #1 smp debian 4.3.3-7 (2016-01-19) x86_64 gnulinux '
config_args='-Dprefix=/home/sand/src/perl/repoperls/installed-perls/perl/v5.22.2-RC1/79cc -Dmyhostname=k83 -Dinstallusrbinperl=n -Uversiononly -Dusedevel -des -Ui_db -Dlibswanted=cl pthread socket inet nsl gdbm dbm malloc dl ld sun m crypt sec util c cposix posix ucb BSD gdbm_compat -Uuseithreads -Uuselongdouble -DDEBUGGING=-g'
hint=recommended, useposix=true, d_sigaction=define
useithreads=undef, usemultiplicity=undef
use64bitint=define, use64bitall=define, uselongdouble=undef
usemymalloc=n, bincompat5005=undef
Compiler:
cc='cc', ccflags ='-fwrapv -fno-strict-aliasing -pipe -fstack-protector-strong -I/usr/local/include -D_LARGEFILE_SOURCE -D_FILE_OFFSET_BITS=64 -D_FORTIFY_SOURCE=2',
optimize='-O2 -g',
cppflags='-fwrapv -fno-strict-aliasing -pipe -fstack-protector-strong -I/usr/local/include'
ccversion='', gccversion='5.3.1 20160121', gccosandvers=''
intsize=4, longsize=8, ptrsize=8, doublesize=8, byteorder=12345678, doublekind=3
d_longlong=define, longlongsize=8, d_longdbl=define, longdblsize=16, longdblkind=3
ivtype='long', ivsize=8, nvtype='double', nvsize=8, Off_t='off_t', lseeksize=8
alignbytes=8, prototype=define
Linker and Libraries:
ld='cc', ldflags =' -fstack-protector-strong -L/usr/local/lib'
libpth=/usr/local/lib /usr/lib/gcc/x86_64-linux-gnu/5/include-fixed /usr/include/x86_64-linux-gnu /usr/lib /lib/x86_64-linux-gnu /lib/../lib /usr/lib/x86_64-linux-gnu /usr/lib/../lib /lib
libs=-lpthread -lnsl -lgdbm -ldl -lm -lcrypt -lutil -lc -lgdbm_compat
perllibs=-lpthread -lnsl -ldl -lm -lcrypt -lutil -lc
libc=libc-2.21.so, so=so, useshrplib=false, libperl=libperl.a
gnulibc_version='2.21'
Dynamic Linking:
dlsrc=dl_dlopen.xs, dlext=so, d_dlsymun=undef, ccdlflags='-Wl,-E'
cccdlflags='-fPIC', lddlflags='-shared -O2 -g -L/usr/local/lib -fstack-protector-strong'
Characteristics of this binary (from libperl):
Compile-time options: HAS_TIMES PERLIO_LAYERS PERL_DONT_CREATE_GVSV
PERL_HASH_FUNC_ONE_AT_A_TIME_HARD PERL_MALLOC_WRAP
PERL_NEW_COPY_ON_WRITE PERL_PRESERVE_IVUV
PERL_USE_DEVEL USE_64_BIT_ALL USE_64_BIT_INT
USE_LARGE_FILES USE_LOCALE USE_LOCALE_COLLATE
USE_LOCALE_CTYPE USE_LOCALE_NUMERIC USE_LOCALE_TIME
USE_PERLIO USE_PERL_ATOF
Locally applied patches:
RC1
Built under linux
Compiled at Apr 10 2016 20:21:20
%ENV:
PERL5LIB="/tmp/loop_over_bdir-11026-wOsZ0f/FusionInventory-Agent-2.3.17-0/blib/arch:/tmp/loop_over_bdir-11026-wOsZ0f/FusionInventory-Agent-2.3.17-0/blib/lib:/tmp/loop_over_bdir-11026-wOsZ0f/Alien-ActiveMQ-0.00005-0/blib/arch:/tmp/loop_over_bdir-11026-wOsZ0f/Alien-ActiveMQ-0.00005-0/blib/lib"
PERL5OPT=""
PERL5_CPANPLUS_IS_RUNNING="2986"
PERL5_CPAN_IS_RUNNING="2986"
PERL_CANARY_STABILITY_NOPROMPT="1"
PERL_MM_USE_DEFAULT="1"
@INC:
/tmp/loop_over_bdir-11026-wOsZ0f/FusionInventory-Agent-2.3.17-0/blib/arch
/tmp/loop_over_bdir-11026-wOsZ0f/FusionInventory-Agent-2.3.17-0/blib/lib
/tmp/loop_over_bdir-11026-wOsZ0f/Alien-ActiveMQ-0.00005-0/blib/arch
/tmp/loop_over_bdir-11026-wOsZ0f/Alien-ActiveMQ-0.00005-0/blib/lib
/home/sand/src/perl/repoperls/installed-perls/perl/v5.22.2-RC1/79cc/lib/site_perl/5.22.2/x86_64-linux
/home/sand/src/perl/repoperls/installed-perls/perl/v5.22.2-RC1/79cc/lib/site_perl/5.22.2
/home/sand/src/perl/repoperls/installed-perls/perl/v5.22.2-RC1/79cc/lib/5.22.2/x86_64-linux
/home/sand/src/perl/repoperls/installed-perls/perl/v5.22.2-RC1/79cc/lib/5.22.2
.