Text-CleanFragment v0.07 Perl 5 v5.16.3 amd64-freebsd-thread-multi

Status
Fail
From
Slaven Rezić
Dist
Text-CleanFragment v0.07
Platform
Perl 5 v5.16.3 amd64-freebsd-thread-multi
Date
2023-11-28 06:52:52
ID
c00ad40a-8dba-11ee-bd81-1a456e8775ea
This distribution has been tested as part of the CPAN Testers
project, supporting the Perl programming language.  See
http://wiki.cpantesters.org/ for more information or email
questions to cpan-testers-discuss@perl.org


--
Dear Max Maischein,

This is a computer-generated report for Text-CleanFragment-0.07
on perl 5.16.3, created by CPAN-Reporter-1.2019.

Thank you for uploading your work to CPAN.  However, there was a problem
testing your distribution.

If you think this report is invalid, please consult the CPAN Testers Wiki
for suggestions on how to avoid getting FAIL reports for missing library
or binary dependencies, unsupported operating systems, and so on:

http://wiki.cpantesters.org/wiki/CPANAuthorNotes

Sections of this report:

    * Tester comments
    * Program output
    * Prerequisites
    * Environment and other context

------------------------------
TESTER COMMENTS
------------------------------

Additional comments from tester:

none provided

------------------------------
PROGRAM OUTPUT
------------------------------

Output from '/usr/bin/make test':

PERL_DL_NONLAZY=1 "/usr/perl5.16.3t/bin/perl" "-MExtUtils::Command::MM" "-MTest::Harness" "-e" "undef *Test::Harness::Switches; test_harness(0, 'blib/lib', 'blib/arch')" t/00-load.t t/60-text-urlclean.t t/61-text-urlclean-unicode.t
# Testing Text::CleanFragment 0.07, Perl 5.016003
# AutoLoader 5.72
# Carp 1.50
# Config <unknown>
# Cwd 3.75
# DynaLoader 1.14
# Encode 3.20
# Encode::Alias 2.25
# Encode::Config 2.05
# Encode::Encoding 2.08
# Encode::MIME::Name 1.03
# Exporter 5.77
# Exporter::Heavy 5.77
# ExtUtils::Liblist 7.70
# ExtUtils::Liblist::Kid 7.70
# ExtUtils::MM 7.70
# ExtUtils::MM_Any 7.70
# ExtUtils::MM_Unix 7.70
# ExtUtils::MY 7.70
# ExtUtils::MakeMaker 7.70
# ExtUtils::MakeMaker::Config 7.70
# ExtUtils::MakeMaker::Locale 7.70
# ExtUtils::MakeMaker::version 7.70
# Fcntl 1.11
# File::Basename 2.84
# File::Glob 1.17
# File::Path 2.18
# File::Spec 3.75
# File::Spec::Unix 3.75
# I18N::Langinfo 0.08_02
# List::Util 1.63
# Log::Agent 1.004
# Log::Agent::Formatting <unknown>
# Log::Agent::Message <unknown>
# Log::Agent::Priorities <unknown>
# POSIX 1.30
# PerlIO 1.07
# Scalar::Util 1.63
# Storable 3.25
# Test::Builder 1.302196
# Test::Builder::Formatter 1.302196
# Test::Builder::Module 1.302196
# Test::Builder::TodoDiag 1.302196
# Test::More 1.302196
# Test2::API 1.302196
# Test2::API::Context 1.302196
# Test2::API::Instance 1.302196
# Test2::API::Stack 1.302196
# Test2::Event 1.302196
# Test2::Event::Bail 1.302196
# Test2::Event::Diag 1.302196
# Test2::Event::Exception 1.302196
# Test2::Event::Fail 1.302196
# Test2::Event::Note 1.302196
# Test2::Event::Ok 1.302196
# Test2::Event::Pass 1.302196
# Test2::Event::Plan 1.302196
# Test2::Event::Skip 1.302196
# Test2::Event::Subtest 1.302196
# Test2::Event::V2 1.302196
# Test2::Event::Waiting 1.302196
# Test2::EventFacet 1.302196
# Test2::EventFacet::About 1.302196
# Test2::EventFacet::Amnesty 1.302196
# Test2::EventFacet::Assert 1.302196
# Test2::EventFacet::Control 1.302196
# Test2::EventFacet::Error 1.302196
# Test2::EventFacet::Hub 1.302196
# Test2::EventFacet::Info 1.302196
# Test2::EventFacet::Meta 1.302196
# Test2::EventFacet::Parent 1.302196
# Test2::EventFacet::Plan 1.302196
# Test2::EventFacet::Trace 1.302196
# Test2::Formatter 1.302196
# Test2::Formatter::TAP 1.302196
# Test2::Hub 1.302196
# Test2::Hub::Interceptor 1.302196
# Test2::Hub::Interceptor::Terminator 1.302196
# Test2::Hub::Subtest 1.302196
# Test2::Util 1.302196
# Test2::Util::ExternalMeta 1.302196
# Test2::Util::Facets2Legacy 1.302196
# Test2::Util::HashBase 1.302196
# Test2::Util::Trace 1.302196
# Text::CleanFragment 0.07
# Text::Unidecode 1.30
# Tie::Hash 1.04
# Time::HiRes 1.9764
# XSLoader 0.24
# base 2.18
# bytes 1.04
# constant 1.33
# feature 1.27
# integer 1.00
# mro 1.09
# overload 1.18
# overloading 0.02
# parent 0.240
# strict 1.07
# utf8 1.09
# vars 1.02
# version 0.9929
# version::regex 0.9929
# version::vxs 0.9929
# warnings 1.13
# warnings::register 1.02
t/00-load.t ................... ok
t/60-text-urlclean.t .......... ok

# Failed test 'nbsp'
# at t/61-text-urlclean-unicode.t line 25.
# +---------------------------------+----+---------------------------------+
# | GOT                             | OP | CHECK                           |
# +---------------------------------+----+---------------------------------+
# | Do_nonbreaking_spaces_work      | eq | Do\N{U+A0}nonbreaking\N{U+A0}sp |
# |                                 |    | aces\N{U+A0}work                |
# +---------------------------------+----+---------------------------------+
t/61-text-urlclean-unicode.t .. 
Dubious, test returned 1 (wstat 256, 0x100)
Failed 1/137 subtests 

Test Summary Report
-------------------
t/61-text-urlclean-unicode.t (Wstat: 256 (exited 1) Tests: 137 Failed: 1)
  Failed test:  133
  Non-zero exit status: 1
Files=3, Tests=275,  1 wallclock secs ( 0.05 usr  0.01 sys +  0.31 cusr  0.07 csys =  0.44 CPU)
Result: FAIL
Failed 1/3 test programs. 1/275 subtests failed.
*** [test_dynamic] Error code 1

Stop in /usr/home/cpansand/.cpan/build/2023112622/Text-CleanFragment-0.07-0.

------------------------------
PREREQUISITES
------------------------------

Prerequisite modules loaded:

requires:

    Module              Need  Have    
    ------------------- ----- --------
    Carp                0     1.50    
    Exporter            5     5.77    
    perl                5.008 5.016003
    Text::Unidecode     0     1.30    

build_requires:

    Module              Need  Have    
    ------------------- ----- --------
    Data::Dumper        0     2.183   
    ExtUtils::MakeMaker 0     7.70    
    Test2::V0           0     0.000159
    utf8                0     1.09    

configure_requires:

    Module              Need  Have    
    ------------------- ----- --------
    ExtUtils::MakeMaker 0     7.70    


------------------------------
ENVIRONMENT AND OTHER CONTEXT
------------------------------

Environment variables:

    LC_ALL = de_DE.ISO8859-1
    PATH = /usr/local/bin:/usr/bin:/bin:/usr/local/sbin:/usr/sbin:/sbin:/home/cpansand/bin/freebsd9.3:/home/cpansand/bin/sh:/home/cpansand/bin:/usr/games:/home/cpansand/devel:/usr/home/eserte/src/srezic-misc/scripts
    PERL5LIB = 
    PERL5OPT = 
    PERL5_CPANPLUS_IS_RUNNING = 40132
    PERL5_CPAN_IS_RUNNING = 40132
    PERL5_CPAN_IS_RUNNING_IN_RECURSION = 24840,40132
    PERLDOC = -MPod::Perldoc::ToTextOverstrike
    PERL_BATCH = yes
    PERL_CANARY_STABILITY_NOPROMPT = 1
    PERL_CPAN_REPORTER_CONFIG = /var/tmp/cpansmoker-1023/2023112620/cpanreporter_000_config.ini
    PERL_EXTUTILS_AUTOINSTALL = --defaultdeps
    PERL_USE_UNSAFE_INC = 1
    SHELL = /usr/local/bin/zsh
    TERM = screen
    TMPDIR = /var/tmp/cpansmoker-1023/2023112620

Perl special variables (and OS-specific diagnostics, for MSWin32):

    $^X = /usr/perl5.16.3t/bin/perl
    $UID/$EUID = 1023 / 1023
    $GID = 1023 1023
    $EGID = 1023 1023

Perl module toolchain versions installed:

    Module              Have    
    ------------------- --------
    CPAN                2.36    
    CPAN::Meta          2.150010
    Cwd                 3.75    
    ExtUtils::CBuilder  0.280236
    ExtUtils::Command   7.70    
    ExtUtils::Install   2.22    
    ExtUtils::MakeMaker 7.70    
    ExtUtils::Manifest  1.75    
    ExtUtils::ParseXS   3.51    
    File::Spec          3.75    
    JSON                4.10    
    JSON::PP            4.16    
    Module::Build       0.4234  
    Module::Signature   0.88    
    Parse::CPAN::Meta   2.150010
    Test2               1.302196
    Test::Harness       3.47    
    Test::More          1.302196
    YAML                1.30    
    YAML::Syck          1.34    
    version             0.9929  


--

Summary of my perl5 (revision 5 version 16 subversion 3) configuration:
   
  Platform:
    osname=freebsd, osvers=9.2-release-p4, archname=amd64-freebsd-thread-multi
    uname='freebsd cvrsnica-freebsd-92 9.2-release-p4 freebsd 9.2-release-p4 #0: tue apr 8 18:08:22 utc 2014 root@amd64-builder.daemonology.net:usrobjusrsrcsysgeneric amd64 '
    config_args='-ds -e -Dprefix=/usr/perl5.16.3t -Dusethreads'
    hint=recommended, useposix=true, d_sigaction=define
    useithreads=define, usemultiplicity=define
    useperlio=define, d_sfio=undef, uselargefiles=define, usesocks=undef
    use64bitint=define, use64bitall=define, uselongdouble=undef
    usemymalloc=n, bincompat5005=undef
  Compiler:
    cc='cc', ccflags ='-DHAS_FPSETMASK -DHAS_FLOATINGPOINT_H -fno-strict-aliasing -pipe -fstack-protector -I/usr/local/include',
    optimize='-O',
    cppflags='-DHAS_FPSETMASK -DHAS_FLOATINGPOINT_H -fno-strict-aliasing -pipe -fstack-protector -I/usr/local/include'
    ccversion='', gccversion='4.2.1 20070831 patched [FreeBSD]', gccosandvers=''
    intsize=4, longsize=8, ptrsize=8, doublesize=8, byteorder=12345678
    d_longlong=define, longlongsize=8, d_longdbl=define, longdblsize=16
    ivtype='long', ivsize=8, nvtype='double', nvsize=8, Off_t='off_t', lseeksize=8
    alignbytes=8, prototype=define
  Linker and Libraries:
    ld='cc', ldflags ='-pthread -Wl,-E  -fstack-protector -L/usr/local/lib'
    libpth=/usr/lib /usr/local/lib
    libs=-lgdbm -lm -lcrypt
    perllibs=-lm -lcrypt
    libc=, so=so, useshrplib=false, libperl=libperl.a
    gnulibc_version=''
  Dynamic Linking:
    dlsrc=dl_dlopen.xs, dlext=so, d_dlsymun=undef, ccdlflags=' '
    cccdlflags='-DPIC -fPIC', lddlflags='-shared  -L/usr/local/lib -fstack-protector'


Characteristics of this binary (from libperl): 
  Compile-time options: HAS_TIMES MULTIPLICITY PERLIO_LAYERS
                        PERL_DONT_CREATE_GVSV PERL_IMPLICIT_CONTEXT
                        PERL_MALLOC_WRAP PERL_PRESERVE_IVUV USE_64_BIT_ALL
                        USE_64_BIT_INT USE_ITHREADS USE_LARGE_FILES
                        USE_LOCALE USE_LOCALE_COLLATE USE_LOCALE_CTYPE
                        USE_LOCALE_NUMERIC USE_PERLIO USE_PERL_ATOF
                        USE_REENTRANT_API
  Built under freebsd
  Compiled at May 16 2014 07:49:48
  %ENV:
    PERL5LIB=""
    PERL5OPT=""
    PERL5_CPANPLUS_IS_RUNNING="40132"
    PERL5_CPAN_IS_RUNNING="40132"
    PERL5_CPAN_IS_RUNNING_IN_RECURSION="24840,40132"
    PERLDOC="-MPod::Perldoc::ToTextOverstrike"
    PERL_BATCH="yes"
    PERL_CANARY_STABILITY_NOPROMPT="1"
    PERL_CPAN_REPORTER_CONFIG="/var/tmp/cpansmoker-1023/2023112620/cpanreporter_000_config.ini"
    PERL_EXTUTILS_AUTOINSTALL="--defaultdeps"
    PERL_USE_UNSAFE_INC="1"
  @INC:
    /usr/perl5.16.3t/lib/site_perl/5.16.3/amd64-freebsd-thread-multi
    /usr/perl5.16.3t/lib/site_perl/5.16.3
    /usr/perl5.16.3t/lib/5.16.3/amd64-freebsd-thread-multi
    /usr/perl5.16.3t/lib/5.16.3
    .