Config-INI-Serializer v0.002 Perl 5 v5.28.0 x86_64-linux-thread-multi

Status
Fail
From
David Cantrell (DCANTRELL)
Dist
Config-INI-Serializer v0.002
Platform
Perl 5 v5.28.0 x86_64-linux-thread-multi
Date
2019-02-21 13:58:22
ID
c046c58c-35e0-11e9-abe7-880e7347484a
This distribution has been tested as part of the CPAN Testers
project, supporting the Perl programming language.  See
http://wiki.cpantesters.org/ for more information or email
questions to cpan-testers-discuss@perl.org


--
Dear Steffen Schwigon,

This is a computer-generated report for Config-INI-Serializer-0.002
on perl 5.28.0, created by CPAN-Reporter-1.2018.

Thank you for uploading your work to CPAN.  However, there was a problem
testing your distribution.

If you think this report is invalid, please consult the CPAN Testers Wiki
for suggestions on how to avoid getting FAIL reports for missing library
or binary dependencies, unsupported operating systems, and so on:

http://wiki.cpantesters.org/wiki/CPANAuthorNotes

Sections of this report:

    * Tester comments
    * Program output
    * Prerequisites
    * Environment and other context

------------------------------
TESTER COMMENTS
------------------------------

Additional comments from tester:

this report is from an automated smoke testing program
and was not reviewed by a human for accuracy

------------------------------
PROGRAM OUTPUT
------------------------------

Output from '/usr/bin/make test':

PERL_DL_NONLAZY=1 "/home/david/cpantesting/perl-5.28.0/bin/perl" "-MExtUtils::Command::MM" "-MTest::Harness" "-e" "undef *Test::Harness::Switches; test_harness(0, 'blib/lib', 'blib/arch')" t/*.t
t/00-compile.t ............ ok
t/author-eol.t ............ skipped: these tests are for testing by the author
t/author-no-tabs.t ........ skipped: these tests are for testing by the author
t/release-pod-coverage.t .. skipped: these tests are for release candidate testing
t/release-pod-syntax.t .... skipped: these tests are for release candidate testing
do "t/testdata.pl" failed, '.' is no longer in @INC; did you mean do "./t/testdata.pl"? at t/serializer.t line 15.

#   Failed test 'data compare - number is the same'
#   at t/serializer.t line 31.
#          got: '8'
#     expected: undef

#   Failed test 'data compare - string is the same'
#   at t/serializer.t line 33.
#          got: '1236463400.25151'
#     expected: undef

#   Failed test 'data compare - arrays become hashes - value is the same'
#   at t/serializer.t line 35.
#          got: 'TAP version 13'
#     expected: undef
Use of uninitialized value in concatenation (.) or string at /home/david/cpantesting/perl-5.28.0/.cpan/build/Config-INI-Serializer-0.002-0/blib/lib/Config/INI/Serializer.pm line 124.

#   Failed test 'deserializing its own serialized data gets same data again'
#   at t/serializer.t line 40.
# Comparing hash keys of $data
# Missing: 'end_time', 'exit', 'has_problems', 'is_good_plan', 'lines', 'parse_errors', 'plan', 'pragmas', 'skip_all', 'start_time', 'tests_planned', 'tests_run', 'version'
# Looks like you failed 4 tests of 8.
t/serializer.t ............ 
Dubious, test returned 4 (wstat 1024, 0x400)
Failed 4/8 subtests 

Test Summary Report
-------------------
t/serializer.t          (Wstat: 1024 Tests: 8 Failed: 4)
  Failed tests:  3, 5, 7-8
  Non-zero exit status: 4
Files=6, Tests=9,  1 wallclock secs ( 0.02 usr  0.02 sys +  0.30 cusr  0.06 csys =  0.40 CPU)
Result: FAIL
Failed 1/6 test programs. 4/9 subtests failed.
Makefile:866: recipe for target 'test_dynamic' failed
make: *** [test_dynamic] Error 4

------------------------------
PREREQUISITES
------------------------------

Prerequisite modules loaded:

requires:

    Module              Need  Have    
    ------------------- ----- --------
    perl                5.006 5.028000
    strict              0     1.11    
    warnings            0     1.42    

build_requires:

    Module              Need  Have    
    ------------------- ----- --------
    blib                1.01  1.07    
    Data::Dumper        0     2.170   
    ExtUtils::MakeMaker 0     7.35_10 
    File::Spec          0     3.75    
    IO::Handle          0     1.39    
    IPC::Open3          0     1.20    
    Test::Deep          0     1.128   
    Test::More          0     1.302162

configure_requires:

    Module              Need  Have    
    ------------------- ----- --------
    ExtUtils::MakeMaker 0     7.35_10 


------------------------------
ENVIRONMENT AND OTHER CONTEXT
------------------------------

Environment variables:

    AUTOMATED_TESTING = 1
    NONINTERACTIVE_TESTING = 1
    PATH = /usr/local/bin:/usr/bin:/bin:/usr/local/games:/usr/games
    PERL = 5.28.0
    PERL5LIB = 
    PERL5OPT = 
    PERL5_CPANPLUS_IS_RUNNING = 20667
    PERL5_CPAN_IS_RUNNING = 20667
    PERLVER = 5.28.0
    PERL_INLINE_DIRECTORY = /home/david/.Inline-5.28.0
    PERL_MM_USE_DEFAULT = 1
    PERL_USE_UNSAFE_INC = 0
    SHELL = /bin/bash
    TERM = screen

Perl special variables (and OS-specific diagnostics, for MSWin32):

    $^X = /home/david/cpantesting/perl-5.28.0/bin/perl
    $UID/$EUID = 1000 / 1000
    $GID = 1000 1000
    $EGID = 1000 1000

Perl module toolchain versions installed:

    Module              Have    
    ------------------- --------
    CPAN                2.20    
    CPAN::Meta          2.150010
    Cwd                 3.75    
    ExtUtils::CBuilder  0.280230
    ExtUtils::Command   7.35_10 
    ExtUtils::Install   2.14    
    ExtUtils::MakeMaker 7.35_10 
    ExtUtils::Manifest  1.70    
    ExtUtils::ParseXS   3.39    
    File::Spec          3.75    
    JSON                4.01    
    JSON::PP            2.97001 
    Module::Build       0.4224  
    Module::Signature   n/a     
    Parse::CPAN::Meta   2.150010
    Test::Harness       3.42    
    Test::More          1.302162
    YAML                1.27    
    YAML::Syck          1.31    
    version             0.9923  


--

Summary of my perl5 (revision 5 version 28 subversion 0) configuration:
   
  Platform:
    osname=linux
    osvers=3.16.0-4-amd64
    archname=x86_64-linux-thread-multi
    uname='linux pigsty.barnyard.co.uk 3.16.0-4-amd64 #1 smp debian 3.16.36-1+deb8u1 (2016-09-03) x86_64 gnulinux '
    config_args='-de -Duse64bitall -Dusethreads -Dprefix=/home/david/cpantesting/perl-5.28.0'
    hint=recommended
    useposix=true
    d_sigaction=define
    useithreads=define
    usemultiplicity=define
    use64bitint=define
    use64bitall=define
    uselongdouble=undef
    usemymalloc=n
    default_inc_excludes_dot=define
    bincompat5005=undef
  Compiler:
    cc='cc'
    ccflags ='-D_REENTRANT -D_GNU_SOURCE -fwrapv -fno-strict-aliasing -pipe -fstack-protector-strong -I/usr/local/include -D_LARGEFILE_SOURCE -D_FILE_OFFSET_BITS=64 -D_FORTIFY_SOURCE=2'
    optimize='-O2'
    cppflags='-D_REENTRANT -D_GNU_SOURCE -fwrapv -fno-strict-aliasing -pipe -fstack-protector-strong -I/usr/local/include'
    ccversion=''
    gccversion='4.9.2'
    gccosandvers=''
    intsize=4
    longsize=8
    ptrsize=8
    doublesize=8
    byteorder=12345678
    doublekind=3
    d_longlong=define
    longlongsize=8
    d_longdbl=define
    longdblsize=16
    longdblkind=3
    ivtype='long'
    ivsize=8
    nvtype='double'
    nvsize=8
    Off_t='off_t'
    lseeksize=8
    alignbytes=8
    prototype=define
  Linker and Libraries:
    ld='cc'
    ldflags =' -fstack-protector-strong -L/usr/local/lib'
    libpth=/usr/local/lib /usr/lib/gcc/x86_64-linux-gnu/4.9/include-fixed /usr/include/x86_64-linux-gnu /usr/lib /lib/x86_64-linux-gnu /lib/../lib /usr/lib/x86_64-linux-gnu /usr/lib/../lib /lib
    libs=-lpthread -lnsl -ldb -ldl -lm -lcrypt -lutil -lc
    perllibs=-lpthread -lnsl -ldl -lm -lcrypt -lutil -lc
    libc=libc-2.19.so
    so=so
    useshrplib=false
    libperl=libperl.a
    gnulibc_version='2.19'
  Dynamic Linking:
    dlsrc=dl_dlopen.xs
    dlext=so
    d_dlsymun=undef
    ccdlflags='-Wl,-E'
    cccdlflags='-fPIC'
    lddlflags='-shared -O2 -L/usr/local/lib -fstack-protector-strong'


Characteristics of this binary (from libperl): 
  Compile-time options:
    HAS_TIMES
    MULTIPLICITY
    PERLIO_LAYERS
    PERL_COPY_ON_WRITE
    PERL_DONT_CREATE_GVSV
    PERL_IMPLICIT_CONTEXT
    PERL_MALLOC_WRAP
    PERL_OP_PARENT
    PERL_PRESERVE_IVUV
    USE_64_BIT_ALL
    USE_64_BIT_INT
    USE_ITHREADS
    USE_LARGE_FILES
    USE_LOCALE
    USE_LOCALE_COLLATE
    USE_LOCALE_CTYPE
    USE_LOCALE_NUMERIC
    USE_LOCALE_TIME
    USE_PERLIO
    USE_PERL_ATOF
    USE_REENTRANT_API
  Built under linux
  Compiled at Jun 26 2018 17:02:00
  %ENV:
    PERL="5.28.0"
    PERL5LIB=""
    PERL5OPT=""
    PERL5_CPANPLUS_IS_RUNNING="20667"
    PERL5_CPAN_IS_RUNNING="20667"
    PERLVER="5.28.0"
    PERL_INLINE_DIRECTORY="/home/david/.Inline-5.28.0"
    PERL_MM_USE_DEFAULT="1"
    PERL_USE_UNSAFE_INC="0"
  @INC:
    /home/david/cpantesting/perl-5.28.0/lib/site_perl/5.28.0/x86_64-linux-thread-multi
    /home/david/cpantesting/perl-5.28.0/lib/site_perl/5.28.0
    /home/david/cpantesting/perl-5.28.0/lib/5.28.0/x86_64-linux-thread-multi
    /home/david/cpantesting/perl-5.28.0/lib/5.28.0