Back
From: metabase:user:320bfe00-2aae-11df-837a-5e0a49663a4f
Subject: FAIL Gtk2-Ex-WidgetBits-48 v5.17.11 GNU/Linux
Date: 2013-04-04T23:09:50Z
This distribution has been tested as part of the CPAN Testers
project, supporting the Perl programming language. See
http://wiki.cpantesters.org/ for more information or email
questions to cpan-testers-discuss@perl.org
--
Dear Kevin Ryde,
This is a computer-generated report for Gtk2-Ex-WidgetBits-48
on perl 5.17.11, created by CPAN-Reporter-1.2009.
Thank you for uploading your work to CPAN. However, there was a problem
testing your distribution.
If you think this report is invalid, please consult the CPAN Testers Wiki
for suggestions on how to avoid getting FAIL reports for missing library
or binary dependencies, unsupported operating systems, and so on:
http://wiki.cpantesters.org/wiki/CPANAuthorNotes
Sections of this report:
* Tester comments
* Program output
* Prerequisites
* Environment and other context
------------------------------
TESTER COMMENTS
------------------------------
Additional comments from tester:
this report is from an automated smoke testing program
and was not reviewed by a human for accuracy
------------------------------
PROGRAM OUTPUT
------------------------------
Output from '/usr/bin/make test':
PERL_DL_NONLAZY=1 /tmp/basesmoker-reloperl-qqkY/bin/perl "-MExtUtils::Command::MM" "-e" "test_harness(0, 'blib/lib', 'blib/arch')" t/*.t
# Perl-Gtk2 version 1.247
# Perl-Glib version 1.280
# Compiled against Glib version 2.32.4.
# Running on Glib version 2.32.4.
# Compiled against Gtk version 2.24.10.
# Running on Gtk version 2.24.10.
t/ActionTooltips-import.t .............. ok
Xlib: extension "RANDR" missing on display ":121".
# Perl-Gtk2 version 1.247
# Perl-Glib version 1.280
# Compiled against Glib version 2.32.4.
# Running on Glib version 2.32.4.
# Compiled against Gtk version 2.24.10.
# Running on Gtk version 2.24.10.
t/ActionTooltips.t ..................... ok
# Perl-Gtk2 version 1.247
# Perl-Glib version 1.280
# Compiled against Glib version 2.32.4.
# Running on Glib version 2.32.4.
# Compiled against Gtk version 2.24.10.
# Running on Gtk version 2.24.10.
# notify page_size
# changed
# value_changed
# notify value
# notify upper
# notify lower
# changed
# value_changed
# notify value
# notify lower
# changed
# value_changed
# notify step_increment
# notify page_size
# notify upper
# notify value
# notify page_increment
# notify lower
# changed
t/AdjustmentBits.t ..................... ok
t/ContainerBits-import.t ............... ok
t/ContainerBits-subclass.t ............. ok
# Perl-Gtk2 version 1.247
# Perl-Glib version 1.280
# Compiled against Glib version 2.32.4.
# Running on Glib version 2.32.4.
# Compiled against Gtk version 2.24.10.
# Running on Gtk version 2.24.10.
t/ContainerBits.t ...................... ok
Xlib: extension "RANDR" missing on display ":121".
# Perl-Gtk2 version 1.247
# Perl-Glib version 1.280
# Compiled against Glib version 2.32.4.
# Running on Glib version 2.32.4.
# Compiled against Gtk version 2.24.10.
# Running on Gtk version 2.24.10.
# [ sensitive parent-sensitive can-focus double-buffered ]
# [ sensitive parent-sensitive double-buffered ]
t/EntryBits.t .......................... ok
# Perl-Gtk2 version 1.247
# Perl-Glib version 1.280
# Compiled against Glib version 2.32.4.
# Running on Glib version 2.32.4.
# Compiled against Gtk version 2.24.10.
# Running on Gtk version 2.24.10.
t/FreezeChildNotify.t .................. ok
Xlib: extension "RANDR" missing on display ":121".
t/GdkBits-import.t ..................... ok
Xlib: extension "RANDR" missing on display ":121".
# Perl-Gtk2 version 1.247
# Perl-Glib version 1.280
# Compiled against Glib version 2.32.4.
# Running on Glib version 2.32.4.
# Compiled against Gtk version 2.24.10.
# Running on Gtk version 2.24.10.
t/GdkBits.t ............................ ok
Xlib: extension "RANDR" missing on display ":121".
# Perl-Gtk2 version 1.247
# Perl-Glib version 1.280
# Compiled against Glib version 2.32.4.
# Running on Glib version 2.32.4.
# Compiled against Gtk version 2.24.10.
# Running on Gtk version 2.24.10.
t/KeySnooper.t ......................... ok
Xlib: extension "RANDR" missing on display ":121".
t/LayoutBits.t ......................... ok
Xlib: extension "RANDR" missing on display ":121".
t/MenuBits-import.t .................... ok
t/MenuBits-load.t ...................... ok
Xlib: extension "RANDR" missing on display ":121".
t/MenuBits.t ........................... ok
Xlib: extension "RANDR" missing on display ":121".
# Gtk2::Ex::MenuItem::Subclass Glib::Object::Subclass Gtk2::CheckMenuItem Glib::Object::_Unregistered::AtkImplementorIface Gtk2::Buildable Gtk2::Activatable
# subclass CODE(0x90c610)
# gobject CODE(0xb22428)
# testwidg CODE(0x90c610)
t/MenuItem-Subclass.t .................. ok
t/PixbufBits-load.t .................... ok
# Perl-Gtk2 version 1.247
# Perl-Glib version 1.280
# Compiled against Glib version 2.32.4.
# Running on Glib version 2.32.4.
# Compiled against Gtk version 2.24.10.
# Running on Gtk version 2.24.10.
t/PixbufBits.t ......................... ok
# re-create id 2 str Gtk2::Ex::Statusbar::DynamicContext.2
t/Statusbar-DynamicContext.t ........... ok
Xlib: extension "RANDR" missing on display ":121".
# Perl-Gtk2 version 1.247
# Perl-Glib version 1.280
# Compiled against Glib version 2.32.4.
# Running on Glib version 2.32.4.
# Compiled against Gtk version 2.24.10.
# Running on Gtk version 2.24.10.
# main_iterations(): ran 3 events/iterations
t/Statusbar-Message.t .................. ok
Xlib: extension "RANDR" missing on display ":121".
t/Statusbar-MessageUntilKey.t .......... ok
Xlib: extension "RANDR" missing on display ":121".
# Perl-Gtk2 version 1.247
# Perl-Glib version 1.280
# Compiled against Glib version 2.32.4.
# Running on Glib version 2.32.4.
# Compiled against Gtk version 2.24.10.
# Running on Gtk version 2.24.10.
t/SyncCall.t ........................... ok
# Perl-Gtk2 version 1.247
# Perl-Glib version 1.280
# Compiled against Glib version 2.32.4.
# Running on Glib version 2.32.4.
# Compiled against Gtk version 2.24.10.
# Running on Gtk version 2.24.10.
t/TableBits.t .......................... ok
Xlib: extension "RANDR" missing on display ":121".
t/Test-Weaken-Gtk2-ignore-display.t .... ok
Xlib: extension "RANDR" missing on display ":121".
t/Test-Weaken-Gtk2-ignore-root.t ....... ok
Xlib: extension "RANDR" missing on display ":121".
t/Test-Weaken-Gtk2-ignore-screen.t ..... ok
t/Test-Weaken-Gtk2-load.t .............. ok
# Perl-Gtk2 version 1.247
# Perl-Glib version 1.280
# Compiled against Glib version 2.32.4.
# Running on Glib version 2.32.4.
# Compiled against Gtk version 2.24.10.
# Running on Gtk version 2.24.10.
Xlib: extension "RANDR" missing on display ":121".
t/Test-Weaken-Gtk2.t ................... ok
Test::Without::Gtk2Things -- without CursorType blank-cursor, per Gtk before 2.16
Test::Without::Gtk2Things -- without Gtk2::CellLayout get_cells() method, per Gtk before 2.12
Test::Without::Gtk2Things -- without Gtk2::Gdk::Display warp_pointer() method, per Gtk before 2.8
Test::Without::Gtk2Things -- without Gtk2::Widget tooltips, per Gtk before 2.12
Test::Without::Gtk2Things -- without Gtk2::Builder and Buildable interface, per Gtk before 2.12
Test::Without::Gtk2Things -- without Gtk2::MenuItem label and use-underline properties, per Gtk before 2.16
Test::Without::Gtk2Things -- without ListStore,TreeStore insert_with_values(), per Gtk before 2.6
Test::Without::Gtk2Things -- without Gtk2::CheckMenuItem/ToggleAction draw-as-radio property, per Gtk before 2.4
Test::Without::Gtk2Things -- without Gdk2::Gdk::Display and Gtk2::Gdk::Screen, per Gtk 2.0.x
Test::Without::Gtk2Things -- count without 9 things
t/Test-Without-Gtk2Things.t ............ ok
t/TextBufferBits.t ..................... ok
t/ToolbarBits-load.t ................... ok
# Perl-Gtk2 version 1.247
# Perl-Glib version 1.280
# Compiled against Glib version 2.32.4.
# Running on Glib version 2.32.4.
# Compiled against Gtk version 2.24.10.
# Running on Gtk version 2.24.10.
t/ToolItem-CheckButton-builder.t ....... ok
GLib-GObject-WARNING **: cannot add interface type `GtkBuildable' to type `Gtk2__Ex__ToolItem__CheckButton', since type `Gtk2__Ex__ToolItem__CheckButton' already conforms to interface at /home/src/perl/repoperls/installed-perls/perl/v5.17.10-45-gf9ae8fb/165a/lib/site_perl/5.17.11/x86_64-linux/Glib/Object/Subclass.pm line 233.
t/ToolItem-CheckButton-load.t .......... ok
GLib-GObject-WARNING **: cannot add interface type `GtkBuildable' to type `Gtk2__Ex__ToolItem__CheckButton', since type `Gtk2__Ex__ToolItem__CheckButton' already conforms to interface at /home/src/perl/repoperls/installed-perls/perl/v5.17.10-45-gf9ae8fb/165a/lib/site_perl/5.17.11/x86_64-linux/Glib/Object/Subclass.pm line 233.
Xlib: extension "RANDR" missing on display ":121".
# Saw 1 warning(s):
#
# Trace begun at t/MyTestHelpers.pm line 55
# MyTestHelpers::nowarnings_handler('GLib-GObject-WARNING **: cannot add interface type `GtkBuildable\' to type `Gtk2__Ex__ToolItem__CheckButton\', since type `Gtk2__Ex__ToolItem__CheckButton\' already conforms to interface at /home/src/perl/repoperls/installed-perls/perl/v5.17.10-45-gf9ae8fb/165a/lib/site_perl/5.17.11/x86_64-linux/Glib/Object/Subclass.pm line 233.^J') called at /home/src/perl/repoperls/installed-perls/perl/v5.17.10-45-gf9ae8fb/165a/lib/site_perl/5.17.11/x86_64-linux/Glib/Object/Subclass.pm line 233
# Glib::Object::Subclass::import('Glib::Object::Subclass', 'Gtk2::ToolItem', 'interfaces', 'ARRAY(0x25937d8)', 'signals', 'HASH(0x24810d8)', 'properties', 'ARRAY(0x25ff0f8)') called at /tmp/loop_over_bdir-3214-DlZJVI/Gtk2-Ex-WidgetBits-48-NxM3c6/blib/lib/Gtk2/Ex/ToolItem/CheckButton.pm line 31
# Gtk2::Ex::ToolItem::CheckButton::BEGIN at /tmp/loop_over_bdir-3214-DlZJVI/Gtk2-Ex-WidgetBits-48-NxM3c6/blib/lib/Gtk2/Ex/ToolItem/CheckButton.pm line 53
# eval {...} at /tmp/loop_over_bdir-3214-DlZJVI/Gtk2-Ex-WidgetBits-48-NxM3c6/blib/lib/Gtk2/Ex/ToolItem/CheckButton.pm line 53
# require Gtk2/Ex/ToolItem/CheckButton.pm at t/ToolItem-CheckButton-weaken.t line 29
#
# Exit code 1 for warnings
t/ToolItem-CheckButton-weaken.t ........ skipped: due to Test::Weaken 3 not available -- Can't locate Test/Weaken.pm in @INC (you may need to install the Test::Weaken module) (@INC contains: t /tmp/loop_over_bdir-3214-DlZJVI/Gtk2-Ex-WidgetBits-48-NxM3c6/blib/lib /tmp/loop_over_bdir-3214-DlZJVI/Gtk2-Ex-WidgetBits-48-NxM3c6/blib/arch /home/src/perl/repoperls/installed-perls/perl/v5.17.10-45-gf9ae8fb/165a/lib/site_perl/5.17.11/x86_64-linux /home/src/perl/repoperls/installed-perls/perl/v5.17.10-45-gf9ae8fb/165a/lib/site_perl/5.17.11 /home/src/perl/repoperls/installed-perls/perl/v5.17.10-45-gf9ae8fb/165a/lib/5.17.11/x86_64-linux /home/src/perl/repoperls/installed-perls/perl/v5.17.10-45-gf9ae8fb/165a/lib/5.17.11 .) at (eval 8) line 1.
Xlib: extension "RANDR" missing on display ":121".
# Perl-Gtk2 version 1.247
# Perl-Glib version 1.280
# Compiled against Glib version 2.32.4.
# Running on Glib version 2.32.4.
# Compiled against Gtk version 2.24.10.
# Running on Gtk version 2.24.10.
GLib-GObject-WARNING **: cannot add interface type `GtkBuildable' to type `Gtk2__Ex__ToolItem__CheckButton', since type `Gtk2__Ex__ToolItem__CheckButton' already conforms to interface at /home/src/perl/repoperls/installed-perls/perl/v5.17.10-45-gf9ae8fb/165a/lib/site_perl/5.17.11/x86_64-linux/Glib/Object/Subclass.pm line 233.
# Saw 1 warning(s):
#
# Trace begun at t/MyTestHelpers.pm line 55
# MyTestHelpers::nowarnings_handler('GLib-GObject-WARNING **: cannot add interface type `GtkBuildable\' to type `Gtk2__Ex__ToolItem__CheckButton\', since type `Gtk2__Ex__ToolItem__CheckButton\' already conforms to interface at /home/src/perl/repoperls/installed-perls/perl/v5.17.10-45-gf9ae8fb/165a/lib/site_perl/5.17.11/x86_64-linux/Glib/Object/Subclass.pm line 233.^J') called at /home/src/perl/repoperls/installed-perls/perl/v5.17.10-45-gf9ae8fb/165a/lib/site_perl/5.17.11/x86_64-linux/Glib/Object/Subclass.pm line 233
# Glib::Object::Subclass::import('Glib::Object::Subclass', 'Gtk2::ToolItem', 'interfaces', 'ARRAY(0x19fc240)', 'signals', 'HASH(0x18e7ba0)', 'properties', 'ARRAY(0x1a86ab0)') called at /tmp/loop_over_bdir-3214-DlZJVI/Gtk2-Ex-WidgetBits-48-NxM3c6/blib/lib/Gtk2/Ex/ToolItem/CheckButton.pm line 31
# Gtk2::Ex::ToolItem::CheckButton::BEGIN at /tmp/loop_over_bdir-3214-DlZJVI/Gtk2-Ex-WidgetBits-48-NxM3c6/blib/lib/Gtk2/Ex/ToolItem/CheckButton.pm line 53
# eval {...} at /tmp/loop_over_bdir-3214-DlZJVI/Gtk2-Ex-WidgetBits-48-NxM3c6/blib/lib/Gtk2/Ex/ToolItem/CheckButton.pm line 53
# require Gtk2/Ex/ToolItem/CheckButton.pm at t/ToolItem-CheckButton.t line 37
#
# Exit code 1 for warnings
# Looks like your test exited with 1 just after 16.
t/ToolItem-CheckButton.t ...............
Dubious, test returned 1 (wstat 256, 0x100)
All 16 subtests passed
GLib-GObject-WARNING **: cannot add interface type `GtkBuildable' to type `Gtk2__Ex__ToolItem__OverflowToDialog', since type `Gtk2__Ex__ToolItem__OverflowToDialog' already conforms to interface at /home/src/perl/repoperls/installed-perls/perl/v5.17.10-45-gf9ae8fb/165a/lib/site_perl/5.17.11/x86_64-linux/Glib/Object/Subclass.pm line 233.
Xlib: extension "RANDR" missing on display ":121".
Unknown internal child: overflow_menuitem at t/ToolItem-OverflowToDialog-builder.t line 45.
# Saw 1 warning(s):
#
# Trace begun at t/MyTestHelpers.pm line 55
# MyTestHelpers::nowarnings_handler('GLib-GObject-WARNING **: cannot add interface type `GtkBuildable\' to type `Gtk2__Ex__ToolItem__OverflowToDialog\', since type `Gtk2__Ex__ToolItem__OverflowToDialog\' already conforms to interface at /home/src/perl/repoperls/installed-perls/perl/v5.17.10-45-gf9ae8fb/165a/lib/site_perl/5.17.11/x86_64-linux/Glib/Object/Subclass.pm line 233.^J') called at /home/src/perl/repoperls/installed-perls/perl/v5.17.10-45-gf9ae8fb/165a/lib/site_perl/5.17.11/x86_64-linux/Glib/Object/Subclass.pm line 233
# Glib::Object::Subclass::import('Glib::Object::Subclass', 'Gtk2::ToolItem', 'interfaces', 'ARRAY(0xe0c258)', 'signals', 'HASH(0xe9caa0)', 'properties', 'ARRAY(0xe9cef0)') called at /tmp/loop_over_bdir-3214-DlZJVI/Gtk2-Ex-WidgetBits-48-NxM3c6/blib/lib/Gtk2/Ex/ToolItem/OverflowToDialog.pm line 49
# Gtk2::Ex::ToolItem::OverflowToDialog::BEGIN at /tmp/loop_over_bdir-3214-DlZJVI/Gtk2-Ex-WidgetBits-48-NxM3c6/blib/lib/Gtk2/Ex/ToolItem/OverflowToDialog.pm line 60
# eval {...} at /tmp/loop_over_bdir-3214-DlZJVI/Gtk2-Ex-WidgetBits-48-NxM3c6/blib/lib/Gtk2/Ex/ToolItem/OverflowToDialog.pm line 60
# require Gtk2/Ex/ToolItem/OverflowToDialog.pm at t/ToolItem-OverflowToDialog-builder.t line 29
#
# Exit code 1 for warnings
# Looks like your test exited with 1 before it could output anything.
t/ToolItem-OverflowToDialog-builder.t ..
Dubious, test returned 1 (wstat 256, 0x100)
Failed 8/8 subtests
Xlib: extension "RANDR" missing on display ":121".
t/ToolItem-OverflowToDialog-weaken.t ... skipped: due to Test::Weaken 3 not available -- Can't locate Test/Weaken.pm in @INC (you may need to install the Test::Weaken module) (@INC contains: t /tmp/loop_over_bdir-3214-DlZJVI/Gtk2-Ex-WidgetBits-48-NxM3c6/blib/lib /tmp/loop_over_bdir-3214-DlZJVI/Gtk2-Ex-WidgetBits-48-NxM3c6/blib/arch /home/src/perl/repoperls/installed-perls/perl/v5.17.10-45-gf9ae8fb/165a/lib/site_perl/5.17.11/x86_64-linux /home/src/perl/repoperls/installed-perls/perl/v5.17.10-45-gf9ae8fb/165a/lib/site_perl/5.17.11 /home/src/perl/repoperls/installed-perls/perl/v5.17.10-45-gf9ae8fb/165a/lib/5.17.11/x86_64-linux /home/src/perl/repoperls/installed-perls/perl/v5.17.10-45-gf9ae8fb/165a/lib/5.17.11 .) at (eval 8) line 1.
GLib-GObject-WARNING **: cannot add interface type `GtkBuildable' to type `Gtk2__Ex__ToolItem__OverflowToDialog', since type `Gtk2__Ex__ToolItem__OverflowToDialog' already conforms to interface at /home/src/perl/repoperls/installed-perls/perl/v5.17.10-45-gf9ae8fb/165a/lib/site_perl/5.17.11/x86_64-linux/Glib/Object/Subclass.pm line 233.
Xlib: extension "RANDR" missing on display ":121".
# main_iterations(): ran 2 events/iterations
# main_iterations(): ran 1 events/iterations
# main_iterations(): ran 1 events/iterations
# main_iterations(): ran 11 events/iterations
# Saw 1 warning(s):
#
# Trace begun at t/MyTestHelpers.pm line 55
# MyTestHelpers::nowarnings_handler('GLib-GObject-WARNING **: cannot add interface type `GtkBuildable\' to type `Gtk2__Ex__ToolItem__OverflowToDialog\', since type `Gtk2__Ex__ToolItem__OverflowToDialog\' already conforms to interface at /home/src/perl/repoperls/installed-perls/perl/v5.17.10-45-gf9ae8fb/165a/lib/site_perl/5.17.11/x86_64-linux/Glib/Object/Subclass.pm line 233.^J') called at /home/src/perl/repoperls/installed-perls/perl/v5.17.10-45-gf9ae8fb/165a/lib/site_perl/5.17.11/x86_64-linux/Glib/Object/Subclass.pm line 233
# Glib::Object::Subclass::import('Glib::Object::Subclass', 'Gtk2::ToolItem', 'interfaces', 'ARRAY(0xef51a8)', 'signals', 'HASH(0xf7f7b8)', 'properties', 'ARRAY(0xf7ffe0)') called at /tmp/loop_over_bdir-3214-DlZJVI/Gtk2-Ex-WidgetBits-48-NxM3c6/blib/lib/Gtk2/Ex/ToolItem/OverflowToDialog.pm line 49
# Gtk2::Ex::ToolItem::OverflowToDialog::BEGIN at /tmp/loop_over_bdir-3214-DlZJVI/Gtk2-Ex-WidgetBits-48-NxM3c6/blib/lib/Gtk2/Ex/ToolItem/OverflowToDialog.pm line 60
# eval {...} at /tmp/loop_over_bdir-3214-DlZJVI/Gtk2-Ex-WidgetBits-48-NxM3c6/blib/lib/Gtk2/Ex/ToolItem/OverflowToDialog.pm line 60
# require Gtk2/Ex/ToolItem/OverflowToDialog.pm at t/ToolItem-OverflowToDialog.t line 29
#
# Exit code 1 for warnings
# Looks like your test exited with 1 just after 30.
t/ToolItem-OverflowToDialog.t ..........
Dubious, test returned 1 (wstat 256, 0x100)
All 30 subtests passed
t/TreeModel-ImplBits-import.t .......... ok
t/TreeModel-ImplBits.t ................. ok
t/TreeModelBits-import.t ............... ok
# Perl-Gtk2 version 1.247
# Perl-Glib version 1.280
# Compiled against Glib version 2.32.4.
# Running on Glib version 2.32.4.
# Compiled against Gtk version 2.24.10.
# Running on Gtk version 2.24.10.
t/TreeModelBits.t ...................... ok
# MyOneRemovesAll remove() all
t/TreeModelFilter-Change.t ............. ok
t/TreeViewBits.t ....................... ok
Xlib: extension "RANDR" missing on display ":121".
t/Units-import.t ....................... ok
Xlib: extension "RANDR" missing on display ":121".
# Perl-Gtk2 version 1.247
# Perl-Glib version 1.280
# Compiled against Glib version 2.32.4.
# Running on Glib version 2.32.4.
# Compiled against Gtk version 2.24.10.
# Running on Gtk version 2.24.10.
# em=12, ex=8, char=7.0673828125, digit=9
t/Units.t .............................. ok
Xlib: extension "RANDR" missing on display ":121".
# Perl-Gtk2 version 1.247
# Perl-Glib version 1.280
# Compiled against Glib version 2.32.4.
# Running on Glib version 2.32.4.
# Compiled against Gtk version 2.24.10.
# Running on Gtk version 2.24.10.
# wait_for_event(): 'map-event' ran 2 events/iterations
# toplevel at 0, 0
# wait_for_event(): 'size-allocate' ran 3 events/iterations
# layout win relative position 0,0
# toplevel at 0, 0
# layout at 0, 0
# main_iterations(): ran 1 events/iterations
# toplevel at 0, 0
# label at 20, 30
# wait_for_event(): 'map-event' ran 4 events/iterations
t/WidgetBits.t ......................... ok
# Perl-Gtk2 version 1.247
# Perl-Glib version 1.280
# Compiled against Glib version 2.32.4.
# Running on Glib version 2.32.4.
# Compiled against Gtk version 2.24.10.
# Running on Gtk version 2.24.10.
Xlib: extension "RANDR" missing on display ":121".
t/WidgetEvents.t ....................... ok
Test Summary Report
-------------------
t/ToolItem-CheckButton-weaken.t (Wstat: 256 Tests: 0 Failed: 0)
Non-zero exit status: 1
t/ToolItem-CheckButton.t (Wstat: 256 Tests: 16 Failed: 0)
Non-zero exit status: 1
t/ToolItem-OverflowToDialog-builder.t (Wstat: 256 Tests: 0 Failed: 0)
Non-zero exit status: 1
Parse errors: Bad plan. You planned 8 tests but ran 0.
t/ToolItem-OverflowToDialog.t (Wstat: 256 Tests: 30 Failed: 0)
Non-zero exit status: 1
Files=48, Tests=775, 7 wallclock secs ( 0.19 usr 0.02 sys + 2.68 cusr 0.43 csys = 3.32 CPU)
Result: FAIL
Failed 4/48 test programs. 0/775 subtests failed.
make: *** [test_dynamic] Error 255
------------------------------
PREREQUISITES
------------------------------
Prerequisite modules loaded:
requires:
Module Need Have
---------------------- ----- --------
Glib 0 1.280
Glib::Ex::FreezeNotify 1 15
Glib::Ex::SignalIds 1 15
Glib::Object::Subclass 0 0.03
Gtk2 1.200 1.247
Gtk2::Pango 0 0.01
perl 5.008 5.017011
Scope::Guard 0 0.20
build_requires:
Module Need Have
---------------------- ----- --------
ExtUtils::MakeMaker 0 6.65_01
configure_requires:
Module Need Have
---------------------- ----- --------
ExtUtils::MakeMaker 0 6.65_01
------------------------------
ENVIRONMENT AND OTHER CONTEXT
------------------------------
Environment variables:
AUTOMATED_TESTING = 1
LANG = en_US.UTF-8
LANGUAGE = en_US:en
PATH = /usr/lib/ccache:/home/sand/bin:/usr/local/bin:/usr/bin:/bin:/usr/bin/X11:/usr/games:/usr/local/perl/bin:/usr/X11/bin:/sbin:/usr/sbin
PERL5LIB =
PERL5OPT =
PERL5_CPANPLUS_IS_RUNNING = 3230
PERL5_CPAN_IS_RUNNING = 3230
PERL_MM_USE_DEFAULT = 1
SHELL = /usr/bin/zsh
TERM = screen
Perl special variables (and OS-specific diagnostics, for MSWin32):
$^X = /tmp/basesmoker-reloperl-qqkY/bin/perl
$UID/$EUID = 1005 / 1005
$GID = 1005 1005
$EGID = 1005 1005
Perl module toolchain versions installed:
Module Have
------------------- --------
CPAN 2.00
CPAN::Meta 2.120921
Cwd 3.40
ExtUtils::CBuilder 0.280209
ExtUtils::Command 1.17
ExtUtils::Install 1.59
ExtUtils::MakeMaker 6.65_01
ExtUtils::Manifest 1.63
ExtUtils::ParseXS 3.18
File::Spec 3.40
JSON 2.53
JSON::PP 2.27202
Module::Build 0.4004
Module::Signature 0.70
Parse::CPAN::Meta 1.4404
Test::Harness 3.26
Test::More 0.98
YAML 0.84
YAML::Syck 1.25
version 0.9902
--
Summary of my perl5 (revision 5 version 17 subversion 11) configuration:
Commit id: f9ae8fb691541b6b2e48da8df7a37ed95c4f518a
Platform:
osname=linux, osvers=3.2.0-4-amd64, archname=x86_64-linux
uname='linux k83 3.2.0-4-amd64 #1 smp debian 3.2.41-2 x86_64 gnulinux '
config_args='-Dprefix=/home/src/perl/repoperls/installed-perls/perl/v5.17.10-45-gf9ae8fb/165a -Dmyhostname=k83 -Dinstallusrbinperl=n -Uversiononly -Dusedevel -des -Ui_db -Uuseithreads -Uuselongdouble -DDEBUGGING=-g'
hint=recommended, useposix=true, d_sigaction=define
useithreads=undef, usemultiplicity=undef
useperlio=define, d_sfio=undef, uselargefiles=define, usesocks=undef
use64bitint=define, use64bitall=define, uselongdouble=undef
usemymalloc=n, bincompat5005=undef
Compiler:
cc='cc', ccflags ='-fno-strict-aliasing -pipe -fstack-protector -I/usr/local/include -D_LARGEFILE_SOURCE -D_FILE_OFFSET_BITS=64',
optimize='-O2 -g',
cppflags='-fno-strict-aliasing -pipe -fstack-protector -I/usr/local/include'
ccversion='', gccversion='4.7.2', gccosandvers=''
intsize=4, longsize=8, ptrsize=8, doublesize=8, byteorder=12345678
d_longlong=define, longlongsize=8, d_longdbl=define, longdblsize=16
ivtype='long', ivsize=8, nvtype='double', nvsize=8, Off_t='off_t', lseeksize=8
alignbytes=8, prototype=define
Linker and Libraries:
ld='cc', ldflags =' -fstack-protector -L/usr/local/lib'
libpth=/usr/local/lib /lib/x86_64-linux-gnu /lib/../lib /usr/lib/x86_64-linux-gnu /usr/lib/../lib /lib /usr/lib
libs=-lnsl -lgdbm -ldb -ldl -lm -lcrypt -lutil -lc -lgdbm_compat
perllibs=-lnsl -ldl -lm -lcrypt -lutil -lc
libc=, so=so, useshrplib=false, libperl=libperl.a
gnulibc_version='2.13'
Dynamic Linking:
dlsrc=dl_dlopen.xs, dlext=so, d_dlsymun=undef, ccdlflags='-Wl,-E'
cccdlflags='-fPIC', lddlflags='-shared -O2 -g -L/usr/local/lib -fstack-protector'
Characteristics of this binary (from libperl):
Compile-time options: HAS_TIMES PERLIO_LAYERS PERL_DONT_CREATE_GVSV
PERL_MALLOC_WRAP PERL_PRESERVE_IVUV PERL_SAWAMPERSAND
PERL_USE_DEVEL USE_64_BIT_ALL USE_64_BIT_INT
USE_LARGE_FILES USE_LOCALE USE_LOCALE_COLLATE
USE_LOCALE_CTYPE USE_LOCALE_NUMERIC USE_PERLIO
USE_PERL_ATOF
Built under linux
Compiled at Apr 4 2013 23:30:37
%ENV:
PERL5LIB=""
PERL5OPT=""
PERL5_CPANPLUS_IS_RUNNING="3230"
PERL5_CPAN_IS_RUNNING="3230"
PERL_MM_USE_DEFAULT="1"
@INC:
/home/src/perl/repoperls/installed-perls/perl/v5.17.10-45-gf9ae8fb/165a/lib/site_perl/5.17.11/x86_64-linux
/home/src/perl/repoperls/installed-perls/perl/v5.17.10-45-gf9ae8fb/165a/lib/site_perl/5.17.11
/home/src/perl/repoperls/installed-perls/perl/v5.17.10-45-gf9ae8fb/165a/lib/5.17.11/x86_64-linux
/home/src/perl/repoperls/installed-perls/perl/v5.17.10-45-gf9ae8fb/165a/lib/5.17.11
.