Report for XHTML-Util-0.99_08

Back
From: metabase:user:320bfe00-2aae-11df-837a-5e0a49663a4f
Subject: FAIL XHTML-Util-0.99_08 v5.20.3 GNU/Linux
Date: 2016-01-26T18:43:55Z

This distribution has been tested as part of the CPAN Testers
project, supporting the Perl programming language.  See
http://wiki.cpantesters.org/ for more information or email
questions to cpan-testers-discuss@perl.org


--
Dear Ashley Pond V,

This is a computer-generated report for XHTML-Util-0.99_08
on perl 5.20.3, created by CPAN-Reporter-1.2015.

Thank you for uploading your work to CPAN.  However, there was a problem
testing your distribution.

If you think this report is invalid, please consult the CPAN Testers Wiki
for suggestions on how to avoid getting FAIL reports for missing library
or binary dependencies, unsupported operating systems, and so on:

http://wiki.cpantesters.org/wiki/CPANAuthorNotes

Sections of this report:

    * Tester comments
    * Program output
    * Prerequisites
    * Environment and other context

------------------------------
TESTER COMMENTS
------------------------------

Additional comments from tester:

this report is from an automated smoke testing program
and was not reviewed by a human for accuracy

------------------------------
PROGRAM OUTPUT
------------------------------

Output from '/usr/bin/make test':

PERL_DL_NONLAZY=1 "/home/sand/src/perl/repoperls/installed-perls/perl/v5.20.3/f7bf/bin/perl" "-MExtUtils::Command::MM" "-MTest::Harness" "-e" "undef *Test::Harness::Switches; test_harness(0, 'inc', 'blib/lib', 'blib/arch')" t/basics.t t/chained.t t/enpara-basic.t t/enpara-complex.t t/fix.t t/html_to_xhtml.t t/inline_stylesheets.t t/list-tags.t t/remove-style.t t/remove.t t/same-same.t t/sanitize.t t/strip-tags.t t/synopsis.t t/translate-tags.t t/traverse.t t/validate.t
Selector: div[title='XHTML::Util/0.99_08'], div[title='XHTML::Util/0.99_08'] * at /tmp/loop_over_bdir-23705-ogvi9e/XHTML-Util-0.99_08-ubdLjK/t/../lib/XHTML/Util.pm line 304.
t/basics.t .............. ok
Could not fix the problems with this document at t/chained.t line 34.
unknown-2e7f1e0:4: validity error : standalone: html declared in the external subset contains white spaces nodes
unknown-2e7f1e0:5: validity error : standalone: head declared in the external subset contains white spaces nodes
# Looks like your test exited with 2 just after 1.
t/chained.t ............. 
Dubious, test returned 2 (wstat 512, 0x200)
All 1 subtests passed 
t/enpara-basic.t ........ ok
It makes no sense to enpara within a <pre/>; skipping at t/enpara-complex.t line 37.
t/enpara-complex.t ...... ok
t/fix.t ................. ok
t/html_to_xhtml.t ....... ok
t/inline_stylesheets.t .. ok
t/list-tags.t ........... ok
t/remove-style.t ........ skipped: Needs doing...
t/remove.t .............. ok
t/same-same.t ........... ok
t/sanitize.t ............ ok
t/strip-tags.t .......... 
All 6 subtests passed 
t/synopsis.t ............ ok
t/translate-tags.t ...... ok
t/traverse.t ............ skipped: Needs doing...

#   Failed test '/tmp/loop_over_bdir-23705-ogvi9e/XHTML-Util-0.99_08-ubdLjK/t/files/basic.html is_valid'
#   at t/validate.t line 15.

#   Failed test '/tmp/loop_over_bdir-23705-ogvi9e/XHTML-Util-0.99_08-ubdLjK/t/files/basic.html validates'
#   at t/validate.t line 19.
# died: XML::LibXML::Error (unknown-3934e60:4: validity error : standalone: html declared in the external subset contains white spaces nodes
# unknown-3934e60:5: validity error : standalone: head declared in the external subset contains white spaces nodes
# )
# Looks like you failed 2 tests of 3.
t/validate.t ............ 
Dubious, test returned 2 (wstat 512, 0x200)
Failed 2/3 subtests 

Test Summary Report
-------------------
t/chained.t           (Wstat: 512 Tests: 1 Failed: 0)
  Non-zero exit status: 2
t/strip-tags.t        (Wstat: 139 Tests: 6 Failed: 0)
  Non-zero wait status: 139
  Parse errors: No plan found in TAP output
t/validate.t          (Wstat: 512 Tests: 3 Failed: 2)
  Failed tests:  2-3
  Non-zero exit status: 2
Files=17, Tests=67, 157 wallclock secs ( 0.10 usr  0.08 sys +  3.10 cusr  0.71 csys =  3.99 CPU)
Result: FAIL
Failed 3/17 test programs. 2/67 subtests failed.
Makefile:780: recipe for target 'test_dynamic' failed
make: *** [test_dynamic] Error 2

------------------------------
PREREQUISITES
------------------------------

Prerequisite modules loaded:

requires:

    Module                   Need Have        
    ------------------------ ---- ------------
    Algorithm::Diff          0    1.1903      
    autodie                  0    2.23        
    CSS::Tiny                0    1.19        
    Encode                   2    2.80        
    File::Spec               3    3.60        
    HTML::DTD                0.03 0.04        
    HTML::Entities           0    3.69        
    HTML::Selector::XPath    0.04 0.18        
    HTML::Tagset             3.02 3.20        
    HTML::TokeParser::Simple 0    3.16        
    LWP::Simple              0    6.15        
    Scalar::Util             0    1.42        
    Test::Exception          0.2  0.43        
    Test::More               0.5  1.302013_010
    XML::LibXML              1.69 2.0123      
    XML::Normalize::LibXML   0    0.2         
    YAML                     0    1.15        

build_requires:

    Module                   Need Have        
    ------------------------ ---- ------------
    Algorithm::Diff          0    1.1903      
    autodie                  0    2.23        
    ExtUtils::MakeMaker      6.42 7.10        
    File::Spec               3    3.60        
    Test::Exception          0.2  0.43        
    Test::More               0.5  1.302013_010
    YAML                     0    1.15        

configure_requires:

    Module                   Need Have        
    ------------------------ ---- ------------
    ExtUtils::MakeMaker      6.42 7.10        


------------------------------
ENVIRONMENT AND OTHER CONTEXT
------------------------------

Environment variables:

    AUTOMATED_TESTING = 1
    LANG = en_US.UTF-8
    LANGUAGE = en_US:en
    PATH = /home/sand/bin:/usr/local/bin:/usr/bin:/bin:/usr/games:/usr/local/perl/bin:/usr/X11/bin:/sbin:/usr/sbin
    PERL5LIB = 
    PERL5OPT = 
    PERL5_CPANPLUS_IS_RUNNING = 23710
    PERL5_CPAN_IS_RUNNING = 23710
    PERL_MM_USE_DEFAULT = 1
    SHELL = /usr/bin/zsh
    TERM = screen

Perl special variables (and OS-specific diagnostics, for MSWin32):

    $^X = /home/sand/src/perl/repoperls/installed-perls/perl/v5.20.3/f7bf/bin/perl
    $UID/$EUID = 1005 / 1005
    $GID = 1005 1005
    $EGID = 1005 1005

Perl module toolchain versions installed:

    Module              Have        
    ------------------- ------------
    CPAN                2.10        
    CPAN::Meta          2.150005    
    Cwd                 3.60        
    ExtUtils::CBuilder  0.280224    
    ExtUtils::Command   7.10        
    ExtUtils::Install   1.67        
    ExtUtils::MakeMaker 7.10        
    ExtUtils::Manifest  1.70        
    ExtUtils::ParseXS   3.24        
    File::Spec          3.60        
    JSON                2.90        
    JSON::PP            2.27300     
    Module::Build       0.4214      
    Module::Signature   0.79        
    Parse::CPAN::Meta   1.4417      
    Test::Harness       3.36        
    Test::More          1.302013_010
    YAML                1.15        
    YAML::Syck          1.29        
    version             0.9912_01   


--

Summary of my perl5 (revision 5 version 20 subversion 3) configuration:
  Derived from: b67331aafd6eff33e3fd904c45e811f69cbfb0b2
  Platform:
    osname=linux, osvers=4.3.0-1-amd64, archname=x86_64-linux-thread-multi
    uname='linux k83 4.3.0-1-amd64 #1 smp debian 4.3.3-2 (2015-12-17) x86_64 gnulinux '
    config_args='-Dprefix=/home/sand/src/perl/repoperls/installed-perls/perl/v5.20.3/f7bf -Dmyhostname=k83 -Dinstallusrbinperl=n -Uversiononly -Dusedevel -des -Ui_db -Dlibswanted=cl pthread socket inet nsl gdbm dbm malloc dl ld sun m crypt sec util c cposix posix ucb BSD gdbm_compat -Duseithreads -Uuselongdouble -DDEBUGGING=-g'
    hint=recommended, useposix=true, d_sigaction=define
    useithreads=define, usemultiplicity=define
    use64bitint=define, use64bitall=define, uselongdouble=undef
    usemymalloc=n, bincompat5005=undef
  Compiler:
    cc='cc', ccflags ='-D_REENTRANT -D_GNU_SOURCE -fwrapv -fno-strict-aliasing -pipe -fstack-protector -I/usr/local/include -D_LARGEFILE_SOURCE -D_FILE_OFFSET_BITS=64',
    optimize='-O2 -g',
    cppflags='-D_REENTRANT -D_GNU_SOURCE -fwrapv -fno-strict-aliasing -pipe -fstack-protector -I/usr/local/include'
    ccversion='', gccversion='5.3.1 20160101', gccosandvers=''
    intsize=4, longsize=8, ptrsize=8, doublesize=8, byteorder=12345678
    d_longlong=define, longlongsize=8, d_longdbl=define, longdblsize=16
    ivtype='long', ivsize=8, nvtype='double', nvsize=8, Off_t='off_t', lseeksize=8
    alignbytes=8, prototype=define
  Linker and Libraries:
    ld='cc', ldflags =' -fstack-protector -L/usr/local/lib'
    libpth=/usr/local/lib /usr/lib/gcc/x86_64-linux-gnu/5/include-fixed /usr/include/x86_64-linux-gnu /usr/lib /lib/x86_64-linux-gnu /lib/../lib /usr/lib/x86_64-linux-gnu /usr/lib/../lib /lib
    libs=-lpthread -lnsl -lgdbm -ldl -lm -lcrypt -lutil -lc -lgdbm_compat
    perllibs=-lpthread -lnsl -ldl -lm -lcrypt -lutil -lc
    libc=libc-2.21.so, so=so, useshrplib=false, libperl=libperl.a
    gnulibc_version='2.21'
  Dynamic Linking:
    dlsrc=dl_dlopen.xs, dlext=so, d_dlsymun=undef, ccdlflags='-Wl,-E'
    cccdlflags='-fPIC', lddlflags='-shared -O2 -g -L/usr/local/lib -fstack-protector'


Characteristics of this binary (from libperl): 
  Compile-time options: HAS_TIMES MULTIPLICITY PERLIO_LAYERS
                        PERL_DONT_CREATE_GVSV
                        PERL_HASH_FUNC_ONE_AT_A_TIME_HARD
                        PERL_IMPLICIT_CONTEXT PERL_MALLOC_WRAP
                        PERL_NEW_COPY_ON_WRITE PERL_PRESERVE_IVUV
                        PERL_USE_DEVEL USE_64_BIT_ALL USE_64_BIT_INT
                        USE_ITHREADS USE_LARGE_FILES USE_LOCALE
                        USE_LOCALE_COLLATE USE_LOCALE_CTYPE
                        USE_LOCALE_NUMERIC USE_PERLIO USE_PERL_ATOF
                        USE_REENTRANT_API
  Locally applied patches:
	uncommitted-changes
	Devel::PatchPerl 1.38
  Built under linux
  Compiled at Jan  3 2016 23:35:49
  %ENV:
    PERL5LIB=""
    PERL5OPT=""
    PERL5_CPANPLUS_IS_RUNNING="23710"
    PERL5_CPAN_IS_RUNNING="23710"
    PERL_MM_USE_DEFAULT="1"
  @INC:
    /home/sand/src/perl/repoperls/installed-perls/perl/v5.20.3/f7bf/lib/site_perl/5.20.3/x86_64-linux-thread-multi
    /home/sand/src/perl/repoperls/installed-perls/perl/v5.20.3/f7bf/lib/site_perl/5.20.3
    /home/sand/src/perl/repoperls/installed-perls/perl/v5.20.3/f7bf/lib/5.20.3/x86_64-linux-thread-multi
    /home/sand/src/perl/repoperls/installed-perls/perl/v5.20.3/f7bf/lib/5.20.3
    .