Report for XML-Debian-ENetInterfaces-0.05

Back
From: metabase:user:320bfe00-2aae-11df-837a-5e0a49663a4f
Subject: FAIL XML-Debian-ENetInterfaces-0.05 v5.12.3 GNU/Linux
Date: 2011-06-09T23:39:44Z

This distribution has been tested as part of the CPAN Testers
project, supporting the Perl programming language.  See
http://wiki.cpantesters.org/ for more information or email
questions to cpan-testers-discuss@perl.org


--
Dear Mike Mestnik,

This is a computer-generated report for XML-Debian-ENetInterfaces-0.05
on perl 5.12.3, created by CPAN-Reporter-1.1902.

Thank you for uploading your work to CPAN.  However, there was a problem
testing your distribution.

If you think this report is invalid, please consult the CPAN Testers Wiki
for suggestions on how to avoid getting FAIL reports for missing library
or binary dependencies, unsupported operating systems, and so on:

http://wiki.cpantesters.org/wiki/CPANAuthorNotes

Sections of this report:

    * Tester comments
    * Program output
    * Prerequisites
    * Environment and other context

------------------------------
TESTER COMMENTS
------------------------------

Additional comments from tester:

this report is from an automated smoke testing program
and was not reviewed by a human for accuracy

------------------------------
PROGRAM OUTPUT
------------------------------

Output from '/usr/bin/make test':

PERL_DL_NONLAZY=1 /home/sand/src/perl/repoperls/installed-perls/perl/v5.12.3/2b65/bin/perl "-MExtUtils::Command::MM" "-e" "test_harness(0, 'blib/lib', 'blib/arch')" t/*.t
# Testing XML::Debian::ENetInterfaces 0.05, Perl 5.012003, /home/sand/src/perl/repoperls/installed-perls/perl/v5.12.3/2b65/bin/perl
t/00-load.t ....... ok
Use of uninitialized value in pattern match (m//) at t/05-perl.t line 10.
Use of uninitialized value $_ in pattern match (m//) at t/05-perl.t line 12.
Use of uninitialized value $_ in pattern match (m//) at t/05-perl.t line 13.
Use of uninitialized value $_ in pattern match (m//) at t/05-perl.t line 14.
Use of uninitialized value $_ in pattern match (m//) at t/05-perl.t line 15.
Use of uninitialized value $_ in pattern match (m//) at t/05-perl.t line 16.
Use of uninitialized value $_ in pattern match (m//) at t/05-perl.t line 19.
Use of uninitialized value $_ in pattern match (m//) at t/05-perl.t line 20.
Use of uninitialized value $_ in pattern match (m//) at t/05-perl.t line 21.
Use of uninitialized value $_ in pattern match (m//) at t/05-perl.t line 22.
Use of uninitialized value $_ in pattern match (m//) at t/05-perl.t line 23.
Use of uninitialized value $_ in pattern match (m//) at t/05-perl.t line 25.
Use of uninitialized value $_ in pattern match (m//) at t/05-perl.t line 26.
Use of uninitialized value $_ in pattern match (m//) at t/05-perl.t line 27.
Use of uninitialized value $_ in pattern match (m//) at t/05-perl.t line 28.
Argument "allow-auto" isn't numeric in smart match at t/05-perl.t line 104.
Argument "allow-pizza" isn't numeric in smart match at t/05-perl.t line 104.
Argument "allow-" isn't numeric in smart match at t/05-perl.t line 104.
t/05-perl.t ....... ok

#   Failed test 'Write out interfaces compare to system interfaces.'
#   at t/10-run.t line 83.
# +---+---------------------------------------------------------------------------------+---+---------------------------------------------------------------------------------+
# | Ln|Got                                                                              | Ln|Expected                                                                         |
# +---+---------------------------------------------------------------------------------+---+---------------------------------------------------------------------------------+
# |  1|'# This file describes the network interfaces available on your system           |  1|'# This file describes the network interfaces available on your system           |
# |  2|# and how to activate them. For more information, see interfaces(5).             |  2|# and how to activate them. For more information, see interfaces(5).             |
# |  3|                                                                                 |  3|                                                                                 |
# |  4|# The loopback network interface                                                 |  4|# The loopback network interface                                                 |
# |  5|auto lo                                                                          |  5|auto lo                                                                          |
# |  6|iface lo inet loopback                                                           |  6|iface lo inet loopback                                                           |
# |  7|                                                                                 |  7|                                                                                 |
# |  8|# The primary network interface                                                  |  8|# The primary network interface                                                  |
# |  9|allow-hotplug eth0                                                               |  9|allow-hotplug eth0                                                               |
# | 10|iface eth0 inet static                                                           | 10|iface eth0 inet static                                                           |
# | 11|        address 192.168.2.100                                                    | 11|        address 192.168.2.100                                                    |
# | 12|        netmask 255.255.255.0                                                    | 12|        netmask 255.255.255.0                                                    |
# | 13|        network 192.168.2.0                                                      | 13|        network 192.168.2.0                                                      |
# | 14|        broadcast 192.168.2.255                                                  | 14|        broadcast 192.168.2.255                                                  |
# | 15|        gateway 192.168.2.1                                                      | 15|        gateway 192.168.2.1                                                      |
# |   |                                                                                 * 16|        # dns-* options are implemented by the resolvconf package, if installed  *
# | 16|        dns-nameservers 192.168.2.1                                              | 17|        dns-nameservers 192.168.2.1                                              |
# | 17|        dns-search linux.bogus                                                   | 18|        dns-search linux.bogus                                                   |
# * 18|        # dns-* options are implemented by the resolvconf package, if installed  *   |                                                                                 |
# | 19|'                                                                                | 19|'                                                                                |
# +---+---------------------------------------------------------------------------------+---+---------------------------------------------------------------------------------+
# Looks like you failed 1 test of 5.
t/10-run.t ........ 
Dubious, test returned 1 (wstat 256, 0x100)
Failed 1/5 subtests 
t/manifest.t ...... skipped: Author tests not required for installation
t/pod-coverage.t .. ok
t/pod.t ........... ok

Test Summary Report
-------------------
t/10-run.t      (Wstat: 256 Tests: 5 Failed: 1)
  Failed test:  4
  Non-zero exit status: 1
Files=6, Tests=71,  0 wallclock secs ( 0.03 usr  0.01 sys +  0.32 cusr  0.06 csys =  0.42 CPU)
Result: FAIL
Failed 1/6 test programs. 1/71 subtests failed.
make: *** [test_dynamic] Error 255

------------------------------
PREREQUISITES
------------------------------

Prerequisite modules loaded:

requires:

    Module               Need Have
    -------------------- ---- ----
    Test::More           0    0.98
    XML::LibXML          0    1.70
    XML::Parser::PerlSAX 0    0.08

configure_requires:

    Module               Need Have
    -------------------- ---- ----
    ExtUtils::MakeMaker  0    6.56


------------------------------
ENVIRONMENT AND OTHER CONTEXT
------------------------------

Environment variables:

    AUTOMATED_TESTING = 1
    LANG = en_US.UTF-8
    LANGUAGE = en_US:en
    PATH = /usr/lib/ccache:/home/sand/bin:/usr/local/bin:/usr/bin:/bin:/usr/bin/X11:/usr/games:/usr/local/perl/bin:/usr/X11/bin:/sbin:/usr/sbin
    PERL5LIB = 
    PERL5OPT = 
    PERL5_CPANPLUS_IS_RUNNING = 916
    PERL5_CPAN_IS_RUNNING = 916
    PERL_MM_USE_DEFAULT = 1
    SHELL = /usr/bin/zsh
    TERM = screen

Perl special variables (and OS-specific diagnostics, for MSWin32):

    $^X = /home/sand/src/perl/repoperls/installed-perls/perl/v5.12.3/2b65/bin/perl
    $UID/$EUID = 1001 / 1001
    $GID = 1001 1001
    $EGID = 1001 1001

Perl module toolchain versions installed:

    Module              Have    
    ------------------- --------
    CPAN                1.9600  
    Cwd                 3.33    
    ExtUtils::CBuilder  0.280202
    ExtUtils::Command   1.17    
    ExtUtils::Install   1.55    
    ExtUtils::MakeMaker 6.56    
    ExtUtils::Manifest  1.57    
    ExtUtils::ParseXS   2.2206  
    File::Spec          3.33    
    Module::Build       0.3800  
    Module::Signature   0.67    
    Test::Harness       3.23    
    Test::More          0.98    
    YAML                0.73    
    YAML::Syck          1.17    
    version             0.91    


--

Summary of my perl5 (revision 5 version 12 subversion 3) configuration:
  Commit id: c0247066c34077145eaa8f33eddcbb64fa3b0f8d
  Platform:
    osname=linux, osvers=2.6.32-5-amd64, archname=x86_64-linux-ld
    uname='linux k81 2.6.32-5-amd64 #1 smp mon mar 7 21:35:22 utc 2011 x86_64 gnulinux '
    config_args='-Dprefix=/home/src/perl/repoperls/installed-perls/perl/v5.12.3/2b65 -Dinstallusrbinperl=n -Uversiononly -Dusedevel -des -Ui_db -Uuseithreads -Duselongdouble -DDEBUGGING=-g'
    hint=recommended, useposix=true, d_sigaction=define
    useithreads=undef, usemultiplicity=undef
    useperlio=define, d_sfio=undef, uselargefiles=define, usesocks=undef
    use64bitint=define, use64bitall=define, uselongdouble=define
    usemymalloc=n, bincompat5005=undef
  Compiler:
    cc='cc', ccflags ='-fno-strict-aliasing -pipe -fstack-protector -I/usr/local/include -D_LARGEFILE_SOURCE -D_FILE_OFFSET_BITS=64',
    optimize='-O2 -g',
    cppflags='-fno-strict-aliasing -pipe -fstack-protector -I/usr/local/include'
    ccversion='', gccversion='4.4.5', gccosandvers=''
    intsize=4, longsize=8, ptrsize=8, doublesize=8, byteorder=12345678
    d_longlong=define, longlongsize=8, d_longdbl=define, longdblsize=16
    ivtype='long', ivsize=8, nvtype='long double', nvsize=16, Off_t='off_t', lseeksize=8
    alignbytes=16, prototype=define
  Linker and Libraries:
    ld='cc', ldflags =' -fstack-protector -L/usr/local/lib'
    libpth=/usr/local/lib /lib /usr/lib /lib64 /usr/lib64
    libs=-lnsl -ldl -lm -lcrypt -lutil -lc
    perllibs=-lnsl -ldl -lm -lcrypt -lutil -lc
    libc=/lib/libc-2.11.2.so, so=so, useshrplib=false, libperl=libperl.a
    gnulibc_version='2.11.2'
  Dynamic Linking:
    dlsrc=dl_dlopen.xs, dlext=so, d_dlsymun=undef, ccdlflags='-Wl,-E'
    cccdlflags='-fPIC', lddlflags='-shared -O2 -g -L/usr/local/lib -fstack-protector'


Characteristics of this binary (from libperl): 
  Compile-time options: PERL_DONT_CREATE_GVSV PERL_MALLOC_WRAP PERL_USE_DEVEL
                        USE_64_BIT_ALL USE_64_BIT_INT USE_LARGE_FILES
                        USE_LONG_DOUBLE USE_PERLIO USE_PERL_ATOF
  Built under linux
  Compiled at May  7 2011 08:39:41
  %ENV:
    PERL5LIB=""
    PERL5OPT=""
    PERL5_CPANPLUS_IS_RUNNING="916"
    PERL5_CPAN_IS_RUNNING="916"
    PERL_MM_USE_DEFAULT="1"
  @INC:
    /home/src/perl/repoperls/installed-perls/perl/v5.12.3/2b65/lib/site_perl/5.12.3/x86_64-linux-ld
    /home/src/perl/repoperls/installed-perls/perl/v5.12.3/2b65/lib/site_perl/5.12.3
    /home/src/perl/repoperls/installed-perls/perl/v5.12.3/2b65/lib/5.12.3/x86_64-linux-ld
    /home/src/perl/repoperls/installed-perls/perl/v5.12.3/2b65/lib/5.12.3
    .