GSSAPI v0.28 Perl 5 v5.24.3 i86pc-solaris-multi

Status
Fail
From
Serguei Trouchelle (STRO)
Dist
GSSAPI v0.28
Platform
Perl 5 v5.24.3 i86pc-solaris-multi
Date
2017-10-30 06:08:31
ID
c13ec39e-bd38-11e7-9afc-edd812b9258d
This distribution has been tested as part of the CPAN Testers
project, supporting the Perl programming language.  See
http://wiki.cpantesters.org/ for more information or email
questions to cpan-testers-discuss@perl.org


--
Dear Achim Grolms,

This is a computer-generated report for GSSAPI-0.28
on perl 5.24.3, created by CPAN-Reporter-1.2018.

Thank you for uploading your work to CPAN.  However, there was a problem
testing your distribution.

If you think this report is invalid, please consult the CPAN Testers Wiki
for suggestions on how to avoid getting FAIL reports for missing library
or binary dependencies, unsupported operating systems, and so on:

http://wiki.cpantesters.org/wiki/CPANAuthorNotes

Sections of this report:

    * Tester comments
    * Program output
    * Prerequisites
    * Environment and other context

------------------------------
TESTER COMMENTS
------------------------------

Additional comments from tester:

this report is from an automated smoke testing program
and was not reviewed by a human for accuracy

------------------------------
PROGRAM OUTPUT
------------------------------

Output from '/usr/bin/make test':

"/home/stro/perl/5.24.3m/bin/perl" -MExtUtils::Command::MM -e 'cp_nonempty' -- GSSAPI.bs blib/arch/auto/GSSAPI/GSSAPI.bs 644
PERL_DL_NONLAZY=1 "/home/stro/perl/5.24.3m/bin/perl" "-MExtUtils::Command::MM" "-MTest::Harness" "-e" "undef *Test::Harness::Switches; test_harness(0, 'blib/lib', 'blib/arch')" t/*.t

#   Failed test 'GSS_S_CRED_UNAVAIL'
#   at t/1constants.t line 101.
# Looks like you failed 1 test of 72.
t/1constants.t ..... 
Dubious, test returned 1 (wstat 256, 0x100)
Failed 1/72 subtests 
t/2status.t ........ ok
t/checkoids.t ...... ok
t/importnames.t .... ok
# Kerberos 5, SPNEGO
t/indicatemechs.t .. ok
# 
# 
# No error: acquire_cred() failed, maybe because you have to run kinit first.
# Errormessage from your GSSAPI-implementation is: 
# 
# "No credentials were supplied, or the credentials were unavailable or inaccessible
# No credentials cache file found
# "
# run kinit to get a TGT and retry this test (just skipping now).
# 
	(in cleanup) oidset has no value at t/inquire_cred.t line 32.
t/inquire_cred.t ... ok
t/pod.t ............ ok
t/test.t ........... ok
# 
# 
#  if you want to run tests that do a realworld *use* of your GSSAPI
#  start a kinit and try to run
# 
# ./examples/getcred_hostbased.pl 
# 
t/zbugfixes.t ...... ok

Test Summary Report
-------------------
t/1constants.t   (Wstat: 256 Tests: 72 Failed: 1)
  Failed test:  72
  Non-zero exit status: 1
Files=9, Tests=152,  4 wallclock secs ( 0.13 usr  0.07 sys +  2.34 cusr  0.57 csys =  3.11 CPU)
Result: FAIL
Failed 1/9 test programs. 1/152 subtests failed.
*** Error code 255
make: Fatal error: Command failed for target `test_dynamic'

------------------------------
PREREQUISITES
------------------------------

Prerequisite modules loaded:

requires:

    Module              Need Have    
    ------------------- ---- --------
    Test::More          0    1.302105

build_requires:

    Module              Need Have    
    ------------------- ---- --------
    ExtUtils::MakeMaker 0    7.30    


------------------------------
ENVIRONMENT AND OTHER CONTEXT
------------------------------

Environment variables:

    AUTOMATED_TESTING = 1
    LANG = en_US.UTF-8
    PATH = /usr/gnu/bin:/usr/bin:/usr/sbin:/sbin:/usr/sfw/bin:
    PERL5LIB = 
    PERL5OPT = 
    PERL5_CPANPLUS_IS_RUNNING = 6982
    PERL5_CPAN_IS_RUNNING = 6982
    PERL5_CPAN_IS_RUNNING_IN_RECURSION = 20810,6982
    PERL_CR_SMOKER_CURRENT = Net-LDAP-SimpleServer-0.0.19
    PERL_EXTUTILS_AUTOINSTALL = --defaultdeps
    PERL_MM_USE_DEFAULT = 1
    SHELL = /bin/bash
    TERM = xterm-256color

Perl special variables (and OS-specific diagnostics, for MSWin32):

    $^X = /home/stro/perl/5.24.3m/bin/perl
    $UID/$EUID = 101 / 101
    $GID = 10 10
    $EGID = 10 10

Perl module toolchain versions installed:

    Module              Have      
    ------------------- ----------
    CPAN                2.16      
    CPAN::Meta          2.150005  
    Cwd                 3.63_01   
    ExtUtils::CBuilder  0.280225  
    ExtUtils::Command   7.30      
    ExtUtils::Install   2.06      
    ExtUtils::MakeMaker 7.30      
    ExtUtils::Manifest  1.70      
    ExtUtils::ParseXS   3.31      
    File::Spec          3.63_01   
    JSON                2.94      
    JSON::PP            2.94      
    Module::Build       0.4224    
    Module::Signature   n/a       
    Parse::CPAN::Meta   1.4417_001
    Test::Harness       3.36_01   
    Test::More          1.302105  
    YAML                1.23      
    YAML::Syck          1.30      
    version             0.9916    


--

Summary of my perl5 (revision 5 version 24 subversion 3) configuration:
   
  Platform:
    osname=solaris, osvers=2.11, archname=i86pc-solaris-multi
    uname='sunos vm-openindiana-001 5.11 illumos-ed992b0aac i86pc i386 i86pc solaris '
    config_args=''
    hint=recommended, useposix=true, d_sigaction=define
    useithreads=undef, usemultiplicity=define
    use64bitint=undef, use64bitall=undef, uselongdouble=undef
    usemymalloc=n, bincompat5005=undef
  Compiler:
    cc='/opt/SUNWspro/bin/cc', ccflags ='-I/usr/gnu/include -D_LARGEFILE_SOURCE -D_FILE_OFFSET_BITS=64 -DPERL_USE_SAFE_PUTENV',
    optimize='-O',
    cppflags='-I/usr/gnu/include'
    ccversion='Sun C 5.10 SunOS_i386 2009/06/03', gccversion='', gccosandvers=''
    intsize=4, longsize=4, ptrsize=4, doublesize=8, byteorder=1234, doublekind=3
    d_longlong=define, longlongsize=8, d_longdbl=define, longdblsize=12, longdblkind=3
    ivtype='long', ivsize=4, nvtype='double', nvsize=8, Off_t='off_t', lseeksize=8
    alignbytes=4, prototype=define
  Linker and Libraries:
    ld='/opt/SUNWspro/bin/cc', ldflags =' -L/usr/lib -L/usr/ccs/lib -L/opt/sunstudio12.1/prod/lib -L/lib -L/usr/gnu/lib '
    libpth=/usr/lib /usr/ccs/lib /opt/sunstudio12.1/prod/lib /lib /usr/gnu/lib
    libs=-lpthread -lsocket -lnsl -lgdbm -ldb -ldl -lm -lc
    perllibs=-lpthread -lsocket -lnsl -ldl -lm -lc
    libc=/lib/libc.so, so=so, useshrplib=true, libperl=libperl.so
    gnulibc_version=''
  Dynamic Linking:
    dlsrc=dl_dlopen.xs, dlext=so, d_dlsymun=undef, ccdlflags='  -R /home/stro/perl/5.24.3m/lib/5.24.3/i86pc-solaris-multi/CORE'
    cccdlflags='-KPIC', lddlflags='-G -L/usr/lib -L/usr/ccs/lib -L/opt/sunstudio12.1/prod/lib -L/lib -L/usr/gnu/lib'


Characteristics of this binary (from libperl): 
  Compile-time options: HAS_TIMES MULTIPLICITY PERLIO_LAYERS
                        PERL_COPY_ON_WRITE PERL_DONT_CREATE_GVSV
                        PERL_HASH_FUNC_ONE_AT_A_TIME_HARD
                        PERL_IMPLICIT_CONTEXT PERL_MALLOC_WRAP
                        PERL_PRESERVE_IVUV PERL_USE_SAFE_PUTENV
                        USE_LARGE_FILES USE_LOCALE USE_LOCALE_COLLATE
                        USE_LOCALE_CTYPE USE_LOCALE_NUMERIC USE_LOCALE_TIME
                        USE_PERLIO USE_PERL_ATOF
  Built under solaris
  Compiled at Sep 22 2017 23:23:48
  %ENV:
    PERL5LIB=""
    PERL5OPT=""
    PERL5_CPANPLUS_IS_RUNNING="6982"
    PERL5_CPAN_IS_RUNNING="6982"
    PERL5_CPAN_IS_RUNNING_IN_RECURSION="20810,6982"
    PERL_CR_SMOKER_CURRENT="Net-LDAP-SimpleServer-0.0.19"
    PERL_EXTUTILS_AUTOINSTALL="--defaultdeps"
    PERL_MM_USE_DEFAULT="1"
  @INC:
    /home/stro/perl/5.24.3m/lib/site_perl/5.24.3/i86pc-solaris-multi
    /home/stro/perl/5.24.3m/lib/site_perl/5.24.3
    /home/stro/perl/5.24.3m/lib/5.24.3/i86pc-solaris-multi
    /home/stro/perl/5.24.3m/lib/5.24.3
    .