Back
From: metabase:user:322078bc-2aae-11df-837a-5e0a49663a4f
Subject: FAIL Lingua-FR-Ladl-v0.0.4 v5.8.9 FreeBSD
Date: 2017-08-06T01:19:32Z
This distribution has been tested as part of the CPAN Testers
project, supporting the Perl programming language. See
http://wiki.cpantesters.org/ for more information or email
questions to cpan-testers-discuss@perl.org
--
Dear INGRIF,
This is a computer-generated error report created automatically by
CPANPLUS, version 0.9003. Testers personal comments may appear
at the end of this report.
Thank you for uploading your work to CPAN. However, it appears that
there were some problems testing your distribution.
TEST RESULTS:
Below is the error stack from stage 'make test':
[MSG] [Sun Apr 11 20:28:31 2010] Building Lingua-FR-Ladl
[ERROR] [Sun Apr 11 20:28:31 2010] MAKE TEST failed:
# Failed test 'use Lingua::FR::Ladl::Table;'
# at t/00.load.t line 5.
# Tried to use 'Lingua::FR::Ladl::Table'.
# Error: Can't locate Readonly.pm in @INC (@INC contains: /usr/home/cpan/pit/bare/conf/perl-5.8.9/.cpanplus/5.8.9/build/Lingua-FR-Ladl-v0.0.4/blib/lib /usr/home/cpan/pit/bare/conf/perl-5.8.9/.cpanplus/5.8.9/build/Lingua-FR-Ladl-v0.0.4/blib/arch /usr/home/cpan/pit/bare/conf/perl-5.8.9/.cpanplus/5.8.9/build/Lingua-FR-Ladl-v0.0.4/blib/lib /usr/home/cpan/pit/bare/conf/perl-5.8.9/.cpanplus/5.8.9/build/Lingua-FR-Ladl-v0.0.4/blib/arch /usr/home/cpan/pit/bare/perl-5.8.9/lib/5.8.9/i386-freebsd /usr/home/cpan/pit/bare/perl-5.8.9/lib/5.8.9 /usr/home/cpan/pit/bare/perl-5.8.9/lib/site_perl/5.8.9/i386-freebsd /usr/home/cpan/pit/bare/perl-5.8.9/lib/site_perl/5.8.9 .) at /usr/home/cpan/pit/bare/conf/perl-5.8.9/.cpanplus/5.8.9/build/Lingua-FR-Ladl-v0.0.4/blib/lib/Lingua/FR/Ladl/Table.pm line 11.
# BEGIN failed--compilation aborted at /usr/home/cpan/pit/bare/conf/perl-5.8.9/.cpanplus/5.8.9/build/Lingua-FR-Ladl-v0.0.4/blib/lib/Lingua/FR/Ladl/Table.pm line 11.
# Compilation failed in require at (eval 8) line 2.
# BEGIN failed--compilation aborted at (eval 8) line 2.
# Failed test 'use Lingua::FR::Ladl::Parametrizer;'
# at t/00.load.t line 6.
# Tried to use 'Lingua::FR::Ladl::Parametrizer'.
# Error: Can't locate Class/Std.pm in @INC (@INC contains: /usr/home/cpan/pit/bare/conf/perl-5.8.9/.cpanplus/5.8.9/build/Lingua-FR-Ladl-v0.0.4/blib/lib /usr/home/cpan/pit/bare/conf/perl-5.8.9/.cpanplus/5.8.9/build/Lingua-FR-Ladl-v0.0.4/blib/arch /usr/home/cpan/pit/bare/conf/perl-5.8.9/.cpanplus/5.8.9/build/Lingua-FR-Ladl-v0.0.4/blib/lib /usr/home/cpan/pit/bare/conf/perl-5.8.9/.cpanplus/5.8.9/build/Lingua-FR-Ladl-v0.0.4/blib/arch /usr/home/cpan/pit/bare/perl-5.8.9/lib/5.8.9/i386-freebsd /usr/home/cpan/pit/bare/perl-5.8.9/lib/5.8.9 /usr/home/cpan/pit/bare/perl-5.8.9/lib/site_perl/5.8.9/i386-freebsd /usr/home/cpan/pit/bare/perl-5.8.9/lib/site_perl/5.8.9 .) at /usr/home/cpan/pit/bare/conf/perl-5.8.9/.cpanplus/5.8.9/build/Lingua-FR-Ladl-v0.0.4/blib/lib/Lingua/FR/Ladl/Parametrizer.pm line 10.
# BEGIN failed--compilation aborted at /usr/home/cpan/pit/bare/conf/perl-5.8.9/.cpanplus/5.8.9/build/Lingua-FR-Ladl-v0.0.4/blib/lib/Lingua/FR/Ladl/Parametrizer.pm line 10.
# Compilation failed in require at (eval 10) line 2.
# BEGIN failed--compilation aborted at (eval 10) line 2.
# Failed test 'use Lingua::FR::Ladl::Exceptions;'
# at t/00.load.t line 7.
# Tried to use 'Lingua::FR::Ladl::Exceptions'.
# Error: Can't locate Exception/Class.pm in @INC (@INC contains: /usr/home/cpan/pit/bare/conf/perl-5.8.9/.cpanplus/5.8.9/build/Lingua-FR-Ladl-v0.0.4/blib/lib /usr/home/cpan/pit/bare/conf/perl-5.8.9/.cpanplus/5.8.9/build/Lingua-FR-Ladl-v0.0.4/blib/arch /usr/home/cpan/pit/bare/conf/perl-5.8.9/.cpanplus/5.8.9/build/Lingua-FR-Ladl-v0.0.4/blib/lib /usr/home/cpan/pit/bare/conf/perl-5.8.9/.cpanplus/5.8.9/build/Lingua-FR-Ladl-v0.0.4/blib/arch /usr/home/cpan/pit/bare/perl-5.8.9/lib/5.8.9/i386-freebsd /usr/home/cpan/pit/bare/perl-5.8.9/lib/5.8.9 /usr/home/cpan/pit/bare/perl-5.8.9/lib/site_perl/5.8.9/i386-freebsd /usr/home/cpan/pit/bare/perl-5.8.9/lib/site_perl/5.8.9 .) at /usr/home/cpan/pit/bare/conf/perl-5.8.9/.cpanplus/5.8.9/build/Lingua-FR-Ladl-v0.0.4/blib/lib/Lingua/FR/Ladl/Exceptions.pm line 15.
# BEGIN failed--compilation aborted at /usr/home/cpan/pit/bare/conf/perl-5.8.9/.cpanplus/5.8.9/build/Lingua-FR-Ladl-v0.0.4/blib/lib/Lingua/FR/Ladl/Exceptions.pm line 15.
# Compilation failed in require at (eval 11) line 2.
# BEGIN failed--compilation aborted at (eval 11) line 2.
# Testing Lingua::FR::Ladl 0.0.4
# Looks like you failed 3 tests of 4.
t/00.load.t .......
Dubious, test returned 3 (wstat 768, 0x300)
Failed 3/4 subtests
Can't locate Test/Perl/Critic.pm in @INC (@INC contains: /usr/home/cpan/pit/bare/conf/perl-5.8.9/.cpanplus/5.8.9/build/Lingua-FR-Ladl-v0.0.4/blib/lib /usr/home/cpan/pit/bare/conf/perl-5.8.9/.cpanplus/5.8.9/build/Lingua-FR-Ladl-v0.0.4/blib/arch /usr/home/cpan/pit/bare/conf/perl-5.8.9/.cpanplus/5.8.9/build/Lingua-FR-Ladl-v0.0.4/blib/lib /usr/home/cpan/pit/bare/conf/perl-5.8.9/.cpanplus/5.8.9/build/Lingua-FR-Ladl-v0.0.4/blib/arch /usr/home/cpan/pit/bare/perl-5.8.9/lib/5.8.9/i386-freebsd /usr/home/cpan/pit/bare/perl-5.8.9/lib/5.8.9 /usr/home/cpan/pit/bare/perl-5.8.9/lib/site_perl/5.8.9/i386-freebsd /usr/home/cpan/pit/bare/perl-5.8.9/lib/site_perl/5.8.9 .) at t/perlcritic.t line 4.
BEGIN failed--compilation aborted at t/perlcritic.t line 4.
t/perlcritic.t ....
Dubious, test returned 2 (wstat 512, 0x200)
No subtests run
t/pod-coverage.t .. skipped: Test::Pod::Coverage 1.04 required for testing POD coverage
t/pod.t ........... skipped: Test::Pod 1.14 required for testing POD
Test Summary Report
-------------------
t/00.load.t (Wstat: 768 Tests: 4 Failed: 3)
Failed tests: 2-4
Non-zero exit status: 3
t/perlcritic.t (Wstat: 512 Tests: 0 Failed: 0)
Non-zero exit status: 2
Parse errors: No plan found in TAP output
Files=4, Tests=4, 0 wallclock secs ( 0.06 usr 0.03 sys + 0.12 cusr 0.07 csys = 0.29 CPU)
Result: FAIL
Failed 2/4 test programs. 3/4 subtests failed.
[MSG] [Sun Apr 11 20:28:31 2010] DEFAULT 'proceed_on_test_failure' HANDLER RETURNING 'sub return value'
MISSING PREREQUISITES:
It was observed that the test suite seem to fail without these modules:
Readonly
Class::Std
Exception::Class
Test::Perl::Critic
As such, adding the prerequisite module(s) to 'PREREQ_PM' in your
Makefile.PL should solve this problem. For example:
WriteMakefile(
AUTHOR => 'INGRIF (cpanplus-info@lists.sf.net)',
... # other information
PREREQ_PM => {
'Readonly' => '0', # or a minimum working version
'Class::Std' => '0', # or a minimum working version
'Exception::Class' => '0', # or a minimum working version
'Test::Perl::Critic' => '0', # or a minimum working version
}
);
Thanks! :-)
PREREQUISITES:
Here is a list of prerequisites you specified and versions we
managed to load:
Module Name Have Want
Test::More 0.94 0
version 0.80 0
Perl module toolchain versions installed:
Module Name Have
CPANPLUS 0.9003
CPANPLUS::Dist::Build 0.46
Cwd 3.30
ExtUtils::CBuilder 0.2703
ExtUtils::Command 1.16
ExtUtils::Install 1.54
ExtUtils::MakeMaker 6.56
ExtUtils::Manifest 1.58
ExtUtils::ParseXS 2.2205
File::Spec 3.30
Module::Build 0.3607
Test::Harness 3.21
Test::More 0.94
version 0.80
******************************** NOTE ********************************
The comments above are created mechanically, possibly without manual
checking by the sender. As there are many people performing automatic
tests on each upload to CPAN, it is likely that you will receive
identical messages about the same problem.
If you believe that the message is mistaken, please reply to the first
one with correction and/or additional informations, and do not take
it personally. We appreciate your patience. :)
**********************************************************************
Additional comments:
This report was machine-generated by CPANPLUS::Dist::YACSmoke 0.54.
Powered by minismokebox version 0.26
------------------------------
ENVIRONMENT AND OTHER CONTEXT
------------------------------
Environment variables:
AUTOMATED_TESTING = 1
PATH = /sbin:/bin:/usr/sbin:/usr/bin:/usr/games:/usr/local/sbin:/usr/local/bin:/home/cpan/bin
PERL5LIB = :/usr/home/cpan/pit/bare/conf/perl-5.8.9/.cpanplus/5.8.9/build/Lingua-FR-Ladl-v0.0.4/blib/lib:/usr/home/cpan/pit/bare/conf/perl-5.8.9/.cpanplus/5.8.9/build/Lingua-FR-Ladl-v0.0.4/blib/arch
PERL5_CPANPLUS_IS_RUNNING = 22220
PERL5_CPANPLUS_IS_VERSION = 0.9003
PERL5_MINISMOKEBOX = 0.26
PERL5_YACSMOKE_BASE = /usr/home/cpan/pit/bare/conf/perl-5.8.9/
PERL_EXTUTILS_AUTOINSTALL = --defaultdeps
PERL_MM_USE_DEFAULT = 1
SHELL = /usr/local/bin/bash
TERM = screen
Perl special variables (and OS-specific diagnostics, for MSWin32):
Perl: $^X = /usr/home/cpan/pit/bare/perl-5.8.9/bin/perl
UID: $< = 1003
EUID: $> = 1003
GID: $( = 1003 1003 1003
EGID: $) = 1003 1003 1003
-------------------------------
--
Summary of my perl5 (revision 5 version 8 subversion 9) configuration:
Platform:
osname=freebsd, osvers=7.2-release, archname=i386-freebsd
uname='freebsd wintermute.staffordshire.gov.uk 7.2-release freebsd 7.2-release #0: fri may 1 08:49:13 utc 2009 root@walker.cse.buffalo.edu:usrobjusrsrcsysgeneric i386 '
config_args='-de -Dprefix=/usr/home/cpan/pit/bare/perl-5.8.9'
hint=recommended, useposix=true, d_sigaction=define
usethreads=undef use5005threads=undef useithreads=undef usemultiplicity=undef
useperlio=define d_sfio=undef uselargefiles=define usesocks=undef
use64bitint=undef use64bitall=undef uselongdouble=undef
usemymalloc=n, bincompat5005=undef
Compiler:
cc='cc', ccflags ='-DHAS_FPSETMASK -DHAS_FLOATINGPOINT_H -fno-strict-aliasing -pipe -I/usr/local/include',
optimize='-O',
cppflags='-DHAS_FPSETMASK -DHAS_FLOATINGPOINT_H -fno-strict-aliasing -pipe -I/usr/local/include'
ccversion='', gccversion='4.2.1 20070719 [FreeBSD]', gccosandvers=''
intsize=4, longsize=4, ptrsize=4, doublesize=8, byteorder=1234
d_longlong=define, longlongsize=8, d_longdbl=define, longdblsize=12
ivtype='long', ivsize=4, nvtype='double', nvsize=8, Off_t='off_t', lseeksize=8
alignbytes=4, prototype=define
Linker and Libraries:
ld='cc', ldflags ='-Wl,-E -L/usr/local/lib'
libpth=/usr/lib /usr/local/lib
libs=-lgdbm -lm -lcrypt -lutil -lc
perllibs=-lm -lcrypt -lutil -lc
libc=, so=so, useshrplib=false, libperl=libperl.a
gnulibc_version=''
Dynamic Linking:
dlsrc=dl_dlopen.xs, dlext=so, d_dlsymun=undef, ccdlflags=' '
cccdlflags='-DPIC -fPIC', lddlflags='-shared -L/usr/local/lib'
Characteristics of this binary (from libperl):
Compile-time options: PERL_MALLOC_WRAP USE_FAST_STDIO USE_LARGE_FILES
USE_PERLIO
Built under freebsd
Compiled at Oct 9 2009 23:44:35
%ENV:
PERL5LIB=":/usr/home/cpan/pit/bare/conf/perl-5.8.9/.cpanplus/5.8.9/build/Lingua-FR-Ladl-v0.0.4/blib/lib:/usr/home/cpan/pit/bare/conf/perl-5.8.9/.cpanplus/5.8.9/build/Lingua-FR-Ladl-v0.0.4/blib/arch"
PERL5_CPANPLUS_IS_RUNNING="22220"
PERL5_CPANPLUS_IS_VERSION="0.9003"
PERL5_MINISMOKEBOX="0.26"
PERL5_YACSMOKE_BASE="/usr/home/cpan/pit/bare/conf/perl-5.8.9/"
PERL_EXTUTILS_AUTOINSTALL="--defaultdeps"
PERL_MM_USE_DEFAULT="1"
@INC:
/usr/home/cpan/pit/bare/conf/perl-5.8.9/.cpanplus/5.8.9/build/Lingua-FR-Ladl-v0.0.4/blib/lib
/usr/home/cpan/pit/bare/conf/perl-5.8.9/.cpanplus/5.8.9/build/Lingua-FR-Ladl-v0.0.4/blib/arch
/usr/home/cpan/pit/bare/perl-5.8.9/lib/5.8.9/i386-freebsd
/usr/home/cpan/pit/bare/perl-5.8.9/lib/5.8.9
/usr/home/cpan/pit/bare/perl-5.8.9/lib/site_perl/5.8.9/i386-freebsd
/usr/home/cpan/pit/bare/perl-5.8.9/lib/site_perl/5.8.9
.