Back
From: metabase:user:31d414ea-2aae-11df-837a-5e0a49663a4f
Subject: FAIL Map-Tube-Plugin-FuzzyFind-0.05_01 v5.18.0 GNU/Linux
Date: 2015-03-12T12:38:59Z
This distribution has been tested as part of the CPAN Testers
project, supporting the Perl programming language. See
http://wiki.cpantesters.org/ for more information or email
questions to cpan-testers-discuss@perl.org
--
Dear Gisbert W. Selke,
This is a computer-generated report for Map-Tube-Plugin-FuzzyFind-0.05_01
on perl 5.18.0, created by CPAN-Reporter-1.2010.
Thank you for uploading your work to CPAN. However, there was a problem
testing your distribution.
If you think this report is invalid, please consult the CPAN Testers Wiki
for suggestions on how to avoid getting FAIL reports for missing library
or binary dependencies, unsupported operating systems, and so on:
http://wiki.cpantesters.org/wiki/CPANAuthorNotes
Sections of this report:
* Tester comments
* Program output
* Prerequisites
* Environment and other context
------------------------------
TESTER COMMENTS
------------------------------
Additional comments from tester:
this report is from an automated smoke testing program
and was not reviewed by a human for accuracy
------------------------------
PROGRAM OUTPUT
------------------------------
Output from '/usr/bin/make test':
PERL_DL_NONLAZY=1 /home/david/cpantesting/perl-5.18.0/bin/perl "-MExtUtils::Command::MM" "-e" "test_harness(0, 'blib/lib', 'blib/arch')" t/*.t
# Testing Map::Tube::Plugin::FuzzyFind 0.05_01, Perl 5.018000, /home/david/cpantesting/perl-5.18.0/bin/perl
t/00-load.t .......... ok
t/01-plain.t ......... ok
t/02-start.t ......... ok
t/03-in.t ............ ok
t/04-re.t ............ ok
Text::Soundex will be removed from the Perl core distribution in the next major release. Please install it from CPAN. It is being used at (eval 22), line 2.
Matcher module Text::Soundex not found
5/objects/lines/method/soundex at /home/david/cpantesting/perl-5.18.0/.cpan/build/Map-Tube-Plugin-FuzzyFind-0.05_01-E_4yLP/blib/lib/Map/Tube/Plugin/FuzzyFind.pm line 344.
Map::Tube::Plugin::FuzzyFind::catch {...} ('Can\'t locate Text/Unidecode.pm in @INC (you may need to inst...') called at /home/david/cpantesting/perl-5.18.0/lib/site_perl/5.18.0/Try/Tiny.pm line 104
Try::Tiny::try('CODE(0x1f66b50)', 'Try::Tiny::Catch=REF(0x1616448)') called at /home/david/cpantesting/perl-5.18.0/.cpan/build/Map-Tube-Plugin-FuzzyFind-0.05_01-E_4yLP/blib/lib/Map/Tube/Plugin/FuzzyFind.pm line 345
Map::Tube::Plugin::FuzzyFind::fuzzy_find('Map::Tube::London__WITH__Map::Tube::Plugin::FuzzyFind=HASH(0x...', 'Bakerloo', 'objects', 'lines', 'method', 'soundex') called at t/05-soundex.t line 20
# Looks like you planned 18 tests but ran 1.
# Looks like your test exited with 2 just after 1.
t/05-soundex.t .......
Dubious, test returned 2 (wstat 512, 0x200)
Failed 17/18 subtests
# Text::Metaphone required for this test -- skipping
t/06-metaphone.t ..... ok
t/07-levenshtein.t ... skipped: Text::Levenshtein required for this test
t/08-ngrams.t ........ skipped: String::Trigram required for this test
t/49-args.t .......... ok
t/50-manifest.t ...... skipped: these tests are for authors only!
t/51-meta-json.t ..... skipped: these tests are for authors only!
t/52-meta-yml.t ...... skipped: these tests are for authors only!
t/53-version.t ....... skipped: these tests are for authors only!
t/54-signature.t ..... skipped: these tests are for authors only!
t/60-pod.t ........... skipped: these tests are for authors only!
t/61-pod-coverage.t .. skipped: these tests are for authors only!
t/62-changes.t ....... skipped: these tests are for authors only!
Test Summary Report
-------------------
t/05-soundex.t (Wstat: 512 Tests: 1 Failed: 0)
Non-zero exit status: 2
Parse errors: Bad plan. You planned 18 tests but ran 1.
Files=18, Tests=99, 4 wallclock secs ( 0.06 usr 0.05 sys + 1.14 cusr 0.10 csys = 1.35 CPU)
Result: FAIL
Failed 1/18 test programs. 0/99 subtests failed.
make: *** [test_dynamic] Error 255
------------------------------
PREREQUISITES
------------------------------
Prerequisite modules loaded:
requires:
Module Need Have
------------------- ----- --------
Map::Tube 2.85 2.88
Moo 0 2.000000
Moo::Role 0 2.000000
namespace::clean 0 0.25
perl 5.006 5.018000
Try::Tiny 0 0.22
build_requires:
Module Need Have
------------------- ----- --------
ExtUtils::MakeMaker 0 6.66
Map::Tube::London 0.51 0.69
Test::More 0.82 1.001014
configure_requires:
Module Need Have
------------------- ----- --------
ExtUtils::MakeMaker 6.64 6.66
------------------------------
ENVIRONMENT AND OTHER CONTEXT
------------------------------
Environment variables:
AUTOMATED_TESTING = 1
PATH = /usr/local/bin:/usr/bin:/bin:/usr/games
PERL = 5.18.0
PERL5LIB =
PERL5OPT =
PERL5_CPANPLUS_IS_RUNNING = 1390
PERL5_CPAN_IS_RUNNING = 1390
PERLVER = 5.18.0
PERL_INLINE_DIRECTORY = /home/david/.Inline-5.18.0
PERL_MM_USE_DEFAULT = 1
SHELL = /bin/bash
TERM = screen
Perl special variables (and OS-specific diagnostics, for MSWin32):
$^X = /home/david/cpantesting/perl-5.18.0/bin/perl
$UID/$EUID = 1000 / 1000
$GID = 1000 1000
$EGID = 1000 1000
Perl module toolchain versions installed:
Module Have
------------------- --------
CPAN 2.00
CPAN::Meta 2.150001
Cwd 3.40
ExtUtils::CBuilder 0.280210
ExtUtils::Command 1.17
ExtUtils::Install 1.59
ExtUtils::MakeMaker 6.66
ExtUtils::Manifest 1.63
ExtUtils::ParseXS 3.24
File::Spec 3.40
JSON 2.57
JSON::PP 2.27202
Module::Build 0.4211
Module::Signature n/a
Parse::CPAN::Meta 1.4414
Test::Harness 3.35
Test::More 1.001014
YAML 1.14
YAML::Syck n/a
version 0.9902
--
Summary of my perl5 (revision 5 version 18 subversion 0) configuration:
Platform:
osname=linux, osvers=3.2.0-4-amd64, archname=x86_64-linux-thread-multi
uname='linux pigsty.barnyard.co.uk 3.2.0-4-amd64 #1 smp debian 3.2.35-2 x86_64 gnulinux '
config_args='-de -Dprefix=/home/david/cpantesting/perl-5.18.0 -Dusethreads -Duse64bitall'
hint=recommended, useposix=true, d_sigaction=define
useithreads=define, usemultiplicity=define
useperlio=define, d_sfio=undef, uselargefiles=define, usesocks=undef
use64bitint=define, use64bitall=define, uselongdouble=undef
usemymalloc=n, bincompat5005=undef
Compiler:
cc='cc', ccflags ='-D_REENTRANT -D_GNU_SOURCE -fno-strict-aliasing -pipe -fstack-protector -I/usr/local/include -D_LARGEFILE_SOURCE -D_FILE_OFFSET_BITS=64',
optimize='-O2',
cppflags='-D_REENTRANT -D_GNU_SOURCE -fno-strict-aliasing -pipe -fstack-protector -I/usr/local/include'
ccversion='', gccversion='4.1.2 20061115 (prerelease) (Debian 4.1.1-21)', gccosandvers=''
intsize=4, longsize=8, ptrsize=8, doublesize=8, byteorder=12345678
d_longlong=define, longlongsize=8, d_longdbl=define, longdblsize=16
ivtype='long', ivsize=8, nvtype='double', nvsize=8, Off_t='off_t', lseeksize=8
alignbytes=8, prototype=define
Linker and Libraries:
ld='cc', ldflags =' -fstack-protector -L/usr/local/lib'
libpth=/usr/local/lib /lib /usr/lib /lib64 /usr/lib64
libs=-lnsl -lgdbm -ldb -ldl -lm -lcrypt -lutil -lpthread -lc -lgdbm_compat
perllibs=-lnsl -ldl -lm -lcrypt -lutil -lpthread -lc
libc=/lib/libc-2.3.6.so, so=so, useshrplib=false, libperl=libperl.a
gnulibc_version='2.3.6'
Dynamic Linking:
dlsrc=dl_dlopen.xs, dlext=so, d_dlsymun=undef, ccdlflags='-Wl,-E'
cccdlflags='-fPIC', lddlflags='-shared -O2 -L/usr/local/lib -fstack-protector'
Characteristics of this binary (from libperl):
Compile-time options: HAS_TIMES MULTIPLICITY PERLIO_LAYERS
PERL_DONT_CREATE_GVSV
PERL_HASH_FUNC_ONE_AT_A_TIME_HARD
PERL_IMPLICIT_CONTEXT PERL_MALLOC_WRAP
PERL_PRESERVE_IVUV PERL_SAWAMPERSAND USE_64_BIT_ALL
USE_64_BIT_INT USE_ITHREADS USE_LARGE_FILES
USE_LOCALE USE_LOCALE_COLLATE USE_LOCALE_CTYPE
USE_LOCALE_NUMERIC USE_PERLIO USE_PERL_ATOF
USE_REENTRANT_API
Built under linux
Compiled at May 20 2013 18:28:55
%ENV:
PERL="5.18.0"
PERL5LIB=""
PERL5OPT=""
PERL5_CPANPLUS_IS_RUNNING="1390"
PERL5_CPAN_IS_RUNNING="1390"
PERLVER="5.18.0"
PERL_INLINE_DIRECTORY="/home/david/.Inline-5.18.0"
PERL_MM_USE_DEFAULT="1"
@INC:
/home/david/cpantesting/perl-5.18.0/lib/site_perl/5.18.0/x86_64-linux-thread-multi
/home/david/cpantesting/perl-5.18.0/lib/site_perl/5.18.0
/home/david/cpantesting/perl-5.18.0/lib/5.18.0/x86_64-linux-thread-multi
/home/david/cpantesting/perl-5.18.0/lib/5.18.0
.