Report for ServiceNow-Simple-0.09

Back
From: metabase:user:30ae4450-2aae-11df-837a-5e0a49663a4f
Subject: FAIL ServiceNow-Simple-0.09 v5.25.10 
Date: 2017-04-11T21:07:51Z

This distribution has been tested as part of the CPAN Testers
project, supporting the Perl programming language.  See
http://wiki.cpantesters.org/ for more information or email
questions to cpan-testers-discuss@perl.org


--
Dear Greg George,

This is a computer-generated report for ServiceNow-Simple-0.09
on perl 5.25.10, created by CPAN-Reporter-1.2018.

Thank you for uploading your work to CPAN.  However, there was a problem
testing your distribution.

If you think this report is invalid, please consult the CPAN Testers Wiki
for suggestions on how to avoid getting FAIL reports for missing library
or binary dependencies, unsupported operating systems, and so on:

http://wiki.cpantesters.org/wiki/CPANAuthorNotes

Sections of this report:

    * Tester comments
    * Program output
    * Prerequisites
    * Environment and other context

------------------------------
TESTER COMMENTS
------------------------------

Additional comments from tester:

this report is from an automated smoke testing program
and was not reviewed by a human for accuracy

------------------------------
PROGRAM OUTPUT
------------------------------

Output from 'C:\STRAWB~1\c\bin\dmake.exe test':

"C:\Strawberry2510\perl\bin\perl.exe" "-Iblib\arch" "-Iblib\lib" Config.PL config
"C:\Strawberry2510\perl\bin\perl.exe" "-MExtUtils::Command::MM" "-MTest::Harness" "-e" "undef *Test::Harness::Switches; test_harness(0, 'blib\lib', 'blib\arch')" t/*.t
# Testing ServiceNow::Simple 0.09, Perl 5.025010, C:\Strawberry2510\perl\bin\perl.exe
t/00-load.t .............. ok
Entity: line 25: parser error : Opening and ending tag mismatch: br line 23 and font
        </font>
               ^
Entity: line 28: parser error : Opening and ending tag mismatch: br line 27 and td
      </td>
           ^
Entity: line 29: parser error : Opening and ending tag mismatch: br line 26 and tr
    </tr>
         ^
Entity: line 30: parser error : Opening and ending tag mismatch: br line 22 and tbody
  </tbody>
          ^
Entity: line 31: parser error : Opening and ending tag mismatch: font line 20 and table
</table>
        ^
Entity: line 34: parser error : Opening and ending tag mismatch: td line 19 and body
</body>
       ^
Entity: line 35: parser error : Opening and ending tag mismatch: tr line 18 and html
</html>
       ^
Entity: line 36: parser error : Premature end of data in tag tbody line 17

^
Entity: line 36: parser error : Premature end of data in tag table line 16

^
Entity: line 36: parser error : Premature end of data in tag br line 15

^
Entity: line 36: parser error : Premature end of data in tag br line 14

^
Entity: line 36: parser error : Premature end of data in tag br line 13

^
Entity: line 36: parser error : Premature end of data in tag br line 12

^
Entity: line 36: parser error : Premature end of data in tag br line 11

^
Entity: line 36: parser error : Premature end of data in tag br line 10

^
Entity: line 36: parser error : Premature end of data in tag body line 8

^
Entity: line 36: parser error : Premature end of data in tag html line 3

^
XML::Simple called at C:\STRAWB~1\cpan\build\ServiceNow-Simple-0.09-0\blib\lib/ServiceNow/Simple.pm line 623.
# Looks like your test exited with 255 before it could output anything.
t/01-get.t ............... 
Dubious, test returned 255 (wstat 65280, 0xff00)
Failed 5/5 subtests 
Entity: line 25: parser error : Opening and ending tag mismatch: br line 23 and font
        </font>
               ^
Entity: line 28: parser error : Opening and ending tag mismatch: br line 27 and td
      </td>
           ^
Entity: line 29: parser error : Opening and ending tag mismatch: br line 26 and tr
    </tr>
         ^
Entity: line 30: parser error : Opening and ending tag mismatch: br line 22 and tbody
  </tbody>
          ^
Entity: line 31: parser error : Opening and ending tag mismatch: font line 20 and table
</table>
        ^
Entity: line 34: parser error : Opening and ending tag mismatch: td line 19 and body
</body>
       ^
Entity: line 35: parser error : Opening and ending tag mismatch: tr line 18 and html
</html>
       ^
Entity: line 36: parser error : Premature end of data in tag tbody line 17

^
Entity: line 36: parser error : Premature end of data in tag table line 16

^
Entity: line 36: parser error : Premature end of data in tag br line 15

^
Entity: line 36: parser error : Premature end of data in tag br line 14

^
Entity: line 36: parser error : Premature end of data in tag br line 13

^
Entity: line 36: parser error : Premature end of data in tag br line 12

^
Entity: line 36: parser error : Premature end of data in tag br line 11

^
Entity: line 36: parser error : Premature end of data in tag br line 10

^
Entity: line 36: parser error : Premature end of data in tag body line 8

^
Entity: line 36: parser error : Premature end of data in tag html line 3

^
XML::Simple called at C:\STRAWB~1\cpan\build\ServiceNow-Simple-0.09-0\blib\lib/ServiceNow/Simple.pm line 623.
# Looks like your test exited with 255 before it could output anything.
t/02-get_records.t ....... 
Dubious, test returned 255 (wstat 65280, 0xff00)
Failed 3/3 subtests 
Entity: line 25: parser error : Opening and ending tag mismatch: br line 23 and font
        </font>
               ^
Entity: line 28: parser error : Opening and ending tag mismatch: br line 27 and td
      </td>
           ^
Entity: line 29: parser error : Opening and ending tag mismatch: br line 26 and tr
    </tr>
         ^
Entity: line 30: parser error : Opening and ending tag mismatch: br line 22 and tbody
  </tbody>
          ^
Entity: line 31: parser error : Opening and ending tag mismatch: font line 20 and table
</table>
        ^
Entity: line 34: parser error : Opening and ending tag mismatch: td line 19 and body
</body>
       ^
Entity: line 35: parser error : Opening and ending tag mismatch: tr line 18 and html
</html>
       ^
Entity: line 36: parser error : Premature end of data in tag tbody line 17

^
Entity: line 36: parser error : Premature end of data in tag table line 16

^
Entity: line 36: parser error : Premature end of data in tag br line 15

^
Entity: line 36: parser error : Premature end of data in tag br line 14

^
Entity: line 36: parser error : Premature end of data in tag br line 13

^
Entity: line 36: parser error : Premature end of data in tag br line 12

^
Entity: line 36: parser error : Premature end of data in tag br line 11

^
Entity: line 36: parser error : Premature end of data in tag br line 10

^
Entity: line 36: parser error : Premature end of data in tag body line 8

^
Entity: line 36: parser error : Premature end of data in tag html line 3

^
XML::Simple called at C:\STRAWB~1\cpan\build\ServiceNow-Simple-0.09-0\blib\lib/ServiceNow/Simple.pm line 623.
# Looks like your test exited with 255 before it could output anything.
t/03-update.t ............ 
Dubious, test returned 255 (wstat 65280, 0xff00)
Failed 5/5 subtests 
Entity: line 25: parser error : Opening and ending tag mismatch: br line 23 and font
        </font>
               ^
Entity: line 28: parser error : Opening and ending tag mismatch: br line 27 and td
      </td>
           ^
Entity: line 29: parser error : Opening and ending tag mismatch: br line 26 and tr
    </tr>
         ^
Entity: line 30: parser error : Opening and ending tag mismatch: br line 22 and tbody
  </tbody>
          ^
Entity: line 31: parser error : Opening and ending tag mismatch: font line 20 and table
</table>
        ^
Entity: line 34: parser error : Opening and ending tag mismatch: td line 19 and body
</body>
       ^
Entity: line 35: parser error : Opening and ending tag mismatch: tr line 18 and html
</html>
       ^
Entity: line 36: parser error : Premature end of data in tag tbody line 17

^
Entity: line 36: parser error : Premature end of data in tag table line 16

^
Entity: line 36: parser error : Premature end of data in tag br line 15

^
Entity: line 36: parser error : Premature end of data in tag br line 14

^
Entity: line 36: parser error : Premature end of data in tag br line 13

^
Entity: line 36: parser error : Premature end of data in tag br line 12

^
Entity: line 36: parser error : Premature end of data in tag br line 11

^
Entity: line 36: parser error : Premature end of data in tag br line 10

^
Entity: line 36: parser error : Premature end of data in tag body line 8

^
Entity: line 36: parser error : Premature end of data in tag html line 3

^
XML::Simple called at C:\STRAWB~1\cpan\build\ServiceNow-Simple-0.09-0\blib\lib/ServiceNow/Simple.pm line 623.
# Looks like your test exited with 255 before it could output anything.
t/04-get_instance_url.t .. 
Dubious, test returned 255 (wstat 65280, 0xff00)
Failed 5/5 subtests 
t/manifest.t ............. ok
t/pod-coverage.t ......... ok
t/pod.t .................. ok

Test Summary Report
-------------------
t/01-get.t             (Wstat: 65280 Tests: 0 Failed: 0)
  Non-zero exit status: 255
  Parse errors: Bad plan.  You planned 5 tests but ran 0.
t/02-get_records.t     (Wstat: 65280 Tests: 0 Failed: 0)
  Non-zero exit status: 255
  Parse errors: Bad plan.  You planned 3 tests but ran 0.
t/03-update.t          (Wstat: 65280 Tests: 0 Failed: 0)
  Non-zero exit status: 255
  Parse errors: Bad plan.  You planned 5 tests but ran 0.
t/04-get_instance_url.t (Wstat: 65280 Tests: 0 Failed: 0)
  Non-zero exit status: 255
  Parse errors: Bad plan.  You planned 5 tests but ran 0.
Files=8, Tests=4, 24 wallclock secs ( 0.09 usr +  0.00 sys =  0.09 CPU)
Result: FAIL
Failed 4/8 test programs. 0/4 subtests failed.
dmake.exe:  Error code 255, while making 'test_dynamic'

------------------------------
PREREQUISITES
------------------------------

Prerequisite modules loaded:

requires:

    Module                Need  Have    
    --------------------- ----- --------
    Carp                  0     1.42    
    Crypt::SSLeay         0     0.72    
    File::Basename        0     2.85    
    HTTP::Cookies         0     6.01    
    HTTP::Request::Common 0     6.11    
    IO::Socket::SSL       0     2.047   
    LWP::UserAgent        0     6.21    
    MIME::Base64          0     3.15    
    MIME::Type            0     2.13    
    MIME::Types           0     2.13    
    perl                  5.006 5.025010
    SOAP::Lite            1.06  1.20    
    XML::Simple           0     2.22    

build_requires:

    Module                Need  Have    
    --------------------- ----- --------
    Test::More            0     1.302075

configure_requires:

    Module                Need  Have    
    --------------------- ----- --------
    ExtUtils::MakeMaker   0     7.24    


------------------------------
ENVIRONMENT AND OTHER CONTEXT
------------------------------

Environment variables:

    AUTOMATED_TESTING = 1
    COMSPEC = C:\WINDOWS\system32\cmd.exe
    NUMBER_OF_PROCESSORS = 1
    PATH = C:\WINDOWS\system32;C:\WINDOWS;C:\WINDOWS\System32\Wbem;C:\Git\cmd;C:\Strawberry2510\c\bin;C:\Strawberry2510\perl\site\bin;C:\Strawberry2510\perl\bin
    PERL5LIB = 
    PERL5OPT = 
    PERL5_CPANPLUS_IS_RUNNING = 37908
    PERL5_CPAN_IS_RUNNING = 37908
    PERL5_CPAN_IS_RUNNING_IN_RECURSION = 1584,37908
    PERL_CR_SMOKER_CURRENT = ServiceNow-Simple-0.09
    PERL_CR_SMOKER_RUNONCE = 1
    PERL_EXTUTILS_AUTOINSTALL = --defaultdeps
    PERL_MM_USE_DEFAULT = 1
    PERL_USE_UNSAFE_INC = 1
    PROCESSOR_IDENTIFIER = x86 Family 16 Model 5 Stepping 3, AuthenticAMD
    TEMP = C:\DOCUME~1\a\LOCALS~1\Temp

Perl special variables (and OS-specific diagnostics, for MSWin32):

    $^X = C:\Strawberry2510\perl\bin\perl.exe
    $UID/$EUID = 0 / 0
    $GID = 0
    $EGID = 0
    Win32::GetOSName = WinXP/.Net
    Win32::GetOSVersion = Service Pack 3, 5, 1, 2600, 2, 3, 0, 256, 1
    Win32::FsType = NTFS
    Win32::IsAdminUser = 1

Perl module toolchain versions installed:

    Module              Have      
    ------------------- ----------
    CPAN                2.17      
    CPAN::Meta          2.150010  
    Cwd                 3.66      
    ExtUtils::CBuilder  0.280225  
    ExtUtils::Command   7.24      
    ExtUtils::Install   2.04      
    ExtUtils::MakeMaker 7.24      
    ExtUtils::Manifest  1.70      
    ExtUtils::ParseXS   3.33      
    File::Spec          3.66      
    JSON                2.90      
    JSON::PP            2.27400_02
    Module::Build       0.4220    
    Module::Signature   0.81      
    Parse::CPAN::Meta   2.150010  
    Test::Harness       3.36_01   
    Test::More          1.302075  
    YAML                1.23      
    YAML::Syck          1.29      
    version             0.9917    


--

Summary of my perl5 (revision 5 version 25 subversion 10) configuration:
   
  Platform:
    osname=MSWin32
    osvers=4.0
    archname=MSWin32-x86-multi-thread
    uname='Win32 strawberry-perl 5.25.10.1-beta1 #1 Fri Feb 24 21:36:42 2017 i386'
    config_args='undef'
    hint=recommended
    useposix=true
    d_sigaction=undef
    useithreads=define
    usemultiplicity=define
    use64bitint=undef
    use64bitall=undef
    uselongdouble=undef
    usemymalloc=n
    bincompat5005=undef
  Compiler:
    cc='gcc'
    ccflags =' -s -O2 -DWIN32  -DPERL_TEXTMODE_SCRIPTS -DPERL_IMPLICIT_CONTEXT -DPERL_IMPLICIT_SYS -fwrapv -fno-strict-aliasing -mms-bitfields'
    optimize='-s -O2'
    cppflags='-DWIN32'
    ccversion=''
    gccversion='4.9.2'
    gccosandvers=''
    intsize=4
    longsize=4
    ptrsize=4
    doublesize=8
    byteorder=1234
    doublekind=3
    d_longlong=define
    longlongsize=8
    d_longdbl=define
    longdblsize=12
    longdblkind=3
    ivtype='long'
    ivsize=4
    nvtype='double'
    nvsize=8
    Off_t='long long'
    lseeksize=8
    alignbytes=8
    prototype=define
  Linker and Libraries:
    ld='g++'
    ldflags ='-s -L"C:\STRAWB~1\perl\lib\CORE" -L"C:\STRAWB~1\c\lib"'
    libpth=C:\STRAWB~1\c\lib C:\STRAWB~1\c\i686-w64-mingw32\lib C:\STRAWB~1\c\lib\gcc\i686-w64-mingw32\4.9.2
    libs=-lmoldname -lkernel32 -luser32 -lgdi32 -lwinspool -lcomdlg32 -ladvapi32 -lshell32 -lole32 -loleaut32 -lnetapi32 -luuid -lws2_32 -lmpr -lwinmm -lversion -lodbc32 -lodbccp32 -lcomctl32
    perllibs=-lmoldname -lkernel32 -luser32 -lgdi32 -lwinspool -lcomdlg32 -ladvapi32 -lshell32 -lole32 -loleaut32 -lnetapi32 -luuid -lws2_32 -lmpr -lwinmm -lversion -lodbc32 -lodbccp32 -lcomctl32
    libc=
    so=dll
    useshrplib=true
    libperl=libperl525.a
    gnulibc_version=''
  Dynamic Linking:
    dlsrc=dl_win32.xs
    dlext=xs.dll
    d_dlsymun=undef
    ccdlflags=' '
    cccdlflags=' '
    lddlflags='-mdll -s -L"C:\STRAWB~1\perl\lib\CORE" -L"C:\STRAWB~1\c\lib"'


Characteristics of this binary (from libperl): 
  Compile-time options:
    HAS_TIMES
    HAVE_INTERP_INTERN
    MULTIPLICITY
    PERLIO_LAYERS
    PERL_COPY_ON_WRITE
    PERL_DONT_CREATE_GVSV
    PERL_HASH_FUNC_ONE_AT_A_TIME_HARD
    PERL_IMPLICIT_CONTEXT
    PERL_IMPLICIT_SYS
    PERL_MALLOC_WRAP
    PERL_OP_PARENT
    PERL_PRESERVE_IVUV
    USE_ITHREADS
    USE_LARGE_FILES
    USE_LOCALE
    USE_LOCALE_COLLATE
    USE_LOCALE_CTYPE
    USE_LOCALE_NUMERIC
    USE_LOCALE_TIME
    USE_PERLIO
    USE_PERL_ATOF
  Built under MSWin32
  Compiled at Feb 24 2017 21:45:33
  %ENV:
    PERL5_CPANPLUS_IS_RUNNING="37908"
    PERL5_CPAN_IS_RUNNING="37908"
    PERL5_CPAN_IS_RUNNING_IN_RECURSION="1584,37908"
    PERL_CR_SMOKER_CURRENT="ServiceNow-Simple-0.09"
    PERL_CR_SMOKER_RUNONCE="1"
    PERL_EXTUTILS_AUTOINSTALL="--defaultdeps"
    PERL_MM_USE_DEFAULT="1"
    PERL_USE_UNSAFE_INC="1"
  @INC:
    C:/Strawberry2510/perl/site/lib
    C:/Strawberry2510/perl/vendor/lib
    C:/Strawberry2510/perl/lib
    .