Test-CGI-Multipart vv0.0.3 Perl 5 v5.37.11 x86_64-linux
- Status
- Fail
- From
- Andreas J. König (ANDK)
- Dist
-
Test-CGI-Multipart vv0.0.3
- Platform
- Perl 5 v5.37.11 x86_64-linux
- Date
- 2023-06-12 09:01:45
- ID
- c1e6fe92-08ff-11ee-8ffc-e4a0751703cc
This distribution has been tested as part of the CPAN Testers
project, supporting the Perl programming language. See
http://wiki.cpantesters.org/ for more information or email
questions to cpan-testers-discuss@perl.org
--
Dear Nicholas Bamber,
This is a computer-generated report for Test-CGI-Multipart-v0.0.3
on perl 5.37.11, created by CPAN-Reporter-1.2019.
Thank you for uploading your work to CPAN. However, there was a problem
testing your distribution.
If you think this report is invalid, please consult the CPAN Testers Wiki
for suggestions on how to avoid getting FAIL reports for missing library
or binary dependencies, unsupported operating systems, and so on:
http://wiki.cpantesters.org/wiki/CPANAuthorNotes
Sections of this report:
* Tester comments
* Program output
* Prerequisites
* Environment and other context
------------------------------
TESTER COMMENTS
------------------------------
Additional comments from tester:
this report is from an automated smoke testing program
and was not reviewed by a human for accuracy
------------------------------
PROGRAM OUTPUT
------------------------------
Output from '/usr/bin/make test':
PERL_DL_NONLAZY=1 "/tmp/basesmoker-reloperl-6VI1/bin/perl" "-MExtUtils::Command::MM" "-MTest::Harness" "-e" "undef *Test::Harness::Switches; test_harness(0, 'blib/lib', 'blib/arch')" t/*.t
# Testing Test::CGI::Multipart 0.0.3
t/00.load.t ............ ok
# Testing with CGI
# Testing with CGI::Minimal
# Testing with CGI::Simple
t/01.basic.t ........... ok
# Testing with CGI
# Testing with CGI::Minimal
# Testing with CGI::Simple
t/01.data_structure.t .. ok
CGI::param called in list context from t/02.param.t line 52, this can lead to vulnerabilities. See the warning in "Fetching the value or values of a single named parameter" at /home/sand/src/perl/repoperls/installed-perls/host/k93jammy/v5.37.11/6567/lib/site_perl/5.37.11/CGI.pm line 415.
# Testing with CGI
# Testing with CGI::Minimal
# Testing with CGI::Simple
t/02.param.t ........... ok
CGI::param called in list context from t/03.upload.t line 75, this can lead to vulnerabilities. See the warning in "Fetching the value or values of a single named parameter" at /home/sand/src/perl/repoperls/installed-perls/host/k93jammy/v5.37.11/6567/lib/site_perl/5.37.11/CGI.pm line 415.
# Testing with CGI
# Testing with CGI::Minimal
# Testing with CGI::Simple
t/03.upload.t .......... ok
# Failed test 'files'
# at t/04.multiple.t line 90.
# Structures begin differing at:
# $got->[0]{value} = 'Nah, Nah, Nah,....'
# $expected->[0]{value} = 'Blah, Blah, Blah,....'
CGI::param called in list context from t/04.multiple.t line 86, this can lead to vulnerabilities. See the warning in "Fetching the value or values of a single named parameter" at /home/sand/src/perl/repoperls/installed-perls/host/k93jammy/v5.37.11/6567/lib/site_perl/5.37.11/CGI.pm line 415.
# Testing with CGI
# Testing with CGI::Minimal
# Failed test 'files'
# at t/04.multiple.t line 90.
# Structures begin differing at:
# $got->[0]{value} = 'Nah, Nah, Nah,....'
# $expected->[0]{value} = 'Blah, Blah, Blah,....'
# Looks like you failed 2 tests of 32.
t/04.multiple.t ........
Dubious, test returned 2 (wstat 512, 0x200)
Failed 2/32 subtests
(less 5 skipped subtests: 25 okay)
CGI::param called in list context from t/04.separate.t line 80, this can lead to vulnerabilities. See the warning in "Fetching the value or values of a single named parameter" at /home/sand/src/perl/repoperls/installed-perls/host/k93jammy/v5.37.11/6567/lib/site_perl/5.37.11/CGI.pm line 415.
# Testing with CGI
# Testing with CGI::Minimal
# Testing with CGI::Simple
t/04.separate.t ........ ok
# Failed test 'files'
# at t/05.callbacks.t line 83.
# Structures begin differing at:
# $got->[0]{file} = 'nah_nah.blah'
# $expected->[0]{file} = 'doo_doo.blah'
CGI::param called in list context from t/05.callbacks.t line 79, this can lead to vulnerabilities. See the warning in "Fetching the value or values of a single named parameter" at /home/sand/src/perl/repoperls/installed-perls/host/k93jammy/v5.37.11/6567/lib/site_perl/5.37.11/CGI.pm line 415.
# Testing with CGI
# Testing with CGI::Minimal
# Looks like you failed 1 test of 37.
t/05.callbacks.t .......
Dubious, test returned 1 (wstat 256, 0x100)
Failed 1/37 subtests
(less 6 skipped subtests: 30 okay)
CGI::param called in list context from t/10.text.t line 139, this can lead to vulnerabilities. See the warning in "Fetching the value or values of a single named parameter" at /home/sand/src/perl/repoperls/installed-perls/host/k93jammy/v5.37.11/6567/lib/site_perl/5.37.11/CGI.pm line 415.
# Testing with CGI
# Testing with CGI::Minimal
# Testing with CGI::Simple
t/10.text.t ............ ok
CGI::param called in list context from t/11.reset.t line 44, this can lead to vulnerabilities. See the warning in "Fetching the value or values of a single named parameter" at /home/sand/src/perl/repoperls/installed-perls/host/k93jammy/v5.37.11/6567/lib/site_perl/5.37.11/CGI.pm line 415.
# Testing with CGI
# Testing with CGI::Minimal
# Testing with CGI::Simple
# Testing with CGI
# Testing with CGI::Minimal
# Testing with CGI::Simple
t/11.reset.t ........... ok
CGI::param called in list context from t/20.image.t line 84, this can lead to vulnerabilities. See the warning in "Fetching the value or values of a single named parameter" at /home/sand/src/perl/repoperls/installed-perls/host/k93jammy/v5.37.11/6567/lib/site_perl/5.37.11/CGI.pm line 415.
# Testing with CGI
# Testing with CGI::Minimal
# Testing with CGI::Simple
t/20.image.t ........... ok
t/changes.t ............ skipped: Author test. Set $ENV{TEST_AUTHOR} to a true value to run.
t/manifest.t ........... skipped: Author test. Set $ENV{TEST_AUTHOR} to a true value to run.
t/perlcritic.t ......... skipped: Author test. Set $ENV{TEST_AUTHOR} to a true value to run.
t/pod-coverage.t ....... ok
t/pod.t ................ ok
t/podspell.t ........... skipped: Author test. Set $ENV{TEST_AUTHOR} to a true value to run.
t/prereq.t ............. skipped: Author test. Set $ENV{TEST_PREREQ} to a true value to run.
Test Summary Report
-------------------
t/04.multiple.t (Wstat: 512 (exited 2) Tests: 32 Failed: 2)
Failed tests: 15, 25
Non-zero exit status: 2
t/05.callbacks.t (Wstat: 256 (exited 1) Tests: 37 Failed: 1)
Failed test: 16
Non-zero exit status: 1
Files=18, Tests=288, 3 wallclock secs ( 0.07 usr 0.02 sys + 2.28 cusr 0.50 csys = 2.87 CPU)
Result: FAIL
Failed 2/18 test programs. 3/288 subtests failed.
make: *** [Makefile:868: test_dynamic] Error 255
------------------------------
PREREQUISITES
------------------------------
Prerequisite modules loaded:
requires:
Module Need Have
------------------- ---- --------
autodie 0 2.36
CGI 3.41 4.57
MIME::Entity 0 5.510
Params::Validate 0 1.31
Perl6::Slurp 0 0.051005
Readonly 0 2.05
Test::Exception 0 0.43
Test::More 0 1.302195
UNIVERSAL::require 0 0.19
version 0 0.9929
build_requires:
Module Need Have
------------------- ---- --------
ExtUtils::MakeMaker 0 7.70
configure_requires:
Module Need Have
------------------- ---- --------
Module::Build 0.36 0.4234
opt_requires:
Module Need Have
------------------- ---- --------
GD 0 2.77
Text::Lorem 0 0.34
------------------------------
ENVIRONMENT AND OTHER CONTEXT
------------------------------
Environment variables:
AUTOMATED_TESTING = 1
LANG = en_US.UTF-8
LC_ADDRESS = de_DE.UTF-8
LC_IDENTIFICATION = de_DE.UTF-8
LC_MEASUREMENT = de_DE.UTF-8
LC_MONETARY = de_DE.UTF-8
LC_NAME = de_DE.UTF-8
LC_NUMERIC = de_DE.UTF-8
LC_PAPER = de_DE.UTF-8
LC_TELEPHONE = de_DE.UTF-8
LC_TIME = de_DE.UTF-8
PATH = /home/sand/bin:/usr/local/bin:/usr/local/sbin:/usr/sbin:/usr/bin:/sbin:/bin:/usr/games:/usr/local/games:/snap/bin:/usr/local/perl/bin:/usr/X11/bin
PERL = /tmp/basesmoker-reloperl-6VI1/bin/perl
PERL5LIB = /tmp/loop_over_bdir-203614-TiQ0vo/Devel-Required-0.16-0/blib/arch:/tmp/loop_over_bdir-203614-TiQ0vo/Devel-Required-0.16-0/blib/lib:/tmp/loop_over_bdir-203614-TiQ0vo/NoZone-1.3-0/blib/arch:/tmp/loop_over_bdir-203614-TiQ0vo/NoZone-1.3-0/blib/lib:/tmp/loop_over_bdir-203614-TiQ0vo/DBIx-Migration-Directories-0.12-0/blib/arch:/tmp/loop_over_bdir-203614-TiQ0vo/DBIx-Migration-Directories-0.12-0/blib/lib:/tmp/loop_over_bdir-203614-TiQ0vo/LiquidWeb-Storm-CLI-1.03-0/blib/arch:/tmp/loop_over_bdir-203614-TiQ0vo/LiquidWeb-Storm-CLI-1.03-0/blib/lib:/tmp/loop_over_bdir-203614-TiQ0vo/App-nrun-v1.1.2-0/blib/arch:/tmp/loop_over_bdir-203614-TiQ0vo/App-nrun-v1.1.2-0/blib/lib:/tmp/loop_over_bdir-203614-TiQ0vo/makepp-1.19-0/blib/arch:/tmp/loop_over_bdir-203614-TiQ0vo/makepp-1.19-0/blib/lib:/tmp/loop_over_bdir-203614-TiQ0vo/AllKnowingDNS-1.7-0/blib/arch:/tmp/loop_over_bdir-203614-TiQ0vo/AllKnowingDNS-1.7-0/blib/lib:/tmp/loop_over_bdir-203614-TiQ0vo/dta-tokwrap-0.98-0/blib/arch:/tmp/loop_over_bdir-203614-TiQ0vo/dta-tokwrap-0.98-0/blib/lib:/tmp/loop_over_bdir-203614-TiQ0vo/MP3-PodcastFetch-1.05-0/blib/arch:/tmp/loop_over_bdir-203614-TiQ0vo/MP3-PodcastFetch-1.05-0/blib/lib
PERL5OPT =
PERL5_CPANPLUS_IS_RUNNING = 203667
PERL5_CPAN_IS_RUNNING = 203667
PERL_CANARY_STABILITY_NOPROMPT = 1
PERL_MM_USE_DEFAULT = 1
PERL_USE_UNSAFE_INC = 1
SHELL = /usr/bin/zsh
TERM = screen
Perl special variables (and OS-specific diagnostics, for MSWin32):
$^X = /tmp/basesmoker-reloperl-6VI1/bin/perl
$UID/$EUID = 1005 / 1005
$GID = 1005 1005
$EGID = 1005 1005
Perl module toolchain versions installed:
Module Have
------------------- --------
CPAN 2.36
CPAN::Meta 2.150010
Cwd 3.89
ExtUtils::CBuilder 0.280238
ExtUtils::Command 7.70
ExtUtils::Install 2.22
ExtUtils::MakeMaker 7.70
ExtUtils::Manifest 1.75
ExtUtils::ParseXS 3.50
File::Spec 3.88
JSON 4.10
JSON::PP 4.16
Module::Build 0.4234
Module::Signature 0.88
Parse::CPAN::Meta 2.150010
Test2 1.302195
Test::Harness 3.44
Test::More 1.302195
YAML 1.30
YAML::Syck 1.34
version 0.9929
--
Summary of my perl5 (revision 5 version 37 subversion 11) configuration:
Commit id: f94aafcf7b0649f7058ce2679b1be428d0b1bca8
Platform:
osname=linux
osvers=5.19.0-43-generic
archname=x86_64-linux
uname='linux k93jammy 5.19.0-43-generic #44~22.04.1-ubuntu smp preempt_dynamic mon may 22 13:39:36 utc 2 x86_64 x86_64 x86_64 gnulinux '
config_args='-Dprefix=/home/sand/src/perl/repoperls/installed-perls/host/k93jammy/v5.37.11/6567 -Dmyhostname=k93jammy -Dinstallusrbinperl=n -Uversiononly -Dusedevel -des -Ui_db -Dlibswanted=cl pthread socket inet nsl gdbm dbm malloc dl ld sun m crypt sec util c cposix posix ucb BSD gdbm_compat -Uuseithreads -Uuselongdouble -DEBUGGING=-g'
hint=recommended
useposix=true
d_sigaction=define
useithreads=undef
usemultiplicity=undef
use64bitint=define
use64bitall=define
uselongdouble=undef
usemymalloc=n
default_inc_excludes_dot=define
Compiler:
cc='cc'
ccflags ='-fwrapv -fno-strict-aliasing -pipe -fstack-protector-strong -I/usr/local/include -D_LARGEFILE_SOURCE -D_FILE_OFFSET_BITS=64'
optimize='-O2 -g'
cppflags='-fwrapv -fno-strict-aliasing -pipe -fstack-protector-strong -I/usr/local/include'
ccversion=''
gccversion='11.3.0'
gccosandvers=''
intsize=4
longsize=8
ptrsize=8
doublesize=8
byteorder=12345678
doublekind=3
d_longlong=define
longlongsize=8
d_longdbl=define
longdblsize=16
longdblkind=3
ivtype='long'
ivsize=8
nvtype='double'
nvsize=8
Off_t='off_t'
lseeksize=8
alignbytes=8
prototype=define
Linker and Libraries:
ld='cc'
ldflags =' -fstack-protector-strong -L/usr/local/lib'
libpth=/usr/local/lib /usr/lib/x86_64-linux-gnu /usr/lib /usr/lib64
libs=-lpthread -lnsl -ldl -lm -lcrypt -lutil -lc
perllibs=-lpthread -lnsl -ldl -lm -lcrypt -lutil -lc
libc=/lib/x86_64-linux-gnu/libc.so.6
so=so
useshrplib=false
libperl=libperl.a
gnulibc_version='2.35'
Dynamic Linking:
dlsrc=dl_dlopen.xs
dlext=so
d_dlsymun=undef
ccdlflags='-Wl,-E'
cccdlflags='-fPIC'
lddlflags='-shared -O2 -g -L/usr/local/lib -fstack-protector-strong'
Characteristics of this binary (from libperl):
Compile-time options:
HAS_LONG_DOUBLE
HAS_STRTOLD
HAS_TIMES
PERLIO_LAYERS
PERL_COPY_ON_WRITE
PERL_DONT_CREATE_GVSV
PERL_HASH_FUNC_SIPHASH13
PERL_HASH_USE_SBOX32
PERL_MALLOC_WRAP
PERL_OP_PARENT
PERL_PRESERVE_IVUV
PERL_USE_DEVEL
PERL_USE_SAFE_PUTENV
USE_64_BIT_ALL
USE_64_BIT_INT
USE_LARGE_FILES
USE_LOCALE
USE_LOCALE_COLLATE
USE_LOCALE_CTYPE
USE_LOCALE_NUMERIC
USE_LOCALE_TIME
USE_PERLIO
USE_PERL_ATOF
Built under linux
Compiled at Jun 9 2023 15:08:48
%ENV:
PERL="/tmp/basesmoker-reloperl-6VI1/bin/perl"
PERL5LIB="/tmp/loop_over_bdir-203614-TiQ0vo/Devel-Required-0.16-0/blib/arch:/tmp/loop_over_bdir-203614-TiQ0vo/Devel-Required-0.16-0/blib/lib:/tmp/loop_over_bdir-203614-TiQ0vo/NoZone-1.3-0/blib/arch:/tmp/loop_over_bdir-203614-TiQ0vo/NoZone-1.3-0/blib/lib:/tmp/loop_over_bdir-203614-TiQ0vo/DBIx-Migration-Directories-0.12-0/blib/arch:/tmp/loop_over_bdir-203614-TiQ0vo/DBIx-Migration-Directories-0.12-0/blib/lib:/tmp/loop_over_bdir-203614-TiQ0vo/LiquidWeb-Storm-CLI-1.03-0/blib/arch:/tmp/loop_over_bdir-203614-TiQ0vo/LiquidWeb-Storm-CLI-1.03-0/blib/lib:/tmp/loop_over_bdir-203614-TiQ0vo/App-nrun-v1.1.2-0/blib/arch:/tmp/loop_over_bdir-203614-TiQ0vo/App-nrun-v1.1.2-0/blib/lib:/tmp/loop_over_bdir-203614-TiQ0vo/makepp-1.19-0/blib/arch:/tmp/loop_over_bdir-203614-TiQ0vo/makepp-1.19-0/blib/lib:/tmp/loop_over_bdir-203614-TiQ0vo/AllKnowingDNS-1.7-0/blib/arch:/tmp/loop_over_bdir-203614-TiQ0vo/AllKnowingDNS-1.7-0/blib/lib:/tmp/loop_over_bdir-203614-TiQ0vo/dta-tokwrap-0.98-0/blib/arch:/tmp/loop_over_bdir-203614-TiQ0vo/dta-tokwrap-0.98-0/blib/lib:/tmp/loop_over_bdir-203614-TiQ0vo/MP3-PodcastFetch-1.05-0/blib/arch:/tmp/loop_over_bdir-203614-TiQ0vo/MP3-PodcastFetch-1.05-0/blib/lib"
PERL5OPT=""
PERL5_CPANPLUS_IS_RUNNING="203667"
PERL5_CPAN_IS_RUNNING="203667"
PERL_CANARY_STABILITY_NOPROMPT="1"
PERL_MM_USE_DEFAULT="1"
PERL_USE_UNSAFE_INC="1"
@INC:
/tmp/loop_over_bdir-203614-TiQ0vo/Devel-Required-0.16-0/blib/arch
/tmp/loop_over_bdir-203614-TiQ0vo/Devel-Required-0.16-0/blib/lib
/tmp/loop_over_bdir-203614-TiQ0vo/NoZone-1.3-0/blib/arch
/tmp/loop_over_bdir-203614-TiQ0vo/NoZone-1.3-0/blib/lib
/tmp/loop_over_bdir-203614-TiQ0vo/DBIx-Migration-Directories-0.12-0/blib/arch
/tmp/loop_over_bdir-203614-TiQ0vo/DBIx-Migration-Directories-0.12-0/blib/lib
/tmp/loop_over_bdir-203614-TiQ0vo/LiquidWeb-Storm-CLI-1.03-0/blib/arch
/tmp/loop_over_bdir-203614-TiQ0vo/LiquidWeb-Storm-CLI-1.03-0/blib/lib
/tmp/loop_over_bdir-203614-TiQ0vo/App-nrun-v1.1.2-0/blib/arch
/tmp/loop_over_bdir-203614-TiQ0vo/App-nrun-v1.1.2-0/blib/lib
/tmp/loop_over_bdir-203614-TiQ0vo/makepp-1.19-0/blib/arch
/tmp/loop_over_bdir-203614-TiQ0vo/makepp-1.19-0/blib/lib
/tmp/loop_over_bdir-203614-TiQ0vo/AllKnowingDNS-1.7-0/blib/arch
/tmp/loop_over_bdir-203614-TiQ0vo/AllKnowingDNS-1.7-0/blib/lib
/tmp/loop_over_bdir-203614-TiQ0vo/dta-tokwrap-0.98-0/blib/arch
/tmp/loop_over_bdir-203614-TiQ0vo/dta-tokwrap-0.98-0/blib/lib
/tmp/loop_over_bdir-203614-TiQ0vo/MP3-PodcastFetch-1.05-0/blib/arch
/tmp/loop_over_bdir-203614-TiQ0vo/MP3-PodcastFetch-1.05-0/blib/lib
/home/sand/src/perl/repoperls/installed-perls/host/k93jammy/v5.37.11/6567/lib/site_perl/5.37.11/x86_64-linux
/home/sand/src/perl/repoperls/installed-perls/host/k93jammy/v5.37.11/6567/lib/site_perl/5.37.11
/home/sand/src/perl/repoperls/installed-perls/host/k93jammy/v5.37.11/6567/lib/5.37.11/x86_64-linux
/home/sand/src/perl/repoperls/installed-perls/host/k93jammy/v5.37.11/6567/lib/5.37.11
.