Report for POE-Component-Client-BigBrother-1.00

Back
From: metabase:user:322078bc-2aae-11df-837a-5e0a49663a4f
Subject: FAIL POE-Component-Client-BigBrother-1.00 v5.12.1 FreeBSD
Date: 2010-09-21T20:13:54Z

This distribution has been tested as part of the CPAN Testers
project, supporting the Perl programming language.  See
http://wiki.cpantesters.org/ for more information or email
questions to cpan-testers-discuss@perl.org


--

Dear SAPER,
    
This is a computer-generated error report created automatically by
CPANPLUS, version 0.9007. Testers personal comments may appear 
at the end of this report.


Thank you for uploading your work to CPAN.  However, it appears that
there were some problems testing your distribution.

TEST RESULTS:

Below is the error stack from stage 'make test':

[MSG] [Tue Sep 21 21:13:51 2010] Building POE-Component-Client-BigBrother

[ERROR] [Tue Sep 21 21:13:54 2010] MAKE TEST failed:
# Testing POE::Component::Client::BigBrother 1.00, Perl 5.012001, /usr/home/cpan/pit/rel/perl-5.12.1/bin/perl
t/00-load.t .............. ok
t/01-api.t ............... ok

#   Failed test 'received[0] == results[0]{message}'
#   at t/10-check-by-pocotcp.t line 138.
#          got: 'page+10 front02,domain,net.sync red files not synchronised'
#     expected: 'status front01,domain,net.cpu red load average is 105.45'

t/10-check-by-pocotcp.t .. 
Dubious, test returned 4 (wstat 1024, 0x400)
Failed 4/17 subtests 
#   Failed test 'received[0] == expected[0]'
#   at t/10-check-by-pocotcp.t line 141.
#          got: 'page+10 front02,domain,net.sync red files not synchronised'
#     expected: 'status front01,domain,net.cpu red load average is 105.45'

#   Failed test 'received[1] == results[1]{message}'
#   at t/10-check-by-pocotcp.t line 138.
#          got: 'status front01,domain,net.cpu red load average is 105.45'
#     expected: 'page+10 front02,domain,net.sync red files not synchronised'

#   Failed test 'received[1] == expected[1]'
#   at t/10-check-by-pocotcp.t line 141.
#          got: 'status front01,domain,net.cpu red load average is 105.45'
#     expected: 'page+10 front02,domain,net.sync red files not synchronised'
# Looks like you failed 4 tests of 17.
t/pod-coverage.t ......... skipped: Test::Pod::Coverage 1.08 required for testing POD coverage
t/pod.t .................. skipped: Test::Pod 1.22 required for testing POD

Test Summary Report
-------------------
t/10-check-by-pocotcp.t (Wstat: 1024 Tests: 17 Failed: 4)
  Failed tests:  7-8, 10-11
  Non-zero exit status: 4
Files=5, Tests=20,  3 wallclock secs ( 0.02 usr  0.14 sys +  0.34 cusr  1.00 csys =  1.50 CPU)
Result: FAIL
Failed 1/5 test programs. 4/20 subtests failed.
BEGIN failed--compilation aborted at /usr/home/cpan/pit/rel/perl-5.12.1/bin/cpanp-run-perl line 8.
 
[MSG] [Tue Sep 21 21:13:54 2010] DEFAULT 'proceed_on_test_failure' HANDLER RETURNING 'sub return value'

PREREQUISITES:

Here is a list of prerequisites you specified and versions we 
managed to load:
                                
	  Module Name                        Have     Want
	  POE                               1.293        0
	  Test::More                         0.96        0

Perl module toolchain versions installed:
	Module Name                        Have
	CPANPLUS                         0.9007
	CPANPLUS::Dist::Build              0.48
	Cwd                                3.31
	ExtUtils::CBuilder               0.2703
	ExtUtils::Command                  1.16
	ExtUtils::Install                  1.55
	ExtUtils::MakeMaker                6.56
	ExtUtils::Manifest                 1.58
	ExtUtils::ParseXS                2.2206
	File::Spec                         3.31
	Module::Build                    0.3607
	Test::Harness                      3.22
	Test::More                         0.96
	version                            0.82

******************************** NOTE ********************************
The comments above are created mechanically, possibly without manual
checking by the sender.  As there are many people performing automatic
tests on each upload to CPAN, it is likely that you will receive 
identical messages about the same problem.

If you believe that the message is mistaken, please reply to the first
one with correction and/or additional informations, and do not take
it personally.  We appreciate your patience. :)
**********************************************************************

Additional comments:
 

This report was machine-generated by CPANPLUS::Dist::YACSmoke 0.58.
Powered by minismokebox version 0.30

------------------------------
ENVIRONMENT AND OTHER CONTEXT
------------------------------

Environment variables:

    AUTOMATED_TESTING = 1
    PATH = /sbin:/bin:/usr/sbin:/usr/bin:/usr/games:/usr/local/sbin:/usr/local/bin:/home/cpan/bin
    PERL5LIB = :/usr/home/cpan/pit/rel/conf/perl-5.12.1/.cpanplus/5.12.1/build/IO-Tty-1.08/blib/lib:/usr/home/cpan/pit/rel/conf/perl-5.12.1/.cpanplus/5.12.1/build/IO-Tty-1.08/blib/arch:/usr/home/cpan/pit/rel/conf/perl-5.12.1/.cpanplus/5.12.1/build/POE-Test-Loops-1.035/blib/lib:/usr/home/cpan/pit/rel/conf/perl-5.12.1/.cpanplus/5.12.1/build/POE-Test-Loops-1.035/blib/arch:/usr/home/cpan/pit/rel/conf/perl-5.12.1/.cpanplus/5.12.1/build/POE-1.293/blib/lib:/usr/home/cpan/pit/rel/conf/perl-5.12.1/.cpanplus/5.12.1/build/POE-1.293/blib/arch:/usr/home/cpan/pit/rel/conf/perl-5.12.1/.cpanplus/5.12.1/build/POE-Component-Client-BigBrother-1.00/blib/lib:/usr/home/cpan/pit/rel/conf/perl-5.12.1/.cpanplus/5.12.1/build/POE-Component-Client-BigBrother-1.00/blib/arch
    PERL5_CPANPLUS_IS_RUNNING = 96316
    PERL5_CPANPLUS_IS_VERSION = 0.9007
    PERL5_MINISMOKEBOX = 0.30
    PERL5_YACSMOKE_BASE = /usr/home/cpan/pit/rel/conf/perl-5.12.1
    PERL_EXTUTILS_AUTOINSTALL = --defaultdeps
    PERL_MM_USE_DEFAULT = 1
    SHELL = /usr/local/bin/bash
    TERM = screen

Perl special variables (and OS-specific diagnostics, for MSWin32):

    Perl: $^X = /usr/home/cpan/pit/rel/perl-5.12.1/bin/perl
    UID:  $<  = 1001
    EUID: $>  = 1001
    GID:  $(  = 1001 1001
    EGID: $)  = 1001 1001


-------------------------------


--

Summary of my perl5 (revision 5 version 12 subversion 1) configuration:
   
  Platform:
    osname=freebsd, osvers=8.1-release, archname=i386-freebsd-thread-multi-64int
    uname='freebsd snooze.bingosnet.co.uk 8.1-release freebsd 8.1-release #0: mon jul 19 02:55:53 utc 2010 root@almeida.cse.buffalo.edu:usrobjusrsrcsysgeneric i386 '
    config_args='-des -Dprefix=/usr/home/cpan/pit/rel/perl-5.12.1 -Dusethreads -Duse64bitint'
    hint=recommended, useposix=true, d_sigaction=define
    useithreads=define, usemultiplicity=define
    useperlio=define, d_sfio=undef, uselargefiles=define, usesocks=undef
    use64bitint=define, use64bitall=undef, uselongdouble=undef
    usemymalloc=n, bincompat5005=undef
  Compiler:
    cc='cc', ccflags ='-DHAS_FPSETMASK -DHAS_FLOATINGPOINT_H -fno-strict-aliasing -pipe -fstack-protector -I/usr/local/include',
    optimize='-O',
    cppflags='-DHAS_FPSETMASK -DHAS_FLOATINGPOINT_H -fno-strict-aliasing -pipe -fstack-protector -I/usr/local/include'
    ccversion='', gccversion='4.2.1 20070719  [FreeBSD]', gccosandvers=''
    intsize=4, longsize=4, ptrsize=4, doublesize=8, byteorder=12345678
    d_longlong=define, longlongsize=8, d_longdbl=define, longdblsize=12
    ivtype='long long', ivsize=8, nvtype='double', nvsize=8, Off_t='off_t', lseeksize=8
    alignbytes=4, prototype=define
  Linker and Libraries:
    ld='cc', ldflags ='-pthread -Wl,-E  -fstack-protector -L/usr/local/lib'
    libpth=/usr/lib /usr/local/lib
    libs=-lgdbm -lm -lcrypt
    perllibs=-lm -lcrypt
    libc=, so=so, useshrplib=false, libperl=libperl.a
    gnulibc_version=''
  Dynamic Linking:
    dlsrc=dl_dlopen.xs, dlext=so, d_dlsymun=undef, ccdlflags=' '
    cccdlflags='-DPIC -fPIC', lddlflags='-shared  -L/usr/local/lib -fstack-protector'


Characteristics of this binary (from libperl): 
  Compile-time options: MULTIPLICITY PERL_DONT_CREATE_GVSV
                        PERL_IMPLICIT_CONTEXT PERL_MALLOC_WRAP USE_64_BIT_INT
                        USE_ITHREADS USE_LARGE_FILES USE_PERLIO USE_PERL_ATOF
                        USE_REENTRANT_API
  Built under freebsd
  Compiled at Aug 12 2010 18:18:00
  %ENV:
    PERL5LIB=":/usr/home/cpan/pit/rel/conf/perl-5.12.1/.cpanplus/5.12.1/build/IO-Tty-1.08/blib/lib:/usr/home/cpan/pit/rel/conf/perl-5.12.1/.cpanplus/5.12.1/build/IO-Tty-1.08/blib/arch:/usr/home/cpan/pit/rel/conf/perl-5.12.1/.cpanplus/5.12.1/build/POE-Test-Loops-1.035/blib/lib:/usr/home/cpan/pit/rel/conf/perl-5.12.1/.cpanplus/5.12.1/build/POE-Test-Loops-1.035/blib/arch:/usr/home/cpan/pit/rel/conf/perl-5.12.1/.cpanplus/5.12.1/build/POE-1.293/blib/lib:/usr/home/cpan/pit/rel/conf/perl-5.12.1/.cpanplus/5.12.1/build/POE-1.293/blib/arch:/usr/home/cpan/pit/rel/conf/perl-5.12.1/.cpanplus/5.12.1/build/POE-Component-Client-BigBrother-1.00/blib/lib:/usr/home/cpan/pit/rel/conf/perl-5.12.1/.cpanplus/5.12.1/build/POE-Component-Client-BigBrother-1.00/blib/arch"
    PERL5_CPANPLUS_IS_RUNNING="96316"
    PERL5_CPANPLUS_IS_VERSION="0.9007"
    PERL5_MINISMOKEBOX="0.30"
    PERL5_YACSMOKE_BASE="/usr/home/cpan/pit/rel/conf/perl-5.12.1"
    PERL_EXTUTILS_AUTOINSTALL="--defaultdeps"
    PERL_MM_USE_DEFAULT="1"
  @INC:
    /usr/home/cpan/pit/rel/conf/perl-5.12.1/.cpanplus/5.12.1/build/IO-Tty-1.08/blib/lib
    /usr/home/cpan/pit/rel/conf/perl-5.12.1/.cpanplus/5.12.1/build/IO-Tty-1.08/blib/arch
    /usr/home/cpan/pit/rel/conf/perl-5.12.1/.cpanplus/5.12.1/build/POE-Test-Loops-1.035/blib/lib
    /usr/home/cpan/pit/rel/conf/perl-5.12.1/.cpanplus/5.12.1/build/POE-Test-Loops-1.035/blib/arch
    /usr/home/cpan/pit/rel/conf/perl-5.12.1/.cpanplus/5.12.1/build/POE-1.293/blib/lib
    /usr/home/cpan/pit/rel/conf/perl-5.12.1/.cpanplus/5.12.1/build/POE-1.293/blib/arch
    /usr/home/cpan/pit/rel/conf/perl-5.12.1/.cpanplus/5.12.1/build/POE-Component-Client-BigBrother-1.00/blib/lib
    /usr/home/cpan/pit/rel/conf/perl-5.12.1/.cpanplus/5.12.1/build/POE-Component-Client-BigBrother-1.00/blib/arch
    /usr/home/cpan/pit/rel/perl-5.12.1/lib/site_perl/5.12.1/i386-freebsd-thread-multi-64int
    /usr/home/cpan/pit/rel/perl-5.12.1/lib/site_perl/5.12.1
    /usr/home/cpan/pit/rel/perl-5.12.1/lib/5.12.1/i386-freebsd-thread-multi-64int
    /usr/home/cpan/pit/rel/perl-5.12.1/lib/5.12.1
    .